{"id":29843,"date":"2021-08-10T12:47:46","date_gmt":"2021-08-10T10:47:46","guid":{"rendered":"https:\/\/www.humboldtforum.org\/?post_type=event-bookable&#038;p=29843"},"modified":"2025-05-30T11:01:15","modified_gmt":"2025-05-30T09:01:15","slug":"un-kinderrechte-unsere-rechte","status":"publish","type":"event-bookable","link":"https:\/\/www.humboldtforum.org\/de\/programm\/angebot\/workshop\/un-kinderrechte-unsere-rechte-29843\/","title":{"rendered":"UN-Kinderrechte, unsere Rechte!"},"content":{"rendered":"<section class=\"block block-copy\" >\n    <div class=\"container-fluid\">\n\t\t<div class=\"row \">\n            <div class=\"col-xs-12 col-md-offset-2 col-md-8\">\n                <div class=\"box\">\n                    <div class=\"copy\"><p>Die Sch\u00fcler*innen lernen bei einem Rundgang durch die Ausstellung BERLIN GLOBAL die Bedeutung der Kinderrechtskonvention kennen und h\u00f6ren vielleicht zum ersten Mal von Kinderrechten. Sie erfahren, wie es weltweit mit den Kinderrechten aussieht und dass nicht alle Kinder auf der Welt denselben Alltag leben k\u00f6nnen.<\/p>\n<p>Ausgehend von ihren Ideen und Gedanken zu den zehn Kinderrechten gestalten die Sch\u00fcler*innen im WELTSTUDIO kleine Webst\u00fccke oder Freundschaftsb\u00e4nder, die sie miteinander besprechen, vergleichen und im Anschluss mit nach Hause nehmen k\u00f6nnen.<\/p>\n<\/div>\n                <\/div>\n            <\/div>\n\t\t<\/div>\n\t\t    <\/div>\n<\/section>\n\n<section class=\"block block-teaser col-3 \" style=\"\">\n\t\t\t\t\t\t<div class=\"container-fluid\">\n\t\t\t\t\t\t\t\t\t<div class=\"row\">\n\t\t\t\t\t\t<div class=\"col-xs-12\">\n\t\t\t\t\t\t\t<h3 class=\"h4 topline\">Organisatorische Hinweise<\/h4>\n\t\t\t\t\t\t<\/div>\n\t\t\t\t\t<\/div>\n\t\t\t\t\t\t\t\t<ul class=\"row\">\n\n\t\t\t\t<li class=\"col-xs-12 col-md-4 col-padding-remove teaser-wrapper\">\n\t<div class=\"box\">\n\t\t<div class=\"teaser teaser-info\">\n\t\t\t<div class=\"box teaser-info-box\">\n\t\t\t\t<div>\n\t\t\t\t\t\t\t\t\t\t\t<div class=\"teaser-info-image\">\n\t\t\t\t\t\t\t<img decoding=\"async\" class=\"teaser-inline-svg\" alt=\"Piktogramm Treffpunkt &#038; Uhrzeit\" src=\"https:\/\/www.humboldtforum.org\/wp-content\/uploads\/2021\/06\/Meetingpoint.svg\">\n\t\t\t\t\t\t<\/div>\n\t\t\t\t\t\t\t\t\t\t<div class=\"teaser-header h6\">Treffpunkt &#038; Uhrzeit<\/div>\n\t\t\t\t\t<div class=\"teaser-info-copy Teaser-copy\"><p>Den Treffpunkt f\u00fcr F\u00fchrungen und den Ort f\u00fcr Workshops finden Sie auf Ihrer Buchungsbest\u00e4tigung. Damit die F\u00fchrung p\u00fcnktlich beginnen kann, bitten wir Sie, 15 Minuten vor Programmbeginn im Humboldt Forum einzutreffen. Ber\u00fccksichtigen Sie bitte unbedingt diese zus\u00e4tzliche Viertelstunde bei Ihrer Planung. Vielen Dank!<\/p>\n<\/div>\n\t\t\t\t<\/div>\n\t\t\t\t\n\t\t\t\t\t\t\t<\/div>\n\t\t<\/div>\n\t<\/div>\n<\/li>\t\t\t\t<\/ul>\n\t\t\t<\/div>\n\t\t\t<\/section>\n\n<section class=\"block block-CTA block-CTA-long leftgradient\">\n\t<div class=\"container-fluid\">\n\t\t<div class=\"row center-xs\">\n\t\t\t<div class=\"col-xs-12\">\n\t\t\t\t<div class=\"box\">\n\t\t\t\t\t<a href=\"https:\/\/www.humboldtforum.org\/de\/newsletter-2\/\" aria-label=\"Bleiben Sie auf dem Laufenden!\" class=\"teaser teaser-cta-wide \">\n\t\t\t\t\t\t<div class=\"teaser-image\">\n\t\t\t\t\t\t\t\n\t<lazy-media-inline inline-template>\n\t\t<figure itemscope itemtype=\"http:\/\/schema.org\/ImageObject\" class=\"lazy-media-inline \" role=\"group\" id=\"media_69f06b532b318\" aria-labelledby=\"desc_media_69f06b532b318\">\n\t\t\t<script type=\"application\/json\" ref=\"data\">\n\t\t\t\t{\n\t\t\t\t\"sizes\" : {\"medium\":{\"file\":\"HF_eb00061823-scaled-300x200.jpg\",\"width\":300,\"height\":200,\"mime-type\":\"image\\\/jpeg\",\"filesize\":19186},\"large\":{\"file\":\"HF_eb00061823-scaled-1024x683.jpg\",\"width\":1024,\"height\":683,\"mime-type\":\"image\\\/jpeg\",\"filesize\":138597},\"thumbnail\":{\"file\":\"HF_eb00061823-scaled-150x150.jpg\",\"width\":150,\"height\":150,\"mime-type\":\"image\\\/jpeg\",\"filesize\":8513},\"medium_large\":{\"file\":\"HF_eb00061823-scaled-768x512.jpg\",\"width\":768,\"height\":512,\"mime-type\":\"image\\\/jpeg\",\"filesize\":86200},\"small\":{\"file\":\"HF_eb00061823-scaled-440x293.jpg\",\"width\":440,\"height\":293,\"mime-type\":\"image\\\/jpeg\",\"filesize\":35525},\"semi\":{\"file\":\"HF_eb00061823-scaled-580x387.jpg\",\"width\":580,\"height\":387,\"mime-type\":\"image\\\/jpeg\",\"filesize\":55724},\"mobile\":{\"file\":\"HF_eb00061823-scaled-720x480.jpg\",\"width\":720,\"height\":480,\"mime-type\":\"image\\\/jpeg\",\"filesize\":77971},\"hd\":{\"file\":\"HF_eb00061823-scaled-1280x854.jpg\",\"width\":1280,\"height\":854,\"mime-type\":\"image\\\/jpeg\",\"filesize\":202477},\"full\":{\"file\":\"HF_eb00061823-scaled-1920x1280.jpg\",\"width\":1920,\"height\":1280,\"mime-type\":\"image\\\/jpeg\",\"filesize\":386736},\"1536x1536\":{\"file\":\"HF_eb00061823-scaled-1536x1024.jpg\",\"width\":1536,\"height\":1024,\"mime-type\":\"image\\\/jpeg\",\"filesize\":266197},\"2048x2048\":{\"file\":\"HF_eb00061823-scaled-2048x1366.jpg\",\"width\":2048,\"height\":1366,\"mime-type\":\"image\\\/jpeg\",\"filesize\":430206},\"original\":{\"file\":\"HF_eb00061823-scaled.jpg\",\"width\":2560,\"height\":1707}},\n\t\t\t\t\"alt\" : \"Blick in das beleuchtete Foyer von der Galerie im ersten Stock mit Besuchenden, Infopoint und Medienturm\",\n\t\t\t\t\"path\" : \"\\\/wp-content\\\/uploads\\\/2020\\\/04\\\/\",\n\t\t\t\t\"video\" : null,\n\t\t\t\t\"autoplay\" : null,\n\t\t\t\t\"youtube\" : null,\n\t\t\t\t\"youtubelabel\" : \"Video abspielen\",\n\t\t\t\t\"brightness\" : \"70\",\n\t\t\t\t\"crop\" : {\"top\":\"90.37\",\"left\":\"39.93\"},\n\t\t\t\t\"background\" : true,\n\t\t\t\t\"scale\" : 2\t\t\t\t}\n\t\t\t<\/script>\n\n\t\t\t<div class=\"height-container\" style=\"padding-bottom:66.6796875%;\" v-if=\"sizes\">\n\t\t\t\t\t\t\t\t<lazy-media :inline=\"true\" :alt=\"alt\" :sizes=\"sizes\" :scale=\"scale\" :brightness=\"brightness\" :path=\"path\" :video=\"video\" :autoplay=\"autoplay\" :youtube=\"youtube\" :crop=\"crop\" :youtubelabel=\"youtubelabel\" :background=\"background\" media-id=\"desc_media_69f06b532b318\"><\/lazy-media>\n\t\t\t\t\t\t\t<\/div>\n\n\t\t\t\t\t\t\t<figcaption class=\"sr-only\" ref=\"body\" id=\"desc_media_69f06b532b318\">\n\t\t\t\t\t\t\t\t\t\t\t<div>Blick in das Foyer, November 2019.<\/div>\n\t\t\t\t\t\t\t\t\t\t\t\t\t\t\t\t\t\t\t\t\t<div class=\"insignificant\">\u00a9 Stiftung Humboldt Forum im Berliner Schloss \/ David von Becker<\/div>\n\t\t\t\t\t\t\t\t\t<\/figcaption>\n\t\t\t\t\t<\/figure>\n\t<\/lazy-media-inline>\n\t\t\t\t\t\t<\/div>\n\t\t\t\t\t\t<div class=\"teaser-content \">\n\t\t\t\t\t\t\t<div>\n\t\t\t\t\t\t\t\t\t\t\t\t\t\t\t\t<div class=\"teaser-header\"><span class=\"h3\">Bleiben Sie auf dem Laufenden!<\/span><\/div>\n\t\t\t\t\t\t\t\t<div class=\"teaser-subline\"><span class=\"font-decoration\">Abonnieren Sie unseren Newsletter.<\/span><\/div>\t\t\t\t\t\t\t\t<button tabindex=\"-1\" class=\"border\">Hier klicken<\/button>\n\t\t\t\t\t\t\t<\/div>\n\t\t\t\t\t\t<\/div>\n\t\t\t\t\t<\/a>\n\t\t\t\t<\/div>\n\t\t\t<\/div>\n\t\t<\/div>\n\t<\/div>\n<\/section>\n","protected":false},"template":"","genre":[837],"digital":[],"topic":[],"stakeholder":[400],"editorial":[],"editorialfilter":[],"targetgroup":[1080,1043],"language":[384],"accessability":[430],"age":[],"school":[948,949,950,951,952,953],"groupsize":[1597],"place":[],"class_list":["post-29843","event-bookable","type-event-bookable","status-publish","has-post-thumbnail","hentry","genre-workshop","stakeholder-kulturprojekte-berlin-stadtmuseum-berlin","targetgroup-gruppen","targetgroup-kitas-und-schulen","language-deutsch","accessability-rollstuhlgerecht","school-1-klasse","school-2-klasse","school-3-klasse","school-4-klasse","school-5-klasse","school-6-klasse","groupsize-max-35-personen"],"acf":[],"_links":{"self":[{"href":"https:\/\/www.humboldtforum.org\/de\/wp-json\/wp\/v2\/event-bookable\/29843","targetHints":{"allow":["GET"]}}],"collection":[{"href":"https:\/\/www.humboldtforum.org\/de\/wp-json\/wp\/v2\/event-bookable"}],"about":[{"href":"https:\/\/www.humboldtforum.org\/de\/wp-json\/wp\/v2\/types\/event-bookable"}],"version-history":[{"count":9,"href":"https:\/\/www.humboldtforum.org\/de\/wp-json\/wp\/v2\/event-bookable\/29843\/revisions"}],"predecessor-version":[{"id":147205,"href":"https:\/\/www.humboldtforum.org\/de\/wp-json\/wp\/v2\/event-bookable\/29843\/revisions\/147205"}],"wp:featuredmedia":[{"embeddable":true,"href":"https:\/\/www.humboldtforum.org\/de\/wp-json\/wp\/v2\/media\/30361"}],"wp:attachment":[{"href":"https:\/\/www.humboldtforum.org\/de\/wp-json\/wp\/v2\/media?parent=29843"}],"wp:term":[{"taxonomy":"genre","embeddable":true,"href":"https:\/\/www.humboldtforum.org\/de\/wp-json\/wp\/v2\/genre?post=29843"},{"taxonomy":"digital","embeddable":true,"href":"https:\/\/www.humboldtforum.org\/de\/wp-json\/wp\/v2\/digital?post=29843"},{"taxonomy":"topic","embeddable":true,"href":"https:\/\/www.humboldtforum.org\/de\/wp-json\/wp\/v2\/topic?post=29843"},{"taxonomy":"stakeholder","embeddable":true,"href":"https:\/\/www.humboldtforum.org\/de\/wp-json\/wp\/v2\/stakeholder?post=29843"},{"taxonomy":"editorial","embeddable":true,"href":"https:\/\/www.humboldtforum.org\/de\/wp-json\/wp\/v2\/editorial?post=29843"},{"taxonomy":"editorialfilter","embeddable":true,"href":"https:\/\/www.humboldtforum.org\/de\/wp-json\/wp\/v2\/editorialfilter?post=29843"},{"taxonomy":"targetgroup","embeddable":true,"href":"https:\/\/www.humboldtforum.org\/de\/wp-json\/wp\/v2\/targetgroup?post=29843"},{"taxonomy":"language","embeddable":true,"href":"https:\/\/www.humboldtforum.org\/de\/wp-json\/wp\/v2\/language?post=29843"},{"taxonomy":"accessability","embeddable":true,"href":"https:\/\/www.humboldtforum.org\/de\/wp-json\/wp\/v2\/accessability?post=29843"},{"taxonomy":"age","embeddable":true,"href":"https:\/\/www.humboldtforum.org\/de\/wp-json\/wp\/v2\/age?post=29843"},{"taxonomy":"school","embeddable":true,"href":"https:\/\/www.humboldtforum.org\/de\/wp-json\/wp\/v2\/school?post=29843"},{"taxonomy":"groupsize","embeddable":true,"href":"https:\/\/www.humboldtforum.org\/de\/wp-json\/wp\/v2\/groupsize?post=29843"},{"taxonomy":"place","embeddable":true,"href":"https:\/\/www.humboldtforum.org\/de\/wp-json\/wp\/v2\/place?post=29843"}],"curies":[{"name":"wp","href":"https:\/\/api.w.org\/{rel}","templated":true}]}}

<section class="block block-copy" >
    <div class="container-fluid">
		<div class="row ">
            <div class="col-xs-12 col-md-offset-2 col-md-8">
                <div class="box">
                    <div class="copy"><p>Die Schüler*innen lernen bei einem Rundgang durch die Ausstellung BERLIN GLOBAL die Bedeutung der Kinderrechtskonvention kennen und hören vielleicht zum ersten Mal von Kinderrechten. Sie erfahren, wie es weltweit mit den Kinderrechten aussieht und dass nicht alle Kinder auf der Welt denselben Alltag leben können.</p>
<p>Ausgehend von ihren Ideen und Gedanken zu den zehn Kinderrechten gestalten die Schüler*innen im WELTSTUDIO kleine Webstücke oder Freundschaftsbänder, die sie miteinander besprechen, vergleichen und im Anschluss mit nach Hause nehmen können.</p>
</div>
                </div>
            </div>
		</div>
		    </div>
</section>

<section class="block block-teaser col-3 " style="">
						<div class="container-fluid">
									<div class="row">
						<div class="col-xs-12">
							<h3 class="h4 topline">Organisatorische Hinweise</h4>
						</div>
					</div>
								<ul class="row">

				<li class="col-xs-12 col-md-4 col-padding-remove teaser-wrapper">
	<div class="box">
		<div class="teaser teaser-info">
			<div class="box teaser-info-box">
				<div>
											<div class="teaser-info-image">
							<img decoding="async" class="teaser-inline-svg" alt="Piktogramm Treffpunkt &#038; Uhrzeit" src="https://www.humboldtforum.org/wp-content/uploads/2021/06/Meetingpoint.svg">
						</div>
										<div class="teaser-header h6">Treffpunkt &#038; Uhrzeit</div>
					<div class="teaser-info-copy Teaser-copy"><p>Den Treffpunkt für Führungen und den Ort für Workshops finden Sie auf Ihrer Buchungsbestätigung. Damit die Führung pünktlich beginnen kann, bitten wir Sie, 15 Minuten vor Programmbeginn im Humboldt Forum einzutreffen. Berücksichtigen Sie bitte unbedingt diese zusätzliche Viertelstunde bei Ihrer Planung. Vielen Dank!</p>
</div>
				</div>
				
							</div>
		</div>
	</div>
</li>				</ul>
			</div>
			</section>

<section class="block block-CTA block-CTA-long leftgradient">
	<div class="container-fluid">
		<div class="row center-xs">
			<div class="col-xs-12">
				<div class="box">
					<a href="https://www.humboldtforum.org/de/newsletter-2/" aria-label="Bleiben Sie auf dem Laufenden!" class="teaser teaser-cta-wide ">
						<div class="teaser-image">
							
	<lazy-media-inline inline-template>
		<figure itemscope itemtype="http://schema.org/ImageObject" class="lazy-media-inline " role="group" id="media_69f06b532b318" aria-labelledby="desc_media_69f06b532b318">
			<script type="application/json" ref="data">
				{
				"sizes" : {"medium":{"file":"HF_eb00061823-scaled-300x200.jpg","width":300,"height":200,"mime-type":"image\/jpeg","filesize":19186},"large":{"file":"HF_eb00061823-scaled-1024x683.jpg","width":1024,"height":683,"mime-type":"image\/jpeg","filesize":138597},"thumbnail":{"file":"HF_eb00061823-scaled-150x150.jpg","width":150,"height":150,"mime-type":"image\/jpeg","filesize":8513},"medium_large":{"file":"HF_eb00061823-scaled-768x512.jpg","width":768,"height":512,"mime-type":"image\/jpeg","filesize":86200},"small":{"file":"HF_eb00061823-scaled-440x293.jpg","width":440,"height":293,"mime-type":"image\/jpeg","filesize":35525},"semi":{"file":"HF_eb00061823-scaled-580x387.jpg","width":580,"height":387,"mime-type":"image\/jpeg","filesize":55724},"mobile":{"file":"HF_eb00061823-scaled-720x480.jpg","width":720,"height":480,"mime-type":"image\/jpeg","filesize":77971},"hd":{"file":"HF_eb00061823-scaled-1280x854.jpg","width":1280,"height":854,"mime-type":"image\/jpeg","filesize":202477},"full":{"file":"HF_eb00061823-scaled-1920x1280.jpg","width":1920,"height":1280,"mime-type":"image\/jpeg","filesize":386736},"1536x1536":{"file":"HF_eb00061823-scaled-1536x1024.jpg","width":1536,"height":1024,"mime-type":"image\/jpeg","filesize":266197},"2048x2048":{"file":"HF_eb00061823-scaled-2048x1366.jpg","width":2048,"height":1366,"mime-type":"image\/jpeg","filesize":430206},"original":{"file":"HF_eb00061823-scaled.jpg","width":2560,"height":1707}},
				"alt" : "Blick in das beleuchtete Foyer von der Galerie im ersten Stock mit Besuchenden, Infopoint und Medienturm",
				"path" : "\/wp-content\/uploads\/2020\/04\/",
				"video" : null,
				"autoplay" : null,
				"youtube" : null,
				"youtubelabel" : "Video abspielen",
				"brightness" : "70",
				"crop" : {"top":"90.37","left":"39.93"},
				"background" : true,
				"scale" : 2				}
			</script>

			<div class="height-container" style="padding-bottom:66.6796875%;" v-if="sizes">
								<lazy-media :inline="true" :alt="alt" :sizes="sizes" :scale="scale" :brightness="brightness" :path="path" :video="video" :autoplay="autoplay" :youtube="youtube" :crop="crop" :youtubelabel="youtubelabel" :background="background" media-id="desc_media_69f06b532b318"></lazy-media>
							</div>

							<figcaption class="sr-only" ref="body" id="desc_media_69f06b532b318">
											<div>Blick in das Foyer, November 2019.</div>
																					<div class="insignificant">© Stiftung Humboldt Forum im Berliner Schloss / David von Becker</div>
									</figcaption>
					</figure>
	</lazy-media-inline>
						</div>
						<div class="teaser-content ">
							<div>
																<div class="teaser-header"><span class="h3">Bleiben Sie auf dem Laufenden!</span></div>
								<div class="teaser-subline"><span class="font-decoration">Abonnieren Sie unseren Newsletter.</span></div>								<button tabindex="-1" class="border">Hier klicken</button>
							</div>
						</div>
					</a>
				</div>
			</div>
		</div>
	</div>
</section>
