{"id":85122,"date":"2023-06-05T15:45:04","date_gmt":"2023-06-05T13:45:04","guid":{"rendered":"https:\/\/www.humboldtforum.org\/?post_type=event-bookable&#038;p=85122"},"modified":"2025-10-06T14:13:45","modified_gmt":"2025-10-06T12:13:45","slug":"auf-den-spuren-der-geschichte","status":"publish","type":"event-bookable","link":"https:\/\/www.humboldtforum.org\/de\/programm\/angebot\/fuehrung\/auf-den-spuren-der-geschichte-85122\/","title":{"rendered":"Auf den Spuren der Geschichte"},"content":{"rendered":"<section class=\"block block-copy\" >\n    <div class=\"container-fluid\">\n\t\t<div class=\"row \">\n            <div class=\"col-xs-12 col-md-offset-2 col-md-8\">\n                <div class=\"box\">\n                    <div class=\"copy\"><p>Der Ort, an dem das heutigen Humboldt Forums steht, hat eine lange und wechselvolle Geschichte: Hohenzollernresidenz, Aufmarschplatz, Palast der Republik und gro\u00dfe Wiese \u2013 immer war er inmitten Berlins ein Schauplatz von besonderer politischer Bedeutung und zugleich auch einer des k\u00fcnstlerischen Ausdrucks.<\/p>\n<p>Welche Themen und Objekte erinnern heute noch an die Vergangenheit und die verschiedenen historischen Ereignisse? Und was sagen sie \u00fcber die Geschichte des Ortes aus?<\/p>\n<p>Die \u00dcberblicksf\u00fchrung regt dazu an, \u00fcber Geschichtsbilder und ihre Wirkung in der Gegenwart zu diskutieren. Anhand von ausgew\u00e4hlten Stationen und Objekten bietet sie einen Einblick in die Geschichte des Ortes von der Zeit der Kurf\u00fcrsten, K\u00f6nige und Kaiser bis hin zur Debatte um den Abriss des Palasts der Republik und veranschaulicht die vielf\u00e4ltige Nutzung des Ortes in verschiedenen Zeiten.<\/p>\n<\/div>\n                <\/div>\n            <\/div>\n\t\t<\/div>\n\t\t    <\/div>\n<\/section>\n\n<section class=\"block block-teaser col-2 \" style=\"\">\n\t\t\t\t\t\t<div class=\"container-fluid\">\n\t\t\t\t\t\t\t\t\t<div class=\"row\">\n\t\t\t\t\t\t<div class=\"col-xs-12\">\n\t\t\t\t\t\t\t<h3 class=\"h4 topline\">Organistorische Hinweise<\/h4>\n\t\t\t\t\t\t<\/div>\n\t\t\t\t\t<\/div>\n\t\t\t\t\t\t\t\t<ul class=\"row\">\n\n\t\t\t\t<li class=\"col-xs-12 col-md-6 col-padding-remove teaser-wrapper\">\n\t<div class=\"box\">\n\t\t<div class=\"teaser teaser-info\">\n\t\t\t<div class=\"box teaser-info-box\">\n\t\t\t\t<div>\n\t\t\t\t\t\t\t\t\t\t\t<div class=\"teaser-info-image\">\n\t\t\t\t\t\t\t<img decoding=\"async\" class=\"teaser-inline-svg\" alt=\"Piktogramm Treffpunkt &#038; Uhrzeit\" src=\"https:\/\/www.humboldtforum.org\/wp-content\/uploads\/2021\/06\/Meetingpoint.svg\">\n\t\t\t\t\t\t<\/div>\n\t\t\t\t\t\t\t\t\t\t<div class=\"teaser-header h6\">Treffpunkt &#038; Uhrzeit<\/div>\n\t\t\t\t\t<div class=\"teaser-info-copy Teaser-copy\"><p>Den Treffpunkt f\u00fcr F\u00fchrungen und den Ort f\u00fcr Workshops finden Sie auf Ihrer Buchungsbest\u00e4tigung. Damit die F\u00fchrung p\u00fcnktlich beginnen kann, bitten wir Sie, 15 Minuten vor Programmbeginn im Humboldt Forum einzutreffen. Ber\u00fccksichtigen Sie bitte unbedingt diese zus\u00e4tzliche Viertelstunde bei Ihrer Planung. Vielen Dank!<\/p>\n<\/div>\n\t\t\t\t<\/div>\n\t\t\t\t\n\t\t\t\t\t\t\t<\/div>\n\t\t<\/div>\n\t<\/div>\n<\/li>\t\t\t\t<\/ul>\n\t\t\t<\/div>\n\t\t\t<\/section>","protected":false},"template":"","genre":[821],"digital":[],"topic":[431],"stakeholder":[382],"editorial":[],"editorialfilter":[],"targetgroup":[1080],"language":[384,385,789,1040,790,863,1042,386],"accessability":[921,1038,430],"age":[451],"school":[],"groupsize":[944],"place":[814,531,532,957,435,510,434],"class_list":["post-85122","event-bookable","type-event-bookable","status-publish","has-post-thumbnail","hentry","genre-fuehrung","topic-geschichte-und-architektur-des-ortes","stakeholder-stiftung-humboldt-forum-im-berliner-schloss","targetgroup-gruppen","language-deutsch","language-englisch","language-franzoesisch","language-hebraeisch","language-italienisch","language-polnisch","language-portugiesisch","language-spanisch","accessability-deutsche-gebaerdensprache","accessability-einfache-sprache","accessability-rollstuhlgerecht","age-ab-14-jahre","groupsize-25-personen","place-1-og","place-2-og","place-3-og","place-foyer","place-passage","place-schlueterhof","place-skulpturensaal-eg"],"acf":[],"_links":{"self":[{"href":"https:\/\/www.humboldtforum.org\/de\/wp-json\/wp\/v2\/event-bookable\/85122","targetHints":{"allow":["GET"]}}],"collection":[{"href":"https:\/\/www.humboldtforum.org\/de\/wp-json\/wp\/v2\/event-bookable"}],"about":[{"href":"https:\/\/www.humboldtforum.org\/de\/wp-json\/wp\/v2\/types\/event-bookable"}],"version-history":[{"count":12,"href":"https:\/\/www.humboldtforum.org\/de\/wp-json\/wp\/v2\/event-bookable\/85122\/revisions"}],"predecessor-version":[{"id":85151,"href":"https:\/\/www.humboldtforum.org\/de\/wp-json\/wp\/v2\/event-bookable\/85122\/revisions\/85151"}],"wp:featuredmedia":[{"embeddable":true,"href":"https:\/\/www.humboldtforum.org\/de\/wp-json\/wp\/v2\/media\/41452"}],"wp:attachment":[{"href":"https:\/\/www.humboldtforum.org\/de\/wp-json\/wp\/v2\/media?parent=85122"}],"wp:term":[{"taxonomy":"genre","embeddable":true,"href":"https:\/\/www.humboldtforum.org\/de\/wp-json\/wp\/v2\/genre?post=85122"},{"taxonomy":"digital","embeddable":true,"href":"https:\/\/www.humboldtforum.org\/de\/wp-json\/wp\/v2\/digital?post=85122"},{"taxonomy":"topic","embeddable":true,"href":"https:\/\/www.humboldtforum.org\/de\/wp-json\/wp\/v2\/topic?post=85122"},{"taxonomy":"stakeholder","embeddable":true,"href":"https:\/\/www.humboldtforum.org\/de\/wp-json\/wp\/v2\/stakeholder?post=85122"},{"taxonomy":"editorial","embeddable":true,"href":"https:\/\/www.humboldtforum.org\/de\/wp-json\/wp\/v2\/editorial?post=85122"},{"taxonomy":"editorialfilter","embeddable":true,"href":"https:\/\/www.humboldtforum.org\/de\/wp-json\/wp\/v2\/editorialfilter?post=85122"},{"taxonomy":"targetgroup","embeddable":true,"href":"https:\/\/www.humboldtforum.org\/de\/wp-json\/wp\/v2\/targetgroup?post=85122"},{"taxonomy":"language","embeddable":true,"href":"https:\/\/www.humboldtforum.org\/de\/wp-json\/wp\/v2\/language?post=85122"},{"taxonomy":"accessability","embeddable":true,"href":"https:\/\/www.humboldtforum.org\/de\/wp-json\/wp\/v2\/accessability?post=85122"},{"taxonomy":"age","embeddable":true,"href":"https:\/\/www.humboldtforum.org\/de\/wp-json\/wp\/v2\/age?post=85122"},{"taxonomy":"school","embeddable":true,"href":"https:\/\/www.humboldtforum.org\/de\/wp-json\/wp\/v2\/school?post=85122"},{"taxonomy":"groupsize","embeddable":true,"href":"https:\/\/www.humboldtforum.org\/de\/wp-json\/wp\/v2\/groupsize?post=85122"},{"taxonomy":"place","embeddable":true,"href":"https:\/\/www.humboldtforum.org\/de\/wp-json\/wp\/v2\/place?post=85122"}],"curies":[{"name":"wp","href":"https:\/\/api.w.org\/{rel}","templated":true}]}}

<section class="block block-copy" >
    <div class="container-fluid">
		<div class="row ">
            <div class="col-xs-12 col-md-offset-2 col-md-8">
                <div class="box">
                    <div class="copy"><p>Der Ort, an dem das heutigen Humboldt Forums steht, hat eine lange und wechselvolle Geschichte: Hohenzollernresidenz, Aufmarschplatz, Palast der Republik und große Wiese – immer war er inmitten Berlins ein Schauplatz von besonderer politischer Bedeutung und zugleich auch einer des künstlerischen Ausdrucks.</p>
<p>Welche Themen und Objekte erinnern heute noch an die Vergangenheit und die verschiedenen historischen Ereignisse? Und was sagen sie über die Geschichte des Ortes aus?</p>
<p>Die Überblicksführung regt dazu an, über Geschichtsbilder und ihre Wirkung in der Gegenwart zu diskutieren. Anhand von ausgewählten Stationen und Objekten bietet sie einen Einblick in die Geschichte des Ortes von der Zeit der Kurfürsten, Könige und Kaiser bis hin zur Debatte um den Abriss des Palasts der Republik und veranschaulicht die vielfältige Nutzung des Ortes in verschiedenen Zeiten.</p>
</div>
                </div>
            </div>
		</div>
		    </div>
</section>

<section class="block block-teaser col-2 " style="">
						<div class="container-fluid">
									<div class="row">
						<div class="col-xs-12">
							<h3 class="h4 topline">Organistorische Hinweise</h4>
						</div>
					</div>
								<ul class="row">

				<li class="col-xs-12 col-md-6 col-padding-remove teaser-wrapper">
	<div class="box">
		<div class="teaser teaser-info">
			<div class="box teaser-info-box">
				<div>
											<div class="teaser-info-image">
							<img decoding="async" class="teaser-inline-svg" alt="Piktogramm Treffpunkt &#038; Uhrzeit" src="https://www.humboldtforum.org/wp-content/uploads/2021/06/Meetingpoint.svg">
						</div>
										<div class="teaser-header h6">Treffpunkt &#038; Uhrzeit</div>
					<div class="teaser-info-copy Teaser-copy"><p>Den Treffpunkt für Führungen und den Ort für Workshops finden Sie auf Ihrer Buchungsbestätigung. Damit die Führung pünktlich beginnen kann, bitten wir Sie, 15 Minuten vor Programmbeginn im Humboldt Forum einzutreffen. Berücksichtigen Sie bitte unbedingt diese zusätzliche Viertelstunde bei Ihrer Planung. Vielen Dank!</p>
</div>
				</div>
				
							</div>
		</div>
	</div>
</li>				</ul>
			</div>
			</section>
