{"id":22534,"date":"2021-05-21T11:37:14","date_gmt":"2021-05-21T09:37:14","guid":{"rendered":"https:\/\/www.humboldtforum.org\/?post_type=event-digital&#038;p=22534"},"modified":"2025-02-13T18:25:21","modified_gmt":"2025-02-13T17:25:21","slug":"360-offen-fuer-alle","status":"publish","type":"event-digital","link":"https:\/\/www.humboldtforum.org\/de\/programm\/digitales-angebot\/digital\/360-offen-fuer-alle-22534\/","title":{"rendered":"360\u00b0 \u2013 Offen f\u00fcr Alle"},"content":{"rendered":"<section class=\"block block-copy\" >\n    <div class=\"container-fluid\">\n\t\t<div class=\"row \">\n            <div class=\"col-xs-12 col-md-offset-2 col-md-8\">\n                <div class=\"box\">\n                    <div class=\"copy\"><p>Verschiedene 360\u00b0-Video-Formate schaffen ein besonderes Raumerlebnis und vermitteln einen ersten Eindruck vom Humboldt Forum \u2013 vom Schl\u00fcterhof bis zum Dach mit Blick \u00fcber Berlin. Sie erz\u00e4hlen Geschichten des Ortes und zeigen, was das neue Quartier f\u00fcr Kultur und Wissenschaft ausmacht. Kurator*innen sprechen \u00fcber die Architektur und stellen den Bezug zwischen den Br\u00fcdern Humboldt und dem Geb\u00e4ude her. Videoaufnahmen von einem Drohnenflug durch die Treppenhalle verbinden die Kernthemen des Humboldt Forums miteinander. Der modulare Aufbau erlaubt Ihnen Erweiterungen und Vertiefungen in alle Richtungen.<\/p>\n<\/div>\n                <\/div>\n            <\/div>\n\t\t<\/div>\n\t\t    <\/div>\n<\/section>","protected":false},"template":"","genre":[687],"digital":[778],"topic":[],"stakeholder":[382],"editorial":[],"editorialfilter":[],"targetgroup":[383],"language":[384,385],"accessability":[],"school":[],"class_list":["post-22534","event-digital","type-event-digital","status-publish","has-post-thumbnail","hentry","genre-digital","digital-virtuelle-tour","stakeholder-stiftung-humboldt-forum-im-berliner-schloss","targetgroup-erwachsene","language-deutsch","language-englisch"],"acf":[],"_links":{"self":[{"href":"https:\/\/www.humboldtforum.org\/de\/wp-json\/wp\/v2\/event-digital\/22534","targetHints":{"allow":["GET"]}}],"collection":[{"href":"https:\/\/www.humboldtforum.org\/de\/wp-json\/wp\/v2\/event-digital"}],"about":[{"href":"https:\/\/www.humboldtforum.org\/de\/wp-json\/wp\/v2\/types\/event-digital"}],"version-history":[{"count":1,"href":"https:\/\/www.humboldtforum.org\/de\/wp-json\/wp\/v2\/event-digital\/22534\/revisions"}],"predecessor-version":[{"id":143323,"href":"https:\/\/www.humboldtforum.org\/de\/wp-json\/wp\/v2\/event-digital\/22534\/revisions\/143323"}],"wp:featuredmedia":[{"embeddable":true,"href":"https:\/\/www.humboldtforum.org\/de\/wp-json\/wp\/v2\/media\/19190"}],"wp:attachment":[{"href":"https:\/\/www.humboldtforum.org\/de\/wp-json\/wp\/v2\/media?parent=22534"}],"wp:term":[{"taxonomy":"genre","embeddable":true,"href":"https:\/\/www.humboldtforum.org\/de\/wp-json\/wp\/v2\/genre?post=22534"},{"taxonomy":"digital","embeddable":true,"href":"https:\/\/www.humboldtforum.org\/de\/wp-json\/wp\/v2\/digital?post=22534"},{"taxonomy":"topic","embeddable":true,"href":"https:\/\/www.humboldtforum.org\/de\/wp-json\/wp\/v2\/topic?post=22534"},{"taxonomy":"stakeholder","embeddable":true,"href":"https:\/\/www.humboldtforum.org\/de\/wp-json\/wp\/v2\/stakeholder?post=22534"},{"taxonomy":"editorial","embeddable":true,"href":"https:\/\/www.humboldtforum.org\/de\/wp-json\/wp\/v2\/editorial?post=22534"},{"taxonomy":"editorialfilter","embeddable":true,"href":"https:\/\/www.humboldtforum.org\/de\/wp-json\/wp\/v2\/editorialfilter?post=22534"},{"taxonomy":"targetgroup","embeddable":true,"href":"https:\/\/www.humboldtforum.org\/de\/wp-json\/wp\/v2\/targetgroup?post=22534"},{"taxonomy":"language","embeddable":true,"href":"https:\/\/www.humboldtforum.org\/de\/wp-json\/wp\/v2\/language?post=22534"},{"taxonomy":"accessability","embeddable":true,"href":"https:\/\/www.humboldtforum.org\/de\/wp-json\/wp\/v2\/accessability?post=22534"},{"taxonomy":"school","embeddable":true,"href":"https:\/\/www.humboldtforum.org\/de\/wp-json\/wp\/v2\/school?post=22534"}],"curies":[{"name":"wp","href":"https:\/\/api.w.org\/{rel}","templated":true}]}}

360° – Offen für Alle

<section class="block block-copy" >
    <div class="container-fluid">
		<div class="row ">
            <div class="col-xs-12 col-md-offset-2 col-md-8">
                <div class="box">
                    <div class="copy"><p>Verschiedene 360°-Video-Formate schaffen ein besonderes Raumerlebnis und vermitteln einen ersten Eindruck vom Humboldt Forum – vom Schlüterhof bis zum Dach mit Blick über Berlin. Sie erzählen Geschichten des Ortes und zeigen, was das neue Quartier für Kultur und Wissenschaft ausmacht. Kurator*innen sprechen über die Architektur und stellen den Bezug zwischen den Brüdern Humboldt und dem Gebäude her. Videoaufnahmen von einem Drohnenflug durch die Treppenhalle verbinden die Kernthemen des Humboldt Forums miteinander. Der modulare Aufbau erlaubt Ihnen Erweiterungen und Vertiefungen in alle Richtungen.</p>
</div>
                </div>
            </div>
		</div>
		    </div>
</section>
