{"id":163320,"date":"2026-04-21T15:58:19","date_gmt":"2026-04-21T13:58:19","guid":{"rendered":"https:\/\/www.humboldtforum.org\/?post_type=event-period&#038;p=163320"},"modified":"2026-04-27T11:01:35","modified_gmt":"2026-04-27T09:01:35","slug":"call-for-participation-3","status":"publish","type":"event-period","link":"https:\/\/www.humboldtforum.org\/de\/programm\/laufzeitangebot\/festival\/call-for-participation-3-163320\/","title":{"rendered":"Call for Participation"},"content":{"rendered":"<section class=\"block block-copy\" >\n    <div class=\"container-fluid\">\n\t\t<div class=\"row \">\n            <div class=\"col-xs-12 col-md-offset-2 col-md-8\">\n                <div class=\"box\">\n                    <div class=\"copy\"><p>Im Rahmen der europaweiten Code Week richten die Stiftung Humboldt Forum und der Verbund der \u00d6ffentlichen Bibliotheken Berlins im Herbst 2026 bereits zum f\u00fcnften Mal eine gemeinsame Veranstaltung im Humboldt Forum aus. Am <strong>Samstag, den 10.10.2026<\/strong> wird von 11 bis 18 Uhr ein kostenfreies, \u00f6ffentliches Mitmach-Festival stattfinden, bei dem Besucher*innen aller Altersgruppen an vielen unterschiedlichen Stationen Vermittlungs- und Bildungsangebote zu digitalen Themen entdecken und ausprobieren k\u00f6nnen.<\/p>\n<p>Institutionen, Initiativen und Organisationen sind herzlich eingeladen, sich mit einem Mitmach-Angebot zu beteiligen. Voraussetzung f\u00fcr eine Teilnahme ist ein inhaltlicher Bezug zum diesj\u00e4hrigen Themenschwerpunkt. Unter dem Festivalmotto \u201eRethink, Rebuild, Reshape!\u201c m\u00f6chten wir vor allem eine Auseinandersetzung mit folgenden drei Themenfeldern anregen:<\/p>\n<p><strong>Umwelt und Nachhaltigkeit<\/strong><br \/>\nDigitale Technologien machen unser Leben leichter. Doch digitaler Fortschritt steht oft im Widerspruch zu \u00f6kologischer Verantwortung. Jedes Ger\u00e4t, jede App, Cloud und KI braucht Energie und nat\u00fcrliche Ressourcen: Strom, Wasser, Metalle und seltene Erden, die unter prek\u00e4ren Bedingungen abgebaut werden. Wie k\u00f6nnen wir nachhaltiger mit digitalen Anwendungen und Ger\u00e4ten umgehen? Wie k\u00f6nnen moderne Technologien ihrerseits zu Umweltschutz und Nachhaltigkeit beitragen?<\/p>\n<p><strong>Digitale Verantwortung<\/strong><br \/>\nIn der digitalen Welt ist jeder Klick eine Spur. Digitale Technologien er\u00f6ffnen uns unz\u00e4hlige M\u00f6glichkeiten, doch sie fordern auch verantwortungsvolles und umsichtiges Handeln. Die Nutzung von KI setzt das Bewusstsein \u00fcber ihre Grenzen voraus, \u00fcber Bias und Halluzinationen. Wer teilt, kommentiert oder ver\u00f6ffentlicht, tr\u00e4gt Verantwortung f\u00fcr Inhalt und Tonfall und die Auswirkungen, die daraus entstehen. Wer shoppt, streamt oder googelt macht sich angreifbar f\u00fcr Manipulation und Identit\u00e4tsdiebstahl. Wie k\u00f6nnen wir f\u00fcr diese Herausforderungen sensibilisieren? Wie k\u00f6nnen wir digitale Technologien sicherer machen?<\/p>\n<p><strong>Kolonialismus und Dekolonisierung<\/strong><br \/>\nDas Erbe des Kolonialismus wirkt bis heute fort \u2013 in globalen Machtverh\u00e4ltnissen, wirtschaftlichen Ungleichheiten, kulturellen Bildern und Selbstverst\u00e4ndnissen. \u00dcber Jahrhunderte schufen koloniale Eroberung und Ausbeutung Hierarchien, aus denen moderne Formen des Rassismus entstanden. Koloniale Muster und Vorurteile pr\u00e4gen unser Denken und Handeln mitunter bis heute und fordern das kritische Hinterfragen historischer Bez\u00fcge und Wissensbest\u00e4nde. Wie k\u00f6nnen digitale Technologien bei der Dekolonisierung unterst\u00fctzen? Wie k\u00f6nnen sie helfen, historische Verantwortung anzuerkennen und globale Gerechtigkeit zu f\u00f6rdern?<\/p>\n<p data-renderer-start-pos=\"6716\" data-local-id=\"e4b218d30af9\">Vorschl\u00e4ge f\u00fcr Programmbeitr\u00e4ge k\u00f6nnen bis zum \ud83d\udccc<strong data-renderer-mark=\"true\">31. Mai 2026\u00a0\u00fcber den <a href=\"https:\/\/forms.cloud.microsoft\/pages\/responsepage.aspx?id=6khAs4WTzE6kWbc6txru534_Qi9G8fJJkO9II4gsmXFUN1IxQlI4UEwyWVhUMkpETkpZVUE1SzdGRC4u&amp;route=shorturl\" target=\"_blank\" rel=\"noopener\">Online-Fragebogen<\/a><\/strong> eingereicht werden.<\/p>\n<p data-renderer-start-pos=\"6850\" data-local-id=\"afe6532b5b44\">Wir freuen uns auf eure Beitr\u00e4ge!<\/p>\n<\/div>\n                <\/div>\n            <\/div>\n\t\t<\/div>\n\t\t    <\/div>\n<\/section>\n\n<section class=\"block block-headline block-no-margin \" >\n\t<div class=\"container-fluid\">\n\t\t<div class=\"row\">\n\t\t\t\t\t\t\t<div class=\"col-xs-12 col-md-offset-2 col-md-8\">\n\t\t\t\t\t<div class=\"box\">\n\t\t\t\t\t\t<h2 class=\".h2\">Partner<\/h2>\n\t\t\t\t\t<\/div>\n\t\t\t\t<\/div>\n\t\t\t\t\t<\/div>\n\t<\/div>\n<\/section>\n\n\n\n\n<section class=\"block block-logos\" >\n    <div class=\"container-fluid\">\n\t\t<div class=\"row\">\n\t\t\t<div class=\"col-xs-12 col-sm-8 col-sm-offset-2\">\n\t\t\t\t<div class=\"box\">\n\t\t\t\t\t<div class=\"row  middle-xs\">\n\t\t\t\t\t\t\n\t\t\t\t\t\t<div class=\"col-xs-4 col-sm-3 col-sm-2\">\n\t\t\t\t\t\t\t<div class=\"box margin-sixth-top\">\n\t\t\t\t\t\t\t\t<img decoding=\"async\" alt=\"Verbundes \u00d6ffentlicher Bibliotheken\" src=\"https:\/\/www.humboldtforum.org\/wp-content\/uploads\/2022\/09\/SHF_eb00153003.jpg\" style=\"display: inline-block; width: 100%\" \/>\n\t\t\t\t\t\t\t<\/div>\n\t\t\t\t\t\t<\/div>\n\t\t\t\t\t\t\n\t\t\t\t\t\t<div class=\"col-xs-4 col-sm-3 col-sm-2\">\n\t\t\t\t\t\t\t<div class=\"box margin-sixth-top\">\n\t\t\t\t\t\t\t\t<img decoding=\"async\" alt=\"Codeweek Berlin\" src=\"https:\/\/www.humboldtforum.org\/wp-content\/uploads\/2023\/03\/CW-Berlin-Logo.png\" style=\"display: inline-block; width: 100%\" \/>\n\t\t\t\t\t\t\t<\/div>\n\t\t\t\t\t\t<\/div>\n\t\t\t\t\t\t\t\t\t\t\t<\/div>\n\t\t\t\t<\/div>\n\t\t\t<\/div>\n        <\/div>\n    <\/div>\n<\/section>\n","protected":false},"template":"","genre":[845],"digital":[],"topic":[],"stakeholder":[382],"editorial":[],"editorialfilter":[],"targetgroup":[383,455,454],"language":[384,385],"accessability":[],"age":[],"school":[],"groupsize":[],"place":[404],"class_list":["post-163320","event-period","type-event-period","status-publish","hentry","genre-festival","stakeholder-stiftung-humboldt-forum-im-berliner-schloss","targetgroup-erwachsene","targetgroup-jugendliche","targetgroup-kinder-und-familien","language-deutsch","language-englisch","place-humboldt-forum"],"acf":[],"_links":{"self":[{"href":"https:\/\/www.humboldtforum.org\/de\/wp-json\/wp\/v2\/event-period\/163320","targetHints":{"allow":["GET"]}}],"collection":[{"href":"https:\/\/www.humboldtforum.org\/de\/wp-json\/wp\/v2\/event-period"}],"about":[{"href":"https:\/\/www.humboldtforum.org\/de\/wp-json\/wp\/v2\/types\/event-period"}],"version-history":[{"count":4,"href":"https:\/\/www.humboldtforum.org\/de\/wp-json\/wp\/v2\/event-period\/163320\/revisions"}],"predecessor-version":[{"id":163496,"href":"https:\/\/www.humboldtforum.org\/de\/wp-json\/wp\/v2\/event-period\/163320\/revisions\/163496"}],"wp:attachment":[{"href":"https:\/\/www.humboldtforum.org\/de\/wp-json\/wp\/v2\/media?parent=163320"}],"wp:term":[{"taxonomy":"genre","embeddable":true,"href":"https:\/\/www.humboldtforum.org\/de\/wp-json\/wp\/v2\/genre?post=163320"},{"taxonomy":"digital","embeddable":true,"href":"https:\/\/www.humboldtforum.org\/de\/wp-json\/wp\/v2\/digital?post=163320"},{"taxonomy":"topic","embeddable":true,"href":"https:\/\/www.humboldtforum.org\/de\/wp-json\/wp\/v2\/topic?post=163320"},{"taxonomy":"stakeholder","embeddable":true,"href":"https:\/\/www.humboldtforum.org\/de\/wp-json\/wp\/v2\/stakeholder?post=163320"},{"taxonomy":"editorial","embeddable":true,"href":"https:\/\/www.humboldtforum.org\/de\/wp-json\/wp\/v2\/editorial?post=163320"},{"taxonomy":"editorialfilter","embeddable":true,"href":"https:\/\/www.humboldtforum.org\/de\/wp-json\/wp\/v2\/editorialfilter?post=163320"},{"taxonomy":"targetgroup","embeddable":true,"href":"https:\/\/www.humboldtforum.org\/de\/wp-json\/wp\/v2\/targetgroup?post=163320"},{"taxonomy":"language","embeddable":true,"href":"https:\/\/www.humboldtforum.org\/de\/wp-json\/wp\/v2\/language?post=163320"},{"taxonomy":"accessability","embeddable":true,"href":"https:\/\/www.humboldtforum.org\/de\/wp-json\/wp\/v2\/accessability?post=163320"},{"taxonomy":"age","embeddable":true,"href":"https:\/\/www.humboldtforum.org\/de\/wp-json\/wp\/v2\/age?post=163320"},{"taxonomy":"school","embeddable":true,"href":"https:\/\/www.humboldtforum.org\/de\/wp-json\/wp\/v2\/school?post=163320"},{"taxonomy":"groupsize","embeddable":true,"href":"https:\/\/www.humboldtforum.org\/de\/wp-json\/wp\/v2\/groupsize?post=163320"},{"taxonomy":"place","embeddable":true,"href":"https:\/\/www.humboldtforum.org\/de\/wp-json\/wp\/v2\/place?post=163320"}],"curies":[{"name":"wp","href":"https:\/\/api.w.org\/{rel}","templated":true}]}}

<section class="block block-copy" >
    <div class="container-fluid">
		<div class="row ">
            <div class="col-xs-12 col-md-offset-2 col-md-8">
                <div class="box">
                    <div class="copy"><p>Im Rahmen der europaweiten Code Week richten die Stiftung Humboldt Forum und der Verbund der Öffentlichen Bibliotheken Berlins im Herbst 2026 bereits zum fünften Mal eine gemeinsame Veranstaltung im Humboldt Forum aus. Am <strong>Samstag, den 10.10.2026</strong> wird von 11 bis 18 Uhr ein kostenfreies, öffentliches Mitmach-Festival stattfinden, bei dem Besucher*innen aller Altersgruppen an vielen unterschiedlichen Stationen Vermittlungs- und Bildungsangebote zu digitalen Themen entdecken und ausprobieren können.</p>
<p>Institutionen, Initiativen und Organisationen sind herzlich eingeladen, sich mit einem Mitmach-Angebot zu beteiligen. Voraussetzung für eine Teilnahme ist ein inhaltlicher Bezug zum diesjährigen Themenschwerpunkt. Unter dem Festivalmotto „Rethink, Rebuild, Reshape!“ möchten wir vor allem eine Auseinandersetzung mit folgenden drei Themenfeldern anregen:</p>
<p><strong>Umwelt und Nachhaltigkeit</strong><br />
Digitale Technologien machen unser Leben leichter. Doch digitaler Fortschritt steht oft im Widerspruch zu ökologischer Verantwortung. Jedes Gerät, jede App, Cloud und KI braucht Energie und natürliche Ressourcen: Strom, Wasser, Metalle und seltene Erden, die unter prekären Bedingungen abgebaut werden. Wie können wir nachhaltiger mit digitalen Anwendungen und Geräten umgehen? Wie können moderne Technologien ihrerseits zu Umweltschutz und Nachhaltigkeit beitragen?</p>
<p><strong>Digitale Verantwortung</strong><br />
In der digitalen Welt ist jeder Klick eine Spur. Digitale Technologien eröffnen uns unzählige Möglichkeiten, doch sie fordern auch verantwortungsvolles und umsichtiges Handeln. Die Nutzung von KI setzt das Bewusstsein über ihre Grenzen voraus, über Bias und Halluzinationen. Wer teilt, kommentiert oder veröffentlicht, trägt Verantwortung für Inhalt und Tonfall und die Auswirkungen, die daraus entstehen. Wer shoppt, streamt oder googelt macht sich angreifbar für Manipulation und Identitätsdiebstahl. Wie können wir für diese Herausforderungen sensibilisieren? Wie können wir digitale Technologien sicherer machen?</p>
<p><strong>Kolonialismus und Dekolonisierung</strong><br />
Das Erbe des Kolonialismus wirkt bis heute fort – in globalen Machtverhältnissen, wirtschaftlichen Ungleichheiten, kulturellen Bildern und Selbstverständnissen. Über Jahrhunderte schufen koloniale Eroberung und Ausbeutung Hierarchien, aus denen moderne Formen des Rassismus entstanden. Koloniale Muster und Vorurteile prägen unser Denken und Handeln mitunter bis heute und fordern das kritische Hinterfragen historischer Bezüge und Wissensbestände. Wie können digitale Technologien bei der Dekolonisierung unterstützen? Wie können sie helfen, historische Verantwortung anzuerkennen und globale Gerechtigkeit zu fördern?</p>
<p data-renderer-start-pos="6716" data-local-id="e4b218d30af9">Vorschläge für Programmbeiträge können bis zum 📌<strong data-renderer-mark="true">31. Mai 2026 über den <a href="https://forms.cloud.microsoft/pages/responsepage.aspx?id=6khAs4WTzE6kWbc6txru534_Qi9G8fJJkO9II4gsmXFUN1IxQlI4UEwyWVhUMkpETkpZVUE1SzdGRC4u&amp;route=shorturl" target="_blank" rel="noopener">Online-Fragebogen</a></strong> eingereicht werden.</p>
<p data-renderer-start-pos="6850" data-local-id="afe6532b5b44">Wir freuen uns auf eure Beiträge!</p>
</div>
                </div>
            </div>
		</div>
		    </div>
</section>

<section class="block block-headline block-no-margin " >
	<div class="container-fluid">
		<div class="row">
							<div class="col-xs-12 col-md-offset-2 col-md-8">
					<div class="box">
						<h2 class=".h2">Partner</h2>
					</div>
				</div>
					</div>
	</div>
</section>




<section class="block block-logos" >
    <div class="container-fluid">
		<div class="row">
			<div class="col-xs-12 col-sm-8 col-sm-offset-2">
				<div class="box">
					<div class="row  middle-xs">
						
						<div class="col-xs-4 col-sm-3 col-sm-2">
							<div class="box margin-sixth-top">
								<img decoding="async" alt="Verbundes Öffentlicher Bibliotheken" src="https://www.humboldtforum.org/wp-content/uploads/2022/09/SHF_eb00153003.jpg" style="display: inline-block; width: 100%" />
							</div>
						</div>
						
						<div class="col-xs-4 col-sm-3 col-sm-2">
							<div class="box margin-sixth-top">
								<img decoding="async" alt="Codeweek Berlin" src="https://www.humboldtforum.org/wp-content/uploads/2023/03/CW-Berlin-Logo.png" style="display: inline-block; width: 100%" />
							</div>
						</div>
											</div>
				</div>
			</div>
        </div>
    </div>
</section>
