{"id":166577,"date":"2026-07-15T12:14:45","date_gmt":"2026-07-15T10:14:45","guid":{"rendered":"https:\/\/www.humboldtforum.org\/?post_type=event-period&#038;p=166577"},"modified":"2026-08-17T14:46:03","modified_gmt":"2026-08-17T12:46:03","slug":"agua-kunst-und-kosmologien-des-wassers","status":"publish","type":"event-period","link":"https:\/\/www.humboldtforum.org\/de\/programm\/laufzeitangebot\/ausstellung\/agua-kunst-und-kosmologien-des-wassers-166577\/","title":{"rendered":"Agua.\u00a0Kunst\u00a0und Kosmologien des Wassers"},"content":{"rendered":"<section class=\"block block-copy block-no-margin\" >\n    <div class=\"container-fluid\">\n\t\t<div class=\"row \">\n            <div class=\"col-xs-12 col-md-offset-2 col-md-8\">\n                <div class=\"box\">\n                    <div class=\"copy\"><\/div>\n                <\/div>\n            <\/div>\n\t\t<\/div>\n\t\t    <\/div>\n<\/section>\n\n<section class=\"block block-copy\" >\n    <div class=\"container-fluid\">\n\t\t<div class=\"row \">\n            <div class=\"col-xs-12 col-md-offset-2 col-md-8\">\n                <div class=\"box\">\n                    <div class=\"copy\"><p><strong>Wie pr\u00e4gt Wasser das Zusammenleben von Menschen und Gemeinschaften? Die Ausstellung vereint rund 20 k\u00fcnstlerische Arbeiten aus Brasilien, Kolumbien und Chile und zeigt Wasser als Quelle von Wissen und Spiritualit\u00e4t. Zugleich thematisiert sie aktuelle Konflikte um Umwelt, Ressourcen und gesellschaftliche Teilhabe.<\/strong><\/p>\n<p>Wasser als lebendige, spirituelle und politische Kraft: Die Ausstellung zeigt, wie Indigene und traditionelle Gemeinschaften in S\u00fcdamerika mit Fl\u00fcssen, Meeren und Regenzyklen verbunden sind \u2013 und wie sich in diesen Gew\u00e4ssern Spuren kolonialer Gewaltgeschichten, spiritueller Praktiken, technologischer Eingriffe und Zukunftsentw\u00fcrfe einschreiben und \u00fcberlagern.<\/p>\n<p>Zeitgen\u00f6ssische Arbeiten laden dazu ein, globale \u00f6kologische Herausforderungen aus pluralen Perspektiven neu zu denken \u2013 mit Wasser als verbindender, umk\u00e4mpfter und zukunftstragender Ressource.<\/p>\n<p>Entstanden ist die Ausstellung in Ko-Kreation mit K\u00fcnstler*innen, Kuratorinnen, Indigenen Gruppen und traditionellen Gemeinschaften, basierend auf mehrj\u00e4hriger intensiver Recherche in verschiedenen Regionen Brasiliens, Chiles und Kolumbiens.<\/p>\n<p>&nbsp;<\/p>\n<p><em>Eine Kooperation zwischen der Stiftung Humboldt Forum im Berliner Schloss, dem Ethnologischen Museum \u2013 Staatliche Museen zu Berlin und den Goethe-Instituten in Bogot\u00e1, Rio de Janeiro, Santiago de Chile und S\u00e3o Paulo.<\/em><\/p>\n<\/div>\n                <\/div>\n            <\/div>\n\t\t<\/div>\n\t\t    <\/div>\n<\/section>\n\n<section class=\"block block-CTA block-CTA-long leftgradient\">\n\t<div class=\"container-fluid\">\n\t\t<div class=\"row center-xs\">\n\t\t\t<div class=\"col-xs-12\">\n\t\t\t\t<div class=\"box\">\n\t\t\t\t\t<a href=\"https:\/\/www.humboldtforum.org\/de\/?post_type=event-period&#038;p=166531\" aria-label=\"Mein. Dein. Unser!?\" class=\"teaser teaser-cta-wide \">\n\t\t\t\t\t\t<div class=\"teaser-image\">\n\t\t\t\t\t\t\t\n\t<lazy-media-inline inline-template>\n\t\t<figure itemscope itemtype=\"http:\/\/schema.org\/ImageObject\" class=\"lazy-media-inline \" role=\"group\" id=\"media_6a9901621cf17\" aria-labelledby=\"desc_media_6a9901621cf17\">\n\t\t\t<script type=\"application\/json\" ref=\"data\">\n\t\t\t\t{\n\t\t\t\t\"sizes\" : {\"medium\":{\"file\":\"SHF_eb00265714_1-300x200.jpg\",\"width\":300,\"height\":200,\"mime-type\":\"image\\\/jpeg\",\"filesize\":16735},\"large\":{\"file\":\"SHF_eb00265714_1-1024x683.jpg\",\"width\":1024,\"height\":683,\"mime-type\":\"image\\\/jpeg\",\"filesize\":167232},\"thumbnail\":{\"file\":\"SHF_eb00265714_1-150x150.jpg\",\"width\":150,\"height\":150,\"mime-type\":\"image\\\/jpeg\",\"filesize\":6806},\"medium_large\":{\"file\":\"SHF_eb00265714_1-768x512.jpg\",\"width\":768,\"height\":512,\"mime-type\":\"image\\\/jpeg\",\"filesize\":98884},\"small\":{\"file\":\"SHF_eb00265714_1-440x293.jpg\",\"width\":440,\"height\":293,\"mime-type\":\"image\\\/jpeg\",\"filesize\":33899},\"semi\":{\"file\":\"SHF_eb00265714_1-580x387.jpg\",\"width\":580,\"height\":387,\"mime-type\":\"image\\\/jpeg\",\"filesize\":58312},\"mobile\":{\"file\":\"SHF_eb00265714_1-720x480.jpg\",\"width\":720,\"height\":480,\"mime-type\":\"image\\\/jpeg\",\"filesize\":88059},\"hd\":{\"file\":\"SHF_eb00265714_1-1280x853.jpg\",\"width\":1280,\"height\":853,\"mime-type\":\"image\\\/jpeg\",\"filesize\":245757},\"1536x1536\":{\"file\":\"SHF_eb00265714_1-1536x1024.jpg\",\"width\":1536,\"height\":1024,\"mime-type\":\"image\\\/jpeg\",\"filesize\":332189},\"original\":{\"file\":\"SHF_eb00265714_1.jpg\",\"width\":1800,\"height\":1200}},\n\t\t\t\t\"alt\" : \"Ruhevoller Fluss mit sp Spiegelungen von B\\u00e4umen und B\\u00fcsche im Wasser, unter klarem blauen Himmel.\",\n\t\t\t\t\"path\" : \"\\\/wp-content\\\/uploads\\\/2026\\\/07\\\/\",\n\t\t\t\t\"video\" : null,\n\t\t\t\t\"autoplay\" : null,\n\t\t\t\t\"youtube\" : null,\n\t\t\t\t\"youtubelabel\" : \"Video abspielen\",\n\t\t\t\t\"brightness\" : \"100\",\n\t\t\t\t\"crop\" : {\"top\":\"20.14\",\"left\":\"49.81\"},\n\t\t\t\t\"background\" : true,\n\t\t\t\t\"scale\" : 2\t\t\t\t}\n\t\t\t<\/script>\n\n\t\t\t<div class=\"height-container\" style=\"padding-bottom:66.666666666667%;\" v-if=\"sizes\">\n\t\t\t\t\t\t\t\t<lazy-media :inline=\"true\" :alt=\"alt\" :sizes=\"sizes\" :scale=\"scale\" :brightness=\"brightness\" :path=\"path\" :video=\"video\" :autoplay=\"autoplay\" :youtube=\"youtube\" :crop=\"crop\" :youtubelabel=\"youtubelabel\" :background=\"background\" media-id=\"desc_media_6a9901621cf17\"><\/lazy-media>\n\t\t\t\t\t\t\t<\/div>\n\n\t\t\t\t\t\t\t<figcaption class=\"sr-only\" ref=\"body\" id=\"desc_media_6a9901621cf17\">\n\t\t\t\t\t\t\t\t\t\t\t\t\t\t\t\t<div>Aufnahme des Flusses Valdivia in Chile, Projekt von Gabriela Urrutia <\/div>\n\t\t\t\t\t\t\t\t\t\t\t\t\t\t\t\t<div class=\"insignificant\">\u00a9 Constanza Rutherford<\/div>\n\t\t\t\t\t\t\t\t\t<\/figcaption>\n\t\t\t\t\t<\/figure>\n\t<\/lazy-media-inline>\n\t\t\t\t\t\t<\/div>\n\t\t\t\t\t\t<div class=\"teaser-content \">\n\t\t\t\t\t\t\t<div>\n\t\t\t\t\t\t\t\t<div class=\"teaser-overline subline\">geh\u00f6rt zu<\/div>\t\t\t\t\t\t\t\t<div class=\"teaser-header\"><span class=\"h3\">Mein. Dein. Unser!?<\/span><\/div>\n\t\t\t\t\t\t\t\t\t\t\t\t\t\t\t\t<button tabindex=\"-1\" class=\"border\">Zum Programmschwerpunkt<\/button>\n\t\t\t\t\t\t\t<\/div>\n\t\t\t\t\t\t<\/div>\n\t\t\t\t\t<\/a>\n\t\t\t\t<\/div>\n\t\t\t<\/div>\n\t\t<\/div>\n\t<\/div>\n<\/section>\n","protected":false},"template":"","genre":[391],"digital":[],"topic":[],"stakeholder":[530,382],"editorial":[],"editorialfilter":[],"targetgroup":[],"language":[],"accessability":[],"age":[],"school":[],"groupsize":[],"place":[404,1119],"class_list":["post-166577","event-period","type-event-period","status-publish","hentry","genre-ausstellung","stakeholder-staatliche-museen-zu-berlin","stakeholder-stiftung-humboldt-forum-im-berliner-schloss","place-humboldt-forum","place-sonderausstellung-1-eg"],"acf":[],"_links":{"self":[{"href":"https:\/\/www.humboldtforum.org\/de\/wp-json\/wp\/v2\/event-period\/166577","targetHints":{"allow":["GET"]}}],"collection":[{"href":"https:\/\/www.humboldtforum.org\/de\/wp-json\/wp\/v2\/event-period"}],"about":[{"href":"https:\/\/www.humboldtforum.org\/de\/wp-json\/wp\/v2\/types\/event-period"}],"version-history":[{"count":12,"href":"https:\/\/www.humboldtforum.org\/de\/wp-json\/wp\/v2\/event-period\/166577\/revisions"}],"predecessor-version":[{"id":170093,"href":"https:\/\/www.humboldtforum.org\/de\/wp-json\/wp\/v2\/event-period\/166577\/revisions\/170093"}],"wp:attachment":[{"href":"https:\/\/www.humboldtforum.org\/de\/wp-json\/wp\/v2\/media?parent=166577"}],"wp:term":[{"taxonomy":"genre","embeddable":true,"href":"https:\/\/www.humboldtforum.org\/de\/wp-json\/wp\/v2\/genre?post=166577"},{"taxonomy":"digital","embeddable":true,"href":"https:\/\/www.humboldtforum.org\/de\/wp-json\/wp\/v2\/digital?post=166577"},{"taxonomy":"topic","embeddable":true,"href":"https:\/\/www.humboldtforum.org\/de\/wp-json\/wp\/v2\/topic?post=166577"},{"taxonomy":"stakeholder","embeddable":true,"href":"https:\/\/www.humboldtforum.org\/de\/wp-json\/wp\/v2\/stakeholder?post=166577"},{"taxonomy":"editorial","embeddable":true,"href":"https:\/\/www.humboldtforum.org\/de\/wp-json\/wp\/v2\/editorial?post=166577"},{"taxonomy":"editorialfilter","embeddable":true,"href":"https:\/\/www.humboldtforum.org\/de\/wp-json\/wp\/v2\/editorialfilter?post=166577"},{"taxonomy":"targetgroup","embeddable":true,"href":"https:\/\/www.humboldtforum.org\/de\/wp-json\/wp\/v2\/targetgroup?post=166577"},{"taxonomy":"language","embeddable":true,"href":"https:\/\/www.humboldtforum.org\/de\/wp-json\/wp\/v2\/language?post=166577"},{"taxonomy":"accessability","embeddable":true,"href":"https:\/\/www.humboldtforum.org\/de\/wp-json\/wp\/v2\/accessability?post=166577"},{"taxonomy":"age","embeddable":true,"href":"https:\/\/www.humboldtforum.org\/de\/wp-json\/wp\/v2\/age?post=166577"},{"taxonomy":"school","embeddable":true,"href":"https:\/\/www.humboldtforum.org\/de\/wp-json\/wp\/v2\/school?post=166577"},{"taxonomy":"groupsize","embeddable":true,"href":"https:\/\/www.humboldtforum.org\/de\/wp-json\/wp\/v2\/groupsize?post=166577"},{"taxonomy":"place","embeddable":true,"href":"https:\/\/www.humboldtforum.org\/de\/wp-json\/wp\/v2\/place?post=166577"}],"curies":[{"name":"wp","href":"https:\/\/api.w.org\/{rel}","templated":true}]}}

<section class="block block-copy block-no-margin" >
    <div class="container-fluid">
		<div class="row ">
            <div class="col-xs-12 col-md-offset-2 col-md-8">
                <div class="box">
                    <div class="copy"></div>
                </div>
            </div>
		</div>
		    </div>
</section>

<section class="block block-copy" >
    <div class="container-fluid">
		<div class="row ">
            <div class="col-xs-12 col-md-offset-2 col-md-8">
                <div class="box">
                    <div class="copy"><p><strong>Wie prägt Wasser das Zusammenleben von Menschen und Gemeinschaften? Die Ausstellung vereint rund 20 künstlerische Arbeiten aus Brasilien, Kolumbien und Chile und zeigt Wasser als Quelle von Wissen und Spiritualität. Zugleich thematisiert sie aktuelle Konflikte um Umwelt, Ressourcen und gesellschaftliche Teilhabe.</strong></p>
<p>Wasser als lebendige, spirituelle und politische Kraft: Die Ausstellung zeigt, wie Indigene und traditionelle Gemeinschaften in Südamerika mit Flüssen, Meeren und Regenzyklen verbunden sind – und wie sich in diesen Gewässern Spuren kolonialer Gewaltgeschichten, spiritueller Praktiken, technologischer Eingriffe und Zukunftsentwürfe einschreiben und überlagern.</p>
<p>Zeitgenössische Arbeiten laden dazu ein, globale ökologische Herausforderungen aus pluralen Perspektiven neu zu denken – mit Wasser als verbindender, umkämpfter und zukunftstragender Ressource.</p>
<p>Entstanden ist die Ausstellung in Ko-Kreation mit Künstler*innen, Kuratorinnen, Indigenen Gruppen und traditionellen Gemeinschaften, basierend auf mehrjähriger intensiver Recherche in verschiedenen Regionen Brasiliens, Chiles und Kolumbiens.</p>
<p>&nbsp;</p>
<p><em>Eine Kooperation zwischen der Stiftung Humboldt Forum im Berliner Schloss, dem Ethnologischen Museum – Staatliche Museen zu Berlin und den Goethe-Instituten in Bogotá, Rio de Janeiro, Santiago de Chile und São Paulo.</em></p>
</div>
                </div>
            </div>
		</div>
		    </div>
</section>

<section class="block block-CTA block-CTA-long leftgradient">
	<div class="container-fluid">
		<div class="row center-xs">
			<div class="col-xs-12">
				<div class="box">
					<a href="https://www.humboldtforum.org/de/?post_type=event-period&#038;p=166531" aria-label="Mein. Dein. Unser!?" class="teaser teaser-cta-wide ">
						<div class="teaser-image">
							
	<lazy-media-inline inline-template>
		<figure itemscope itemtype="http://schema.org/ImageObject" class="lazy-media-inline " role="group" id="media_6a9901621cf17" aria-labelledby="desc_media_6a9901621cf17">
			<script type="application/json" ref="data">
				{
				"sizes" : {"medium":{"file":"SHF_eb00265714_1-300x200.jpg","width":300,"height":200,"mime-type":"image\/jpeg","filesize":16735},"large":{"file":"SHF_eb00265714_1-1024x683.jpg","width":1024,"height":683,"mime-type":"image\/jpeg","filesize":167232},"thumbnail":{"file":"SHF_eb00265714_1-150x150.jpg","width":150,"height":150,"mime-type":"image\/jpeg","filesize":6806},"medium_large":{"file":"SHF_eb00265714_1-768x512.jpg","width":768,"height":512,"mime-type":"image\/jpeg","filesize":98884},"small":{"file":"SHF_eb00265714_1-440x293.jpg","width":440,"height":293,"mime-type":"image\/jpeg","filesize":33899},"semi":{"file":"SHF_eb00265714_1-580x387.jpg","width":580,"height":387,"mime-type":"image\/jpeg","filesize":58312},"mobile":{"file":"SHF_eb00265714_1-720x480.jpg","width":720,"height":480,"mime-type":"image\/jpeg","filesize":88059},"hd":{"file":"SHF_eb00265714_1-1280x853.jpg","width":1280,"height":853,"mime-type":"image\/jpeg","filesize":245757},"1536x1536":{"file":"SHF_eb00265714_1-1536x1024.jpg","width":1536,"height":1024,"mime-type":"image\/jpeg","filesize":332189},"original":{"file":"SHF_eb00265714_1.jpg","width":1800,"height":1200}},
				"alt" : "Ruhevoller Fluss mit sp Spiegelungen von B\u00e4umen und B\u00fcsche im Wasser, unter klarem blauen Himmel.",
				"path" : "\/wp-content\/uploads\/2026\/07\/",
				"video" : null,
				"autoplay" : null,
				"youtube" : null,
				"youtubelabel" : "Video abspielen",
				"brightness" : "100",
				"crop" : {"top":"20.14","left":"49.81"},
				"background" : true,
				"scale" : 2				}
			</script>

			<div class="height-container" style="padding-bottom:66.666666666667%;" v-if="sizes">
								<lazy-media :inline="true" :alt="alt" :sizes="sizes" :scale="scale" :brightness="brightness" :path="path" :video="video" :autoplay="autoplay" :youtube="youtube" :crop="crop" :youtubelabel="youtubelabel" :background="background" media-id="desc_media_6a9901621cf17"></lazy-media>
							</div>

							<figcaption class="sr-only" ref="body" id="desc_media_6a9901621cf17">
																<div>Aufnahme des Flusses Valdivia in Chile, Projekt von Gabriela Urrutia </div>
																<div class="insignificant">© Constanza Rutherford</div>
									</figcaption>
					</figure>
	</lazy-media-inline>
						</div>
						<div class="teaser-content ">
							<div>
								<div class="teaser-overline subline">gehört zu</div>								<div class="teaser-header"><span class="h3">Mein. Dein. Unser!?</span></div>
																<button tabindex="-1" class="border">Zum Programmschwerpunkt</button>
							</div>
						</div>
					</a>
				</div>
			</div>
		</div>
	</div>
</section>
