{"id":166590,"date":"2026-07-15T12:16:35","date_gmt":"2026-07-15T10:16:35","guid":{"rendered":"https:\/\/www.humboldtforum.org\/?post_type=event-period&#038;p=166590"},"modified":"2026-08-14T15:01:19","modified_gmt":"2026-08-14T13:01:19","slug":"auf-den-spuren-von-shiva-zwischen-berlin-und-kathmandu","status":"publish","type":"event-period","link":"https:\/\/www.humboldtforum.org\/de\/programm\/laufzeitangebot\/ausstellung\/auf-den-spuren-von-shiva-zwischen-berlin-und-kathmandu-166590\/","title":{"rendered":"Auf den Spuren von Shiva. Zwischen Berlin und Kathmandu"},"content":{"rendered":"<section class=\"block block-copy block-no-margin\" >\n    <div class=\"container-fluid\">\n\t\t<div class=\"row \">\n            <div class=\"col-xs-12 col-md-offset-2 col-md-8\">\n                <div class=\"box\">\n                    <div class=\"copy\"><\/div>\n                <\/div>\n            <\/div>\n\t\t<\/div>\n\t\t    <\/div>\n<\/section>\n\n<section class=\"block block-copy block-no-margin\" >\n    <div class=\"container-fluid\">\n\t\t<div class=\"row \">\n            <div class=\"col-xs-12 col-md-offset-2 col-md-8\">\n                <div class=\"box\">\n                    <div class=\"copy\"><p><span class=\"anleser\"><strong>Wie ver\u00e4ndert sich die Bedeutung eines sakralen Objekts, wenn es jenseits seines kulturellen und religi\u00f6sen Kontextes Teil einer Museumssammlung wird?<\/strong><\/span><\/p>\n<p>Das Film- und Forschungsprojekt des visuellen Anthropologen Deepak Tolange, das im Rahmen des Projekts \u201eDas Kollaborative Museum\u201c umgesetzt wurde, widmet sich der Bedeutung und Geschichte des kupfervergoldeten chaturmurkha Shiva Linga kosh in den Sammlungen des Museums f\u00fcr Asiatische Kunst.<\/p>\n<p>Als Zusammenspiel historischer Materialien und dokumentarischer Filmaufnahmen zur aktuellen religi\u00f6sen Praxis und Verehrung des Gottes Shiva setzt sich die Pr\u00e4sentation der Shiva Linga mit Fragen des Kulturg\u00fcterverlusts Nepals auseinander und beleuchtet die spirituelle Bedeutung sakraler Objekte f\u00fcr hinduistische Gemeinschaften.<\/p>\n<p>In Berlin setzt Deepak Tolange seine Recherchen gemeinsam mit dem Museumsteam fort und fragt nach der Geschichte des Shiva Linga kosh als Teil musealer Sammlungen.<\/p>\n<section class=\"block block-button\">\n<div class=\"container-fluid\">\n<div class=\"row\">\n<div class=\"col-xs-12 col-md-offset-2 col-md-8\"><\/div>\n<\/div>\n<\/div>\n<\/section>\n<\/div>\n                <\/div>\n            <\/div>\n\t\t<\/div>\n\t\t    <\/div>\n<\/section>\n\n<section class=\"block block-CTA block-CTA-long leftgradient\">\n\t<div class=\"container-fluid\">\n\t\t<div class=\"row center-xs\">\n\t\t\t<div class=\"col-xs-12\">\n\t\t\t\t<div class=\"box\">\n\t\t\t\t\t<a href=\"https:\/\/www.humboldtforum.org\/de\/?post_type=event-period&#038;p=166531\" aria-label=\"Mein. Dein. Unser!?\" class=\"teaser teaser-cta-wide \">\n\t\t\t\t\t\t<div class=\"teaser-image\">\n\t\t\t\t\t\t\t\n\t<lazy-media-inline inline-template>\n\t\t<figure itemscope itemtype=\"http:\/\/schema.org\/ImageObject\" class=\"lazy-media-inline \" role=\"group\" id=\"media_6a99016525688\" aria-labelledby=\"desc_media_6a99016525688\">\n\t\t\t<script type=\"application\/json\" ref=\"data\">\n\t\t\t\t{\n\t\t\t\t\"sizes\" : {\"medium\":{\"file\":\"SHF_eb00265714_1-300x200.jpg\",\"width\":300,\"height\":200,\"mime-type\":\"image\\\/jpeg\",\"filesize\":16735},\"large\":{\"file\":\"SHF_eb00265714_1-1024x683.jpg\",\"width\":1024,\"height\":683,\"mime-type\":\"image\\\/jpeg\",\"filesize\":167232},\"thumbnail\":{\"file\":\"SHF_eb00265714_1-150x150.jpg\",\"width\":150,\"height\":150,\"mime-type\":\"image\\\/jpeg\",\"filesize\":6806},\"medium_large\":{\"file\":\"SHF_eb00265714_1-768x512.jpg\",\"width\":768,\"height\":512,\"mime-type\":\"image\\\/jpeg\",\"filesize\":98884},\"small\":{\"file\":\"SHF_eb00265714_1-440x293.jpg\",\"width\":440,\"height\":293,\"mime-type\":\"image\\\/jpeg\",\"filesize\":33899},\"semi\":{\"file\":\"SHF_eb00265714_1-580x387.jpg\",\"width\":580,\"height\":387,\"mime-type\":\"image\\\/jpeg\",\"filesize\":58312},\"mobile\":{\"file\":\"SHF_eb00265714_1-720x480.jpg\",\"width\":720,\"height\":480,\"mime-type\":\"image\\\/jpeg\",\"filesize\":88059},\"hd\":{\"file\":\"SHF_eb00265714_1-1280x853.jpg\",\"width\":1280,\"height\":853,\"mime-type\":\"image\\\/jpeg\",\"filesize\":245757},\"1536x1536\":{\"file\":\"SHF_eb00265714_1-1536x1024.jpg\",\"width\":1536,\"height\":1024,\"mime-type\":\"image\\\/jpeg\",\"filesize\":332189},\"original\":{\"file\":\"SHF_eb00265714_1.jpg\",\"width\":1800,\"height\":1200}},\n\t\t\t\t\"alt\" : \"Ruhevoller Fluss mit sp Spiegelungen von B\\u00e4umen und B\\u00fcsche im Wasser, unter klarem blauen Himmel.\",\n\t\t\t\t\"path\" : \"\\\/wp-content\\\/uploads\\\/2026\\\/07\\\/\",\n\t\t\t\t\"video\" : null,\n\t\t\t\t\"autoplay\" : null,\n\t\t\t\t\"youtube\" : null,\n\t\t\t\t\"youtubelabel\" : \"Video abspielen\",\n\t\t\t\t\"brightness\" : \"100\",\n\t\t\t\t\"crop\" : {\"top\":\"20.14\",\"left\":\"49.81\"},\n\t\t\t\t\"background\" : true,\n\t\t\t\t\"scale\" : 2\t\t\t\t}\n\t\t\t<\/script>\n\n\t\t\t<div class=\"height-container\" style=\"padding-bottom:66.666666666667%;\" v-if=\"sizes\">\n\t\t\t\t\t\t\t\t<lazy-media :inline=\"true\" :alt=\"alt\" :sizes=\"sizes\" :scale=\"scale\" :brightness=\"brightness\" :path=\"path\" :video=\"video\" :autoplay=\"autoplay\" :youtube=\"youtube\" :crop=\"crop\" :youtubelabel=\"youtubelabel\" :background=\"background\" media-id=\"desc_media_6a99016525688\"><\/lazy-media>\n\t\t\t\t\t\t\t<\/div>\n\n\t\t\t\t\t\t\t<figcaption class=\"sr-only\" ref=\"body\" id=\"desc_media_6a99016525688\">\n\t\t\t\t\t\t\t\t\t\t\t\t\t\t\t\t<div>Aufnahme des Flusses Valdivia in Chile, Projekt von Gabriela Urrutia <\/div>\n\t\t\t\t\t\t\t\t\t\t\t\t\t\t\t\t<div class=\"insignificant\">\u00a9 Constanza Rutherford<\/div>\n\t\t\t\t\t\t\t\t\t<\/figcaption>\n\t\t\t\t\t<\/figure>\n\t<\/lazy-media-inline>\n\t\t\t\t\t\t<\/div>\n\t\t\t\t\t\t<div class=\"teaser-content \">\n\t\t\t\t\t\t\t<div>\n\t\t\t\t\t\t\t\t<div class=\"teaser-overline subline\">geh\u00f6rt zu<\/div>\t\t\t\t\t\t\t\t<div class=\"teaser-header\"><span class=\"h3\">Mein. Dein. Unser!?<\/span><\/div>\n\t\t\t\t\t\t\t\t\t\t\t\t\t\t\t\t<button tabindex=\"-1\" class=\"border\">Zum Programmschwerpunkt<\/button>\n\t\t\t\t\t\t\t<\/div>\n\t\t\t\t\t\t<\/div>\n\t\t\t\t\t<\/a>\n\t\t\t\t<\/div>\n\t\t\t<\/div>\n\t\t<\/div>\n\t<\/div>\n<\/section>\n","protected":false},"template":"","genre":[391],"digital":[],"topic":[],"stakeholder":[],"editorial":[],"editorialfilter":[],"targetgroup":[],"language":[],"accessability":[],"age":[],"school":[],"groupsize":[],"place":[1682,1896],"class_list":["post-166590","event-period","type-event-period","status-publish","hentry","genre-ausstellung","place-museum-fuer-asiatische-kunst-3-og","place-raum-312"],"acf":[],"_links":{"self":[{"href":"https:\/\/www.humboldtforum.org\/de\/wp-json\/wp\/v2\/event-period\/166590","targetHints":{"allow":["GET"]}}],"collection":[{"href":"https:\/\/www.humboldtforum.org\/de\/wp-json\/wp\/v2\/event-period"}],"about":[{"href":"https:\/\/www.humboldtforum.org\/de\/wp-json\/wp\/v2\/types\/event-period"}],"version-history":[{"count":12,"href":"https:\/\/www.humboldtforum.org\/de\/wp-json\/wp\/v2\/event-period\/166590\/revisions"}],"predecessor-version":[{"id":169702,"href":"https:\/\/www.humboldtforum.org\/de\/wp-json\/wp\/v2\/event-period\/166590\/revisions\/169702"}],"wp:attachment":[{"href":"https:\/\/www.humboldtforum.org\/de\/wp-json\/wp\/v2\/media?parent=166590"}],"wp:term":[{"taxonomy":"genre","embeddable":true,"href":"https:\/\/www.humboldtforum.org\/de\/wp-json\/wp\/v2\/genre?post=166590"},{"taxonomy":"digital","embeddable":true,"href":"https:\/\/www.humboldtforum.org\/de\/wp-json\/wp\/v2\/digital?post=166590"},{"taxonomy":"topic","embeddable":true,"href":"https:\/\/www.humboldtforum.org\/de\/wp-json\/wp\/v2\/topic?post=166590"},{"taxonomy":"stakeholder","embeddable":true,"href":"https:\/\/www.humboldtforum.org\/de\/wp-json\/wp\/v2\/stakeholder?post=166590"},{"taxonomy":"editorial","embeddable":true,"href":"https:\/\/www.humboldtforum.org\/de\/wp-json\/wp\/v2\/editorial?post=166590"},{"taxonomy":"editorialfilter","embeddable":true,"href":"https:\/\/www.humboldtforum.org\/de\/wp-json\/wp\/v2\/editorialfilter?post=166590"},{"taxonomy":"targetgroup","embeddable":true,"href":"https:\/\/www.humboldtforum.org\/de\/wp-json\/wp\/v2\/targetgroup?post=166590"},{"taxonomy":"language","embeddable":true,"href":"https:\/\/www.humboldtforum.org\/de\/wp-json\/wp\/v2\/language?post=166590"},{"taxonomy":"accessability","embeddable":true,"href":"https:\/\/www.humboldtforum.org\/de\/wp-json\/wp\/v2\/accessability?post=166590"},{"taxonomy":"age","embeddable":true,"href":"https:\/\/www.humboldtforum.org\/de\/wp-json\/wp\/v2\/age?post=166590"},{"taxonomy":"school","embeddable":true,"href":"https:\/\/www.humboldtforum.org\/de\/wp-json\/wp\/v2\/school?post=166590"},{"taxonomy":"groupsize","embeddable":true,"href":"https:\/\/www.humboldtforum.org\/de\/wp-json\/wp\/v2\/groupsize?post=166590"},{"taxonomy":"place","embeddable":true,"href":"https:\/\/www.humboldtforum.org\/de\/wp-json\/wp\/v2\/place?post=166590"}],"curies":[{"name":"wp","href":"https:\/\/api.w.org\/{rel}","templated":true}]}}

<section class="block block-copy block-no-margin" >
    <div class="container-fluid">
		<div class="row ">
            <div class="col-xs-12 col-md-offset-2 col-md-8">
                <div class="box">
                    <div class="copy"></div>
                </div>
            </div>
		</div>
		    </div>
</section>

<section class="block block-copy block-no-margin" >
    <div class="container-fluid">
		<div class="row ">
            <div class="col-xs-12 col-md-offset-2 col-md-8">
                <div class="box">
                    <div class="copy"><p><span class="anleser"><strong>Wie verändert sich die Bedeutung eines sakralen Objekts, wenn es jenseits seines kulturellen und religiösen Kontextes Teil einer Museumssammlung wird?</strong></span></p>
<p>Das Film- und Forschungsprojekt des visuellen Anthropologen Deepak Tolange, das im Rahmen des Projekts „Das Kollaborative Museum“ umgesetzt wurde, widmet sich der Bedeutung und Geschichte des kupfervergoldeten chaturmurkha Shiva Linga kosh in den Sammlungen des Museums für Asiatische Kunst.</p>
<p>Als Zusammenspiel historischer Materialien und dokumentarischer Filmaufnahmen zur aktuellen religiösen Praxis und Verehrung des Gottes Shiva setzt sich die Präsentation der Shiva Linga mit Fragen des Kulturgüterverlusts Nepals auseinander und beleuchtet die spirituelle Bedeutung sakraler Objekte für hinduistische Gemeinschaften.</p>
<p>In Berlin setzt Deepak Tolange seine Recherchen gemeinsam mit dem Museumsteam fort und fragt nach der Geschichte des Shiva Linga kosh als Teil musealer Sammlungen.</p>
<section class="block block-button">
<div class="container-fluid">
<div class="row">
<div class="col-xs-12 col-md-offset-2 col-md-8"></div>
</div>
</div>
</section>
</div>
                </div>
            </div>
		</div>
		    </div>
</section>

<section class="block block-CTA block-CTA-long leftgradient">
	<div class="container-fluid">
		<div class="row center-xs">
			<div class="col-xs-12">
				<div class="box">
					<a href="https://www.humboldtforum.org/de/?post_type=event-period&#038;p=166531" aria-label="Mein. Dein. Unser!?" class="teaser teaser-cta-wide ">
						<div class="teaser-image">
							
	<lazy-media-inline inline-template>
		<figure itemscope itemtype="http://schema.org/ImageObject" class="lazy-media-inline " role="group" id="media_6a99016525688" aria-labelledby="desc_media_6a99016525688">
			<script type="application/json" ref="data">
				{
				"sizes" : {"medium":{"file":"SHF_eb00265714_1-300x200.jpg","width":300,"height":200,"mime-type":"image\/jpeg","filesize":16735},"large":{"file":"SHF_eb00265714_1-1024x683.jpg","width":1024,"height":683,"mime-type":"image\/jpeg","filesize":167232},"thumbnail":{"file":"SHF_eb00265714_1-150x150.jpg","width":150,"height":150,"mime-type":"image\/jpeg","filesize":6806},"medium_large":{"file":"SHF_eb00265714_1-768x512.jpg","width":768,"height":512,"mime-type":"image\/jpeg","filesize":98884},"small":{"file":"SHF_eb00265714_1-440x293.jpg","width":440,"height":293,"mime-type":"image\/jpeg","filesize":33899},"semi":{"file":"SHF_eb00265714_1-580x387.jpg","width":580,"height":387,"mime-type":"image\/jpeg","filesize":58312},"mobile":{"file":"SHF_eb00265714_1-720x480.jpg","width":720,"height":480,"mime-type":"image\/jpeg","filesize":88059},"hd":{"file":"SHF_eb00265714_1-1280x853.jpg","width":1280,"height":853,"mime-type":"image\/jpeg","filesize":245757},"1536x1536":{"file":"SHF_eb00265714_1-1536x1024.jpg","width":1536,"height":1024,"mime-type":"image\/jpeg","filesize":332189},"original":{"file":"SHF_eb00265714_1.jpg","width":1800,"height":1200}},
				"alt" : "Ruhevoller Fluss mit sp Spiegelungen von B\u00e4umen und B\u00fcsche im Wasser, unter klarem blauen Himmel.",
				"path" : "\/wp-content\/uploads\/2026\/07\/",
				"video" : null,
				"autoplay" : null,
				"youtube" : null,
				"youtubelabel" : "Video abspielen",
				"brightness" : "100",
				"crop" : {"top":"20.14","left":"49.81"},
				"background" : true,
				"scale" : 2				}
			</script>

			<div class="height-container" style="padding-bottom:66.666666666667%;" v-if="sizes">
								<lazy-media :inline="true" :alt="alt" :sizes="sizes" :scale="scale" :brightness="brightness" :path="path" :video="video" :autoplay="autoplay" :youtube="youtube" :crop="crop" :youtubelabel="youtubelabel" :background="background" media-id="desc_media_6a99016525688"></lazy-media>
							</div>

							<figcaption class="sr-only" ref="body" id="desc_media_6a99016525688">
																<div>Aufnahme des Flusses Valdivia in Chile, Projekt von Gabriela Urrutia </div>
																<div class="insignificant">© Constanza Rutherford</div>
									</figcaption>
					</figure>
	</lazy-media-inline>
						</div>
						<div class="teaser-content ">
							<div>
								<div class="teaser-overline subline">gehört zu</div>								<div class="teaser-header"><span class="h3">Mein. Dein. Unser!?</span></div>
																<button tabindex="-1" class="border">Zum Programmschwerpunkt</button>
							</div>
						</div>
					</a>
				</div>
			</div>
		</div>
	</div>
</section>
