{"id":168588,"date":"2026-07-20T15:29:34","date_gmt":"2026-07-20T13:29:34","guid":{"rendered":"https:\/\/www.humboldtforum.org\/?post_type=event-permanent&#038;p=168588"},"modified":"2026-08-14T09:49:18","modified_gmt":"2026-08-14T07:49:18","slug":"togo-neue-verbindungen-knuepfen","status":"publish","type":"event-permanent","link":"https:\/\/www.humboldtforum.org\/de\/programm\/dauerangebot\/ausstellung\/togo-neue-verbindungen-knuepfen-168588\/","title":{"rendered":"Togo: Neue Verbindungen kn\u00fcpfen"},"content":{"rendered":"<section class=\"block block-copy block-no-margin\" >\n    <div class=\"container-fluid\">\n\t\t<div class=\"row \">\n            <div class=\"col-xs-12 col-md-offset-2 col-md-8\">\n                <div class=\"box\">\n                    <div class=\"copy\"><\/div>\n                <\/div>\n            <\/div>\n\t\t<\/div>\n\t\t    <\/div>\n<\/section>\n\n<section class=\"block block-copy\" >\n    <div class=\"container-fluid\">\n\t\t<div class=\"row \">\n            <div class=\"col-xs-12 col-md-offset-2 col-md-8\">\n                <div class=\"box\">\n                    <div class=\"copy\"><p><strong>Wie k\u00f6nnen koloniale Sammlungen heute neu gelesen werden? Die Ausstellung bringt historische Objekte aus Togo mit zeitgen\u00f6ssischen k\u00fcnstlerischen Perspektiven in den Dialog und l\u00e4dt zu einer kritischen Auseinandersetzung ein.<\/strong><\/p>\n<p>Togo und Deutschland verbindet eine Geschichte \u2013 eine geteilte Geschichte. Von 1884 bis 1914 war Togo eine deutsche Kolonie, es herrschten asymmetrische Machtverh\u00e4ltnisse. Das Ethnologische Museum bewahrt Kulturg\u00fcter aus Togo aus dieser Zeit. Ihre Aneignung war von Gewalt und Ausbeutung auf der deutschen Seite und Widerstand und strategischer Anpassung auf der togoischen Seite gepr\u00e4gt.<\/p>\n<p>Im Zentrum der Ausstellung pr\u00e4sentieren togoische Forschende ausgew\u00e4hlte Kulturg\u00fcter aus der Sammlung. Die gesamten Museumsbest\u00e4nde zug\u00e4nglich zu machen, den damaligen Widerstand der Bev\u00f6lkerung sowie ihre kulturelle Vielfalt hervorzuheben, war ihnen besonders wichtig. Zeitgen\u00f6ssische Kunstschaffende aus Togo produzierten eigens f\u00fcr die Ausstellung neue Arbeiten. So entstand ein vielstimmiger Erfahrungsraum. In ihm wird deutlich, wie die unabgeschlossene Vergangenheit die Gegenwart bis heute pr\u00e4gt.<\/p>\n<p>Das wirft Fragen auf: Wenn wir neue Verbindungen zwischen Togo und Deutschland kn\u00fcpfen wollen, was f\u00fcr ein Umgang mit den Best\u00e4nden aus Togo ist verantwortungsvoll und zukunftsorientiert?<\/p>\n<\/div>\n                <\/div>\n            <\/div>\n\t\t<\/div>\n\t\t    <\/div>\n<\/section>\n\n<section class=\"block block-CTA block-CTA-long leftgradient\">\n\t<div class=\"container-fluid\">\n\t\t<div class=\"row center-xs\">\n\t\t\t<div class=\"col-xs-12\">\n\t\t\t\t<div class=\"box\">\n\t\t\t\t\t<a href=\"https:\/\/www.humboldtforum.org\/de\/?post_type=event-period&#038;p=166531\" aria-label=\"Mein. Dein. Unser!?\" class=\"teaser teaser-cta-wide \">\n\t\t\t\t\t\t<div class=\"teaser-image\">\n\t\t\t\t\t\t\t\n\t<lazy-media-inline inline-template>\n\t\t<figure itemscope itemtype=\"http:\/\/schema.org\/ImageObject\" class=\"lazy-media-inline \" role=\"group\" id=\"media_6a99015e67a4a\" aria-labelledby=\"desc_media_6a99015e67a4a\">\n\t\t\t<script type=\"application\/json\" ref=\"data\">\n\t\t\t\t{\n\t\t\t\t\"sizes\" : {\"medium\":{\"file\":\"SHF_eb00265714_1-300x200.jpg\",\"width\":300,\"height\":200,\"mime-type\":\"image\\\/jpeg\",\"filesize\":16735},\"large\":{\"file\":\"SHF_eb00265714_1-1024x683.jpg\",\"width\":1024,\"height\":683,\"mime-type\":\"image\\\/jpeg\",\"filesize\":167232},\"thumbnail\":{\"file\":\"SHF_eb00265714_1-150x150.jpg\",\"width\":150,\"height\":150,\"mime-type\":\"image\\\/jpeg\",\"filesize\":6806},\"medium_large\":{\"file\":\"SHF_eb00265714_1-768x512.jpg\",\"width\":768,\"height\":512,\"mime-type\":\"image\\\/jpeg\",\"filesize\":98884},\"small\":{\"file\":\"SHF_eb00265714_1-440x293.jpg\",\"width\":440,\"height\":293,\"mime-type\":\"image\\\/jpeg\",\"filesize\":33899},\"semi\":{\"file\":\"SHF_eb00265714_1-580x387.jpg\",\"width\":580,\"height\":387,\"mime-type\":\"image\\\/jpeg\",\"filesize\":58312},\"mobile\":{\"file\":\"SHF_eb00265714_1-720x480.jpg\",\"width\":720,\"height\":480,\"mime-type\":\"image\\\/jpeg\",\"filesize\":88059},\"hd\":{\"file\":\"SHF_eb00265714_1-1280x853.jpg\",\"width\":1280,\"height\":853,\"mime-type\":\"image\\\/jpeg\",\"filesize\":245757},\"1536x1536\":{\"file\":\"SHF_eb00265714_1-1536x1024.jpg\",\"width\":1536,\"height\":1024,\"mime-type\":\"image\\\/jpeg\",\"filesize\":332189},\"original\":{\"file\":\"SHF_eb00265714_1.jpg\",\"width\":1800,\"height\":1200}},\n\t\t\t\t\"alt\" : \"Ruhevoller Fluss mit sp Spiegelungen von B\\u00e4umen und B\\u00fcsche im Wasser, unter klarem blauen Himmel.\",\n\t\t\t\t\"path\" : \"\\\/wp-content\\\/uploads\\\/2026\\\/07\\\/\",\n\t\t\t\t\"video\" : null,\n\t\t\t\t\"autoplay\" : null,\n\t\t\t\t\"youtube\" : null,\n\t\t\t\t\"youtubelabel\" : \"Video abspielen\",\n\t\t\t\t\"brightness\" : \"100\",\n\t\t\t\t\"crop\" : {\"top\":\"20.14\",\"left\":\"49.81\"},\n\t\t\t\t\"background\" : true,\n\t\t\t\t\"scale\" : 2\t\t\t\t}\n\t\t\t<\/script>\n\n\t\t\t<div class=\"height-container\" style=\"padding-bottom:66.666666666667%;\" v-if=\"sizes\">\n\t\t\t\t\t\t\t\t<lazy-media :inline=\"true\" :alt=\"alt\" :sizes=\"sizes\" :scale=\"scale\" :brightness=\"brightness\" :path=\"path\" :video=\"video\" :autoplay=\"autoplay\" :youtube=\"youtube\" :crop=\"crop\" :youtubelabel=\"youtubelabel\" :background=\"background\" media-id=\"desc_media_6a99015e67a4a\"><\/lazy-media>\n\t\t\t\t\t\t\t<\/div>\n\n\t\t\t\t\t\t\t<figcaption class=\"sr-only\" ref=\"body\" id=\"desc_media_6a99015e67a4a\">\n\t\t\t\t\t\t\t\t\t\t\t\t\t\t\t\t<div>Aufnahme des Flusses Valdivia in Chile, Projekt von Gabriela Urrutia <\/div>\n\t\t\t\t\t\t\t\t\t\t\t\t\t\t\t\t<div class=\"insignificant\">\u00a9 Constanza Rutherford<\/div>\n\t\t\t\t\t\t\t\t\t<\/figcaption>\n\t\t\t\t\t<\/figure>\n\t<\/lazy-media-inline>\n\t\t\t\t\t\t<\/div>\n\t\t\t\t\t\t<div class=\"teaser-content \">\n\t\t\t\t\t\t\t<div>\n\t\t\t\t\t\t\t\t<div class=\"teaser-overline subline\">geh\u00f6rt zu<\/div>\t\t\t\t\t\t\t\t<div class=\"teaser-header\"><span class=\"h3\">Mein. Dein. Unser!?<\/span><\/div>\n\t\t\t\t\t\t\t\t\t\t\t\t\t\t\t\t<button tabindex=\"-1\" class=\"border\">Zum Programmschwerpunkt<\/button>\n\t\t\t\t\t\t\t<\/div>\n\t\t\t\t\t\t<\/div>\n\t\t\t\t\t<\/a>\n\t\t\t\t<\/div>\n\t\t\t<\/div>\n\t\t<\/div>\n\t<\/div>\n<\/section>\n","protected":false},"template":"","genre":[391],"digital":[],"topic":[],"stakeholder":[530],"editorial":[],"editorialfilter":[],"targetgroup":[],"language":[],"accessability":[],"age":[],"school":[],"groupsize":[],"place":[1989,1988],"class_list":["post-168588","event-permanent","type-event-permanent","status-publish","hentry","genre-ausstellung","stakeholder-staatliche-museen-zu-berlin","place-ethnologisches-museum-2-og-raum-210","place-raum-210"],"acf":[],"_links":{"self":[{"href":"https:\/\/www.humboldtforum.org\/de\/wp-json\/wp\/v2\/event-permanent\/168588","targetHints":{"allow":["GET"]}}],"collection":[{"href":"https:\/\/www.humboldtforum.org\/de\/wp-json\/wp\/v2\/event-permanent"}],"about":[{"href":"https:\/\/www.humboldtforum.org\/de\/wp-json\/wp\/v2\/types\/event-permanent"}],"version-history":[{"count":10,"href":"https:\/\/www.humboldtforum.org\/de\/wp-json\/wp\/v2\/event-permanent\/168588\/revisions"}],"predecessor-version":[{"id":169983,"href":"https:\/\/www.humboldtforum.org\/de\/wp-json\/wp\/v2\/event-permanent\/168588\/revisions\/169983"}],"wp:attachment":[{"href":"https:\/\/www.humboldtforum.org\/de\/wp-json\/wp\/v2\/media?parent=168588"}],"wp:term":[{"taxonomy":"genre","embeddable":true,"href":"https:\/\/www.humboldtforum.org\/de\/wp-json\/wp\/v2\/genre?post=168588"},{"taxonomy":"digital","embeddable":true,"href":"https:\/\/www.humboldtforum.org\/de\/wp-json\/wp\/v2\/digital?post=168588"},{"taxonomy":"topic","embeddable":true,"href":"https:\/\/www.humboldtforum.org\/de\/wp-json\/wp\/v2\/topic?post=168588"},{"taxonomy":"stakeholder","embeddable":true,"href":"https:\/\/www.humboldtforum.org\/de\/wp-json\/wp\/v2\/stakeholder?post=168588"},{"taxonomy":"editorial","embeddable":true,"href":"https:\/\/www.humboldtforum.org\/de\/wp-json\/wp\/v2\/editorial?post=168588"},{"taxonomy":"editorialfilter","embeddable":true,"href":"https:\/\/www.humboldtforum.org\/de\/wp-json\/wp\/v2\/editorialfilter?post=168588"},{"taxonomy":"targetgroup","embeddable":true,"href":"https:\/\/www.humboldtforum.org\/de\/wp-json\/wp\/v2\/targetgroup?post=168588"},{"taxonomy":"language","embeddable":true,"href":"https:\/\/www.humboldtforum.org\/de\/wp-json\/wp\/v2\/language?post=168588"},{"taxonomy":"accessability","embeddable":true,"href":"https:\/\/www.humboldtforum.org\/de\/wp-json\/wp\/v2\/accessability?post=168588"},{"taxonomy":"age","embeddable":true,"href":"https:\/\/www.humboldtforum.org\/de\/wp-json\/wp\/v2\/age?post=168588"},{"taxonomy":"school","embeddable":true,"href":"https:\/\/www.humboldtforum.org\/de\/wp-json\/wp\/v2\/school?post=168588"},{"taxonomy":"groupsize","embeddable":true,"href":"https:\/\/www.humboldtforum.org\/de\/wp-json\/wp\/v2\/groupsize?post=168588"},{"taxonomy":"place","embeddable":true,"href":"https:\/\/www.humboldtforum.org\/de\/wp-json\/wp\/v2\/place?post=168588"}],"curies":[{"name":"wp","href":"https:\/\/api.w.org\/{rel}","templated":true}]}}

Togo: Neue Verbindungen knüpfen

<section class="block block-copy block-no-margin" >
    <div class="container-fluid">
		<div class="row ">
            <div class="col-xs-12 col-md-offset-2 col-md-8">
                <div class="box">
                    <div class="copy"></div>
                </div>
            </div>
		</div>
		    </div>
</section>

<section class="block block-copy" >
    <div class="container-fluid">
		<div class="row ">
            <div class="col-xs-12 col-md-offset-2 col-md-8">
                <div class="box">
                    <div class="copy"><p><strong>Wie können koloniale Sammlungen heute neu gelesen werden? Die Ausstellung bringt historische Objekte aus Togo mit zeitgenössischen künstlerischen Perspektiven in den Dialog und lädt zu einer kritischen Auseinandersetzung ein.</strong></p>
<p>Togo und Deutschland verbindet eine Geschichte – eine geteilte Geschichte. Von 1884 bis 1914 war Togo eine deutsche Kolonie, es herrschten asymmetrische Machtverhältnisse. Das Ethnologische Museum bewahrt Kulturgüter aus Togo aus dieser Zeit. Ihre Aneignung war von Gewalt und Ausbeutung auf der deutschen Seite und Widerstand und strategischer Anpassung auf der togoischen Seite geprägt.</p>
<p>Im Zentrum der Ausstellung präsentieren togoische Forschende ausgewählte Kulturgüter aus der Sammlung. Die gesamten Museumsbestände zugänglich zu machen, den damaligen Widerstand der Bevölkerung sowie ihre kulturelle Vielfalt hervorzuheben, war ihnen besonders wichtig. Zeitgenössische Kunstschaffende aus Togo produzierten eigens für die Ausstellung neue Arbeiten. So entstand ein vielstimmiger Erfahrungsraum. In ihm wird deutlich, wie die unabgeschlossene Vergangenheit die Gegenwart bis heute prägt.</p>
<p>Das wirft Fragen auf: Wenn wir neue Verbindungen zwischen Togo und Deutschland knüpfen wollen, was für ein Umgang mit den Beständen aus Togo ist verantwortungsvoll und zukunftsorientiert?</p>
</div>
                </div>
            </div>
		</div>
		    </div>
</section>

<section class="block block-CTA block-CTA-long leftgradient">
	<div class="container-fluid">
		<div class="row center-xs">
			<div class="col-xs-12">
				<div class="box">
					<a href="https://www.humboldtforum.org/de/?post_type=event-period&#038;p=166531" aria-label="Mein. Dein. Unser!?" class="teaser teaser-cta-wide ">
						<div class="teaser-image">
							
	<lazy-media-inline inline-template>
		<figure itemscope itemtype="http://schema.org/ImageObject" class="lazy-media-inline " role="group" id="media_6a99015e67a4a" aria-labelledby="desc_media_6a99015e67a4a">
			<script type="application/json" ref="data">
				{
				"sizes" : {"medium":{"file":"SHF_eb00265714_1-300x200.jpg","width":300,"height":200,"mime-type":"image\/jpeg","filesize":16735},"large":{"file":"SHF_eb00265714_1-1024x683.jpg","width":1024,"height":683,"mime-type":"image\/jpeg","filesize":167232},"thumbnail":{"file":"SHF_eb00265714_1-150x150.jpg","width":150,"height":150,"mime-type":"image\/jpeg","filesize":6806},"medium_large":{"file":"SHF_eb00265714_1-768x512.jpg","width":768,"height":512,"mime-type":"image\/jpeg","filesize":98884},"small":{"file":"SHF_eb00265714_1-440x293.jpg","width":440,"height":293,"mime-type":"image\/jpeg","filesize":33899},"semi":{"file":"SHF_eb00265714_1-580x387.jpg","width":580,"height":387,"mime-type":"image\/jpeg","filesize":58312},"mobile":{"file":"SHF_eb00265714_1-720x480.jpg","width":720,"height":480,"mime-type":"image\/jpeg","filesize":88059},"hd":{"file":"SHF_eb00265714_1-1280x853.jpg","width":1280,"height":853,"mime-type":"image\/jpeg","filesize":245757},"1536x1536":{"file":"SHF_eb00265714_1-1536x1024.jpg","width":1536,"height":1024,"mime-type":"image\/jpeg","filesize":332189},"original":{"file":"SHF_eb00265714_1.jpg","width":1800,"height":1200}},
				"alt" : "Ruhevoller Fluss mit sp Spiegelungen von B\u00e4umen und B\u00fcsche im Wasser, unter klarem blauen Himmel.",
				"path" : "\/wp-content\/uploads\/2026\/07\/",
				"video" : null,
				"autoplay" : null,
				"youtube" : null,
				"youtubelabel" : "Video abspielen",
				"brightness" : "100",
				"crop" : {"top":"20.14","left":"49.81"},
				"background" : true,
				"scale" : 2				}
			</script>

			<div class="height-container" style="padding-bottom:66.666666666667%;" v-if="sizes">
								<lazy-media :inline="true" :alt="alt" :sizes="sizes" :scale="scale" :brightness="brightness" :path="path" :video="video" :autoplay="autoplay" :youtube="youtube" :crop="crop" :youtubelabel="youtubelabel" :background="background" media-id="desc_media_6a99015e67a4a"></lazy-media>
							</div>

							<figcaption class="sr-only" ref="body" id="desc_media_6a99015e67a4a">
																<div>Aufnahme des Flusses Valdivia in Chile, Projekt von Gabriela Urrutia </div>
																<div class="insignificant">© Constanza Rutherford</div>
									</figcaption>
					</figure>
	</lazy-media-inline>
						</div>
						<div class="teaser-content ">
							<div>
								<div class="teaser-overline subline">gehört zu</div>								<div class="teaser-header"><span class="h3">Mein. Dein. Unser!?</span></div>
																<button tabindex="-1" class="border">Zum Programmschwerpunkt</button>
							</div>
						</div>
					</a>
				</div>
			</div>
		</div>
	</div>
</section>
