{"id":152859,"date":"2025-10-01T17:28:53","date_gmt":"2025-10-01T15:28:53","guid":{"rendered":"https:\/\/www.humboldtforum.org\/?post_type=event-publication&#038;p=152859"},"modified":"2025-10-01T18:13:02","modified_gmt":"2025-10-01T16:13:02","slug":"beziehungsweise-familie","status":"publish","type":"event-publication","link":"https:\/\/www.humboldtforum.org\/de\/programm\/publikation\/publikation\/beziehungsweise-familie-152859\/","title":{"rendered":"Beziehungsweise Familie"},"content":{"rendered":"<section class=\"block block-copy block-no-margin\" >\n    <div class=\"container-fluid\">\n\t\t<div class=\"row \">\n            <div class=\"col-xs-12 col-md-offset-2 col-md-8\">\n                <div class=\"box\">\n                    <div class=\"copy\"><p>Familie. Jeder hat sie und jeder anders. Dieses unkonventionelle Buch bricht mit g\u00e4ngigen Vorstellungen einer traditionellen \u201eKernfamilie\u201c und versammelt Stimmen aus aller Welt in unterschiedlichen Momentaufnahmen. Wer geh\u00f6rt zur Familie, welche wirtschaftliche und gesellschaftliche Funktion \u00fcbernimmt sie, was pr\u00e4gt Familie und wie pr\u00e4gt sie uns? Zentrale Themen lokaler Debatten rund um den Globus f\u00fchren uns vor Augen, wie komplex und verschieden, aber auch wie \u00e4hnlich Familienbilder \u00fcber die Kulturen hinweg sind. Eine Einladung, auch \u00fcber das eigene Familienbild nachzudenken.<\/p>\n<p><em>Beziehungsweise Familie. Globale Geschichten von Bindung, Bruch und Zugeh\u00f6rigkeit, Hardcover, 296 Seiten, Hirmer Verlag, 39,90 \u20ac, ab Oktober 2025<\/em><\/p>\n<\/div>\n                <\/div>\n            <\/div>\n\t\t<\/div>\n\t\t    <\/div>\n<\/section>","protected":false},"template":"","genre":[739],"digital":[],"topic":[],"stakeholder":[],"editorial":[],"editorialfilter":[],"targetgroup":[],"language":[384],"accessability":[],"school":[],"class_list":["post-152859","event-publication","type-event-publication","status-publish","hentry","genre-publikation","language-deutsch"],"acf":[],"_links":{"self":[{"href":"https:\/\/www.humboldtforum.org\/de\/wp-json\/wp\/v2\/event-publication\/152859","targetHints":{"allow":["GET"]}}],"collection":[{"href":"https:\/\/www.humboldtforum.org\/de\/wp-json\/wp\/v2\/event-publication"}],"about":[{"href":"https:\/\/www.humboldtforum.org\/de\/wp-json\/wp\/v2\/types\/event-publication"}],"version-history":[{"count":6,"href":"https:\/\/www.humboldtforum.org\/de\/wp-json\/wp\/v2\/event-publication\/152859\/revisions"}],"predecessor-version":[{"id":152898,"href":"https:\/\/www.humboldtforum.org\/de\/wp-json\/wp\/v2\/event-publication\/152859\/revisions\/152898"}],"wp:attachment":[{"href":"https:\/\/www.humboldtforum.org\/de\/wp-json\/wp\/v2\/media?parent=152859"}],"wp:term":[{"taxonomy":"genre","embeddable":true,"href":"https:\/\/www.humboldtforum.org\/de\/wp-json\/wp\/v2\/genre?post=152859"},{"taxonomy":"digital","embeddable":true,"href":"https:\/\/www.humboldtforum.org\/de\/wp-json\/wp\/v2\/digital?post=152859"},{"taxonomy":"topic","embeddable":true,"href":"https:\/\/www.humboldtforum.org\/de\/wp-json\/wp\/v2\/topic?post=152859"},{"taxonomy":"stakeholder","embeddable":true,"href":"https:\/\/www.humboldtforum.org\/de\/wp-json\/wp\/v2\/stakeholder?post=152859"},{"taxonomy":"editorial","embeddable":true,"href":"https:\/\/www.humboldtforum.org\/de\/wp-json\/wp\/v2\/editorial?post=152859"},{"taxonomy":"editorialfilter","embeddable":true,"href":"https:\/\/www.humboldtforum.org\/de\/wp-json\/wp\/v2\/editorialfilter?post=152859"},{"taxonomy":"targetgroup","embeddable":true,"href":"https:\/\/www.humboldtforum.org\/de\/wp-json\/wp\/v2\/targetgroup?post=152859"},{"taxonomy":"language","embeddable":true,"href":"https:\/\/www.humboldtforum.org\/de\/wp-json\/wp\/v2\/language?post=152859"},{"taxonomy":"accessability","embeddable":true,"href":"https:\/\/www.humboldtforum.org\/de\/wp-json\/wp\/v2\/accessability?post=152859"},{"taxonomy":"school","embeddable":true,"href":"https:\/\/www.humboldtforum.org\/de\/wp-json\/wp\/v2\/school?post=152859"}],"curies":[{"name":"wp","href":"https:\/\/api.w.org\/{rel}","templated":true}]}}

<section class="block block-copy block-no-margin" >
    <div class="container-fluid">
		<div class="row ">
            <div class="col-xs-12 col-md-offset-2 col-md-8">
                <div class="box">
                    <div class="copy"><p>Familie. Jeder hat sie und jeder anders. Dieses unkonventionelle Buch bricht mit gängigen Vorstellungen einer traditionellen „Kernfamilie“ und versammelt Stimmen aus aller Welt in unterschiedlichen Momentaufnahmen. Wer gehört zur Familie, welche wirtschaftliche und gesellschaftliche Funktion übernimmt sie, was prägt Familie und wie prägt sie uns? Zentrale Themen lokaler Debatten rund um den Globus führen uns vor Augen, wie komplex und verschieden, aber auch wie ähnlich Familienbilder über die Kulturen hinweg sind. Eine Einladung, auch über das eigene Familienbild nachzudenken.</p>
<p><em>Beziehungsweise Familie. Globale Geschichten von Bindung, Bruch und Zugehörigkeit, Hardcover, 296 Seiten, Hirmer Verlag, 39,90 €, ab Oktober 2025</em></p>
</div>
                </div>
            </div>
		</div>
		    </div>
</section>
