{"id":144232,"date":"2025-03-14T10:19:49","date_gmt":"2025-03-14T09:19:49","guid":{"rendered":"https:\/\/www.humboldtforum.org\/?post_type=event&#038;p=144232"},"modified":"2025-03-14T16:13:13","modified_gmt":"2025-03-14T15:13:13","slug":"spurensuche-provenienzspaziergang","status":"publish","type":"event","link":"https:\/\/www.humboldtforum.org\/de\/programm\/termin\/fuehrung\/spurensuche-provenienzspaziergang-144232\/","title":{"rendered":"#spurensuche \u2013 Provenienzspaziergang"},"content":{"rendered":"<section class=\"block block-copy block-no-margin\" >\n    <div class=\"container-fluid\">\n\t\t<div class=\"row \">\n            <div class=\"col-xs-12 col-md-offset-2 col-md-8\">\n                <div class=\"box\">\n                    <div class=\"copy\"><p>Wir starten unseren Provenienzspaziergang an der Bibliothek des Deutschen Historischen Museums, wo Sie einen Einblick in die Forschung zu B\u00fcchern und Museumsobjekten erhalten, die in Verbindung mit Kulturgutentz\u00fcgen in der Sowjetischen Besatzungszone und der DDR stehen. Der weitere Weg f\u00fchrt zum Humboldt Forum. Dort gibt das Provenienzforschungsteam Einblicke in seine Arbeitsweisen und die aktuellen Projekte der postkolonialen Provenienzforschung zu den Sammlungen des Ethnologischen Museums und des Museums f\u00fcr Asiatische Kunst. Dabei haben Interessierte die M\u00f6glichkeit, gemeinsam mit den Provenienzforschenden die Ausstellungsr\u00e4ume zu besuchen und anschlie\u00dfend selbstst\u00e4ndig die Ausstellungen zu erkunden wie beispielsweise\u00a0 <a class=\"external-link\" href=\"https:\/\/www.humboldtforum.org\/de\/programm\/dauerangebot\/ausstellung\/geschichten-tansanias-136691\/\" rel=\"nofollow\">Geschichte(n) Tansanias<\/a>.<\/p>\n<p>Die Teilnehmerzahl ist begrenzt. <a class=\"external-link\" href=\"https:\/\/pretix.eu\/StaatsbibliothekZuBerlin\/spuren14\/\" rel=\"nofollow\">Eine Anmeldung ist erforderlich.<\/a><\/p>\n<p><strong>Hinweis<\/strong>: Der Eintritt in die Ausstellungen im Humboldt Forum ist kostenfrei. Um eine Abgabe der Jacken, M\u00e4ntel und Taschen an der Garderobe wird gebeten.<\/p>\n<\/div>\n                <\/div>\n            <\/div>\n\t\t<\/div>\n\t\t    <\/div>\n<\/section>\n\n<section class=\"block block-logos\" >\n    <div class=\"container-fluid\">\n\t\t<div class=\"row\">\n\t\t\t<div class=\"col-xs-12 col-sm-8 col-sm-offset-2\">\n\t\t\t\t<div class=\"box\">\n\t\t\t\t\t<div class=\"row  middle-xs\">\n\t\t\t\t\t\t\n\t\t\t\t\t\t<div class=\"col-xs-4 col-sm-3 col-sm-2\">\n\t\t\t\t\t\t\t<div class=\"box margin-sixth-top\">\n\t\t\t\t\t\t\t\t<img decoding=\"async\" alt=\"Spurensuche\" src=\"https:\/\/www.humboldtforum.org\/wp-content\/uploads\/2025\/03\/SHF_eb00245807.jpg\" style=\"display: inline-block; width: 140%\" \/>\n\t\t\t\t\t\t\t<\/div>\n\t\t\t\t\t\t<\/div>\n\t\t\t\t\t\t\t\t\t\t\t<\/div>\n\t\t\t\t<\/div>\n\t\t\t<\/div>\n        <\/div>\n    <\/div>\n<\/section>\n\n\n<section class=\"block block-CTA block-CTA-long leftgradient\">\n\t<div class=\"container-fluid\">\n\t\t<div class=\"row center-xs\">\n\t\t\t<div class=\"col-xs-12\">\n\t\t\t\t<div class=\"box\">\n\t\t\t\t\t<a href=\"https:\/\/www.humboldtforum.org\/de\/programm\/event-reihe\/gespraech\/internationaler-tag-der-provenienzfroschung-144108\/\" aria-label=\"Internationaler Tag der Provenienzforschung\" class=\"teaser teaser-cta-wide \">\n\t\t\t\t\t\t<div class=\"teaser-image\">\n\t\t\t\t\t\t\t\n\t<lazy-media-inline inline-template>\n\t\t<figure itemscope itemtype=\"http:\/\/schema.org\/ImageObject\" class=\"lazy-media-inline \" role=\"group\" id=\"media_69eff6cceac6f\" aria-labelledby=\"desc_media_69eff6cceac6f\">\n\t\t\t<script type=\"application\/json\" ref=\"data\">\n\t\t\t\t{\n\t\t\t\t\"sizes\" : {\"medium\":{\"file\":\"SHF_eb00245349-300x200.jpg\",\"width\":300,\"height\":200,\"mime-type\":\"image\\\/jpeg\",\"filesize\":9652},\"large\":{\"file\":\"SHF_eb00245349-1024x683.jpg\",\"width\":1024,\"height\":683,\"mime-type\":\"image\\\/jpeg\",\"filesize\":55112},\"thumbnail\":{\"file\":\"SHF_eb00245349-150x150.jpg\",\"width\":150,\"height\":150,\"mime-type\":\"image\\\/jpeg\",\"filesize\":5315},\"medium_large\":{\"file\":\"SHF_eb00245349-768x512.jpg\",\"width\":768,\"height\":512,\"mime-type\":\"image\\\/jpeg\",\"filesize\":35833},\"small\":{\"file\":\"SHF_eb00245349-440x293.jpg\",\"width\":440,\"height\":293,\"mime-type\":\"image\\\/jpeg\",\"filesize\":16334},\"semi\":{\"file\":\"SHF_eb00245349-580x387.jpg\",\"width\":580,\"height\":387,\"mime-type\":\"image\\\/jpeg\",\"filesize\":24257},\"mobile\":{\"file\":\"SHF_eb00245349-720x480.jpg\",\"width\":720,\"height\":480,\"mime-type\":\"image\\\/jpeg\",\"filesize\":32724},\"hd\":{\"file\":\"SHF_eb00245349-1280x854.jpg\",\"width\":1280,\"height\":854,\"mime-type\":\"image\\\/jpeg\",\"filesize\":77653},\"full\":{\"file\":\"SHF_eb00245349-1920x1280.jpg\",\"width\":1920,\"height\":1280,\"mime-type\":\"image\\\/jpeg\",\"filesize\":150391},\"1536x1536\":{\"file\":\"SHF_eb00245349-1536x1024.jpg\",\"width\":1536,\"height\":1024,\"mime-type\":\"image\\\/jpeg\",\"filesize\":103201},\"2048x2048\":{\"file\":\"SHF_eb00245349-2048x1366.jpg\",\"width\":2048,\"height\":1366,\"mime-type\":\"image\\\/jpeg\",\"filesize\":168811},\"original\":{\"file\":\"SHF_eb00245349.jpg\",\"width\":2500,\"height\":1667}},\n\t\t\t\t\"alt\" : \"F\\u00fcnf Personen in wei\\u00dfen Kitteln, eine erkl\\u00e4rt mit Gesten, w\\u00e4hrend die anderen zuh\\u00f6ren und beobachten.\",\n\t\t\t\t\"path\" : \"\\\/wp-content\\\/uploads\\\/2025\\\/03\\\/\",\n\t\t\t\t\"video\" : null,\n\t\t\t\t\"autoplay\" : null,\n\t\t\t\t\"youtube\" : null,\n\t\t\t\t\"youtubelabel\" : \"Video abspielen\",\n\t\t\t\t\"brightness\" : \"100\",\n\t\t\t\t\"crop\" : {\"top\":\"27.36\",\"left\":\"49.85\"},\n\t\t\t\t\"background\" : true,\n\t\t\t\t\"scale\" : 2\t\t\t\t}\n\t\t\t<\/script>\n\n\t\t\t<div class=\"height-container\" style=\"padding-bottom:66.68%;\" v-if=\"sizes\">\n\t\t\t\t\t\t\t\t<lazy-media :inline=\"true\" :alt=\"alt\" :sizes=\"sizes\" :scale=\"scale\" :brightness=\"brightness\" :path=\"path\" :video=\"video\" :autoplay=\"autoplay\" :youtube=\"youtube\" :crop=\"crop\" :youtubelabel=\"youtubelabel\" :background=\"background\" media-id=\"desc_media_69eff6cceac6f\"><\/lazy-media>\n\t\t\t\t\t\t\t<\/div>\n\n\t\t\t\t\t\t\t<figcaption class=\"sr-only\" ref=\"body\" id=\"desc_media_69eff6cceac6f\">\n\t\t\t\t\t\t\t\t\t\t\t<div>Depotbesuch &quot;Verflochtene Erinnerung(en) &#8211; Spuren der Shoah- und des Kolonialismus im Berliner Schloss und den Ethnologischen Sammlungen&quot;<\/div>\n\t\t\t\t\t\t\t\t\t\t\t\t\t\t\t\t\t\t\t\t\t<div class=\"insignificant\">\u00a9 Staatliche Museen zu Berlin \/ Ethnologisches Museum, Foto: Frank Sperling<\/div>\n\t\t\t\t\t\t\t\t\t<\/figcaption>\n\t\t\t\t\t<\/figure>\n\t<\/lazy-media-inline>\n\t\t\t\t\t\t<\/div>\n\t\t\t\t\t\t<div class=\"teaser-content \">\n\t\t\t\t\t\t\t<div>\n\t\t\t\t\t\t\t\t<div class=\"teaser-overline subline\">Geh\u00f6rt zu<\/div>\t\t\t\t\t\t\t\t<div class=\"teaser-header\"><span class=\"h3\">Internationaler Tag der Provenienzforschung<\/span><\/div>\n\t\t\t\t\t\t\t\t\t\t\t\t\t\t\t\t<button tabindex=\"-1\" class=\"border\">Zur \u00dcbersicht<\/button>\n\t\t\t\t\t\t\t<\/div>\n\t\t\t\t\t\t<\/div>\n\t\t\t\t\t<\/a>\n\t\t\t\t<\/div>\n\t\t\t<\/div>\n\t\t<\/div>\n\t<\/div>\n<\/section>\n","protected":false},"template":"","genre":[821],"digital":[],"topic":[],"stakeholder":[],"editorial":[],"editorialfilter":[],"targetgroup":[],"language":[384],"accessability":[],"age":[],"school":[],"groupsize":[],"place":[],"class_list":["post-144232","event","type-event","status-publish","hentry","genre-fuehrung","language-deutsch"],"acf":[],"_links":{"self":[{"href":"https:\/\/www.humboldtforum.org\/de\/wp-json\/wp\/v2\/event\/144232","targetHints":{"allow":["GET"]}}],"collection":[{"href":"https:\/\/www.humboldtforum.org\/de\/wp-json\/wp\/v2\/event"}],"about":[{"href":"https:\/\/www.humboldtforum.org\/de\/wp-json\/wp\/v2\/types\/event"}],"version-history":[{"count":11,"href":"https:\/\/www.humboldtforum.org\/de\/wp-json\/wp\/v2\/event\/144232\/revisions"}],"predecessor-version":[{"id":144286,"href":"https:\/\/www.humboldtforum.org\/de\/wp-json\/wp\/v2\/event\/144232\/revisions\/144286"}],"wp:attachment":[{"href":"https:\/\/www.humboldtforum.org\/de\/wp-json\/wp\/v2\/media?parent=144232"}],"wp:term":[{"taxonomy":"genre","embeddable":true,"href":"https:\/\/www.humboldtforum.org\/de\/wp-json\/wp\/v2\/genre?post=144232"},{"taxonomy":"digital","embeddable":true,"href":"https:\/\/www.humboldtforum.org\/de\/wp-json\/wp\/v2\/digital?post=144232"},{"taxonomy":"topic","embeddable":true,"href":"https:\/\/www.humboldtforum.org\/de\/wp-json\/wp\/v2\/topic?post=144232"},{"taxonomy":"stakeholder","embeddable":true,"href":"https:\/\/www.humboldtforum.org\/de\/wp-json\/wp\/v2\/stakeholder?post=144232"},{"taxonomy":"editorial","embeddable":true,"href":"https:\/\/www.humboldtforum.org\/de\/wp-json\/wp\/v2\/editorial?post=144232"},{"taxonomy":"editorialfilter","embeddable":true,"href":"https:\/\/www.humboldtforum.org\/de\/wp-json\/wp\/v2\/editorialfilter?post=144232"},{"taxonomy":"targetgroup","embeddable":true,"href":"https:\/\/www.humboldtforum.org\/de\/wp-json\/wp\/v2\/targetgroup?post=144232"},{"taxonomy":"language","embeddable":true,"href":"https:\/\/www.humboldtforum.org\/de\/wp-json\/wp\/v2\/language?post=144232"},{"taxonomy":"accessability","embeddable":true,"href":"https:\/\/www.humboldtforum.org\/de\/wp-json\/wp\/v2\/accessability?post=144232"},{"taxonomy":"age","embeddable":true,"href":"https:\/\/www.humboldtforum.org\/de\/wp-json\/wp\/v2\/age?post=144232"},{"taxonomy":"school","embeddable":true,"href":"https:\/\/www.humboldtforum.org\/de\/wp-json\/wp\/v2\/school?post=144232"},{"taxonomy":"groupsize","embeddable":true,"href":"https:\/\/www.humboldtforum.org\/de\/wp-json\/wp\/v2\/groupsize?post=144232"},{"taxonomy":"place","embeddable":true,"href":"https:\/\/www.humboldtforum.org\/de\/wp-json\/wp\/v2\/place?post=144232"}],"curies":[{"name":"wp","href":"https:\/\/api.w.org\/{rel}","templated":true}]}}

<section class="block block-copy block-no-margin" >
    <div class="container-fluid">
		<div class="row ">
            <div class="col-xs-12 col-md-offset-2 col-md-8">
                <div class="box">
                    <div class="copy"><p>Wir starten unseren Provenienzspaziergang an der Bibliothek des Deutschen Historischen Museums, wo Sie einen Einblick in die Forschung zu Büchern und Museumsobjekten erhalten, die in Verbindung mit Kulturgutentzügen in der Sowjetischen Besatzungszone und der DDR stehen. Der weitere Weg führt zum Humboldt Forum. Dort gibt das Provenienzforschungsteam Einblicke in seine Arbeitsweisen und die aktuellen Projekte der postkolonialen Provenienzforschung zu den Sammlungen des Ethnologischen Museums und des Museums für Asiatische Kunst. Dabei haben Interessierte die Möglichkeit, gemeinsam mit den Provenienzforschenden die Ausstellungsräume zu besuchen und anschließend selbstständig die Ausstellungen zu erkunden wie beispielsweise  <a class="external-link" href="https://www.humboldtforum.org/de/programm/dauerangebot/ausstellung/geschichten-tansanias-136691/" rel="nofollow">Geschichte(n) Tansanias</a>.</p>
<p>Die Teilnehmerzahl ist begrenzt. <a class="external-link" href="https://pretix.eu/StaatsbibliothekZuBerlin/spuren14/" rel="nofollow">Eine Anmeldung ist erforderlich.</a></p>
<p><strong>Hinweis</strong>: Der Eintritt in die Ausstellungen im Humboldt Forum ist kostenfrei. Um eine Abgabe der Jacken, Mäntel und Taschen an der Garderobe wird gebeten.</p>
</div>
                </div>
            </div>
		</div>
		    </div>
</section>

<section class="block block-logos" >
    <div class="container-fluid">
		<div class="row">
			<div class="col-xs-12 col-sm-8 col-sm-offset-2">
				<div class="box">
					<div class="row  middle-xs">
						
						<div class="col-xs-4 col-sm-3 col-sm-2">
							<div class="box margin-sixth-top">
								<img decoding="async" alt="Spurensuche" src="https://www.humboldtforum.org/wp-content/uploads/2025/03/SHF_eb00245807.jpg" style="display: inline-block; width: 140%" />
							</div>
						</div>
											</div>
				</div>
			</div>
        </div>
    </div>
</section>


<section class="block block-CTA block-CTA-long leftgradient">
	<div class="container-fluid">
		<div class="row center-xs">
			<div class="col-xs-12">
				<div class="box">
					<a href="https://www.humboldtforum.org/de/programm/event-reihe/gespraech/internationaler-tag-der-provenienzfroschung-144108/" aria-label="Internationaler Tag der Provenienzforschung" class="teaser teaser-cta-wide ">
						<div class="teaser-image">
							
	<lazy-media-inline inline-template>
		<figure itemscope itemtype="http://schema.org/ImageObject" class="lazy-media-inline " role="group" id="media_69eff6cceac6f" aria-labelledby="desc_media_69eff6cceac6f">
			<script type="application/json" ref="data">
				{
				"sizes" : {"medium":{"file":"SHF_eb00245349-300x200.jpg","width":300,"height":200,"mime-type":"image\/jpeg","filesize":9652},"large":{"file":"SHF_eb00245349-1024x683.jpg","width":1024,"height":683,"mime-type":"image\/jpeg","filesize":55112},"thumbnail":{"file":"SHF_eb00245349-150x150.jpg","width":150,"height":150,"mime-type":"image\/jpeg","filesize":5315},"medium_large":{"file":"SHF_eb00245349-768x512.jpg","width":768,"height":512,"mime-type":"image\/jpeg","filesize":35833},"small":{"file":"SHF_eb00245349-440x293.jpg","width":440,"height":293,"mime-type":"image\/jpeg","filesize":16334},"semi":{"file":"SHF_eb00245349-580x387.jpg","width":580,"height":387,"mime-type":"image\/jpeg","filesize":24257},"mobile":{"file":"SHF_eb00245349-720x480.jpg","width":720,"height":480,"mime-type":"image\/jpeg","filesize":32724},"hd":{"file":"SHF_eb00245349-1280x854.jpg","width":1280,"height":854,"mime-type":"image\/jpeg","filesize":77653},"full":{"file":"SHF_eb00245349-1920x1280.jpg","width":1920,"height":1280,"mime-type":"image\/jpeg","filesize":150391},"1536x1536":{"file":"SHF_eb00245349-1536x1024.jpg","width":1536,"height":1024,"mime-type":"image\/jpeg","filesize":103201},"2048x2048":{"file":"SHF_eb00245349-2048x1366.jpg","width":2048,"height":1366,"mime-type":"image\/jpeg","filesize":168811},"original":{"file":"SHF_eb00245349.jpg","width":2500,"height":1667}},
				"alt" : "F\u00fcnf Personen in wei\u00dfen Kitteln, eine erkl\u00e4rt mit Gesten, w\u00e4hrend die anderen zuh\u00f6ren und beobachten.",
				"path" : "\/wp-content\/uploads\/2025\/03\/",
				"video" : null,
				"autoplay" : null,
				"youtube" : null,
				"youtubelabel" : "Video abspielen",
				"brightness" : "100",
				"crop" : {"top":"27.36","left":"49.85"},
				"background" : true,
				"scale" : 2				}
			</script>

			<div class="height-container" style="padding-bottom:66.68%;" v-if="sizes">
								<lazy-media :inline="true" :alt="alt" :sizes="sizes" :scale="scale" :brightness="brightness" :path="path" :video="video" :autoplay="autoplay" :youtube="youtube" :crop="crop" :youtubelabel="youtubelabel" :background="background" media-id="desc_media_69eff6cceac6f"></lazy-media>
							</div>

							<figcaption class="sr-only" ref="body" id="desc_media_69eff6cceac6f">
											<div>Depotbesuch &quot;Verflochtene Erinnerung(en) &#8211; Spuren der Shoah- und des Kolonialismus im Berliner Schloss und den Ethnologischen Sammlungen&quot;</div>
																					<div class="insignificant">© Staatliche Museen zu Berlin / Ethnologisches Museum, Foto: Frank Sperling</div>
									</figcaption>
					</figure>
	</lazy-media-inline>
						</div>
						<div class="teaser-content ">
							<div>
								<div class="teaser-overline subline">Gehört zu</div>								<div class="teaser-header"><span class="h3">Internationaler Tag der Provenienzforschung</span></div>
																<button tabindex="-1" class="border">Zur Übersicht</button>
							</div>
						</div>
					</a>
				</div>
			</div>
		</div>
	</div>
</section>
