{"id":32397,"date":"2021-09-23T15:11:43","date_gmt":"2021-09-23T13:11:43","guid":{"rendered":"https:\/\/www.humboldtforum.org\/?post_type=event&#038;p=32397"},"modified":"2021-12-09T09:24:20","modified_gmt":"2021-12-09T08:24:20","slug":"animals-are-beautiful-people","status":"publish","type":"event","link":"https:\/\/www.humboldtforum.org\/de\/programm\/termin\/film-video\/animals-are-beautiful-people-32397\/","title":{"rendered":"Animals are beautiful people"},"content":{"rendered":"<section class=\"block block-copy block-no-margin\" >\n    <div class=\"container-fluid\">\n\t\t<div class=\"row \">\n            <div class=\"col-xs-12 col-md-offset-2 col-md-8\">\n                <div class=\"box\">\n                    <div class=\"copy\"><p><em>Eye-to-Eye-Einf\u00fchrung von Nashen Moodley, Direktor des Sydney Film Festivals, Australien<\/em><\/p>\n<p>Die Tiere der Kalahari, der Namibischen W\u00fcste und im Okovango Delta werden in diesem Film mit viel Musik und Parallelen zu menschlichem Verhalten vorgestellt. Elefanten geh\u00f6ren nat\u00fcrlich dazu. Es geht um Erziehungsprobleme mit dem Nachwuchs, rauschhafte N\u00e4chte und den tierischen Kater nach Alkoholkonsum mit vergorenen Marula-Fr\u00fcchten&#8230; 50 Jahre nach seiner Entstehung mag mancher Vergleich nicht mehr ganz zeitgem\u00e4\u00df sein <b>\u2013 <\/b>der Film z\u00e4hlt aber immer noch zu den vergn\u00fcglichsten Tierdokumentationen aller Zeiten.<\/p>\n<p><a href=\"https:\/\/www.youtube.com\/watch?v=uazRtgolues\"><em>Zum Trailer<\/em><\/a><\/p>\n<\/div>\n                <\/div>\n            <\/div>\n\t\t<\/div>\n\t\t    <\/div>\n<\/section>\n\n<section class=\"block block-teaser col-1 has-bg\" style=\"--teaser-bg:#f2f2f2\">\n\t<lazy-component :fixed-min-height=\"400\">\n\t\n\t\t\t\t\t<div class=\"container-fluid\">\n\t\t\t\t<div class=\"row bottom-xs\">\n\t\t\t\t\t<div class=\"col-xs-12 col-sm-10 col-md-8 col-sm-offset-1 col-md-offset-2\">\n\t\t\t\t\t\t<h4>Zur Filmreihe<\/h4>\t\t\t\t\t\t\t\t\t\t\t\t\t\t\t\t\t\t\t<\/div>\n\t\t\t\t\t<div class=\"col-xs-12 col-sm-10 col-md-8 col-sm-offset-1 col-md-offset-2 start-xs end-md margin-bottom-sixth\">\n\t\t\t\t\t\t\t\t\t\t\t<\/div>\n\t\t\t\t<\/div>\n\t\t\t\t<ul class=\"row\">\n\t\t\t\n<li class=\"col-xs-12 teaser-wrapper col-padding-remove\">\n\t<calendarteaser key=\"244356713\" rawitem='{&quot;postId&quot;:24435,&quot;title&quot;:&quot;Filmreihe schrecklich sch\\u00f6n&quot;,&quot;excerpt&quot;:&quot;&quot;,&quot;slug&quot;:&quot;filmreihe-schrecklich-schoen&quot;,&quot;type&quot;:&quot;event-sequence&quot;,&quot;post_date&quot;:&quot;2021-06-17T11:17&quot;,&quot;permalink&quot;:&quot;https:\\\/\\\/www.humboldtforum.org\\\/de\\\/programm\\\/event-reihe\\\/film-video\\\/filmreihe-schrecklich-schoen-24435\\\/&quot;,&quot;genre&quot;:[729],&quot;genre_details&quot;:[{&quot;text&quot;:&quot;Film\\\/Video&quot;,&quot;id&quot;:729,&quot;icon&quot;:null,&quot;parent&quot;:0}],&quot;stakeholder&quot;:[382],&quot;stakeholder_details&quot;:[{&quot;text&quot;:&quot;Stiftung Humboldt Forum im Berliner Schloss&quot;,&quot;id&quot;:382,&quot;icon&quot;:null,&quot;parent&quot;:0}],&quot;place&quot;:[883],&quot;place_details&quot;:{&quot;place&quot;:&quot;Humboldt Forum&quot;,&quot;map&quot;:&quot;Humboldt Forum, Schlossplatz, Berlin&quot;,&quot;room&quot;:&quot;Saal 2, EG&quot;},&quot;icon_overwrite&quot;:&quot;&quot;,&quot;acf&quot;:{&quot;noindex&quot;:false,&quot;keywords&quot;:&quot;&quot;,&quot;belongsto&quot;:[21232],&quot;shorturl&quot;:&quot;film-schrecklich-schoen&quot;,&quot;subline&quot;:&quot;&quot;,&quot;subline_feature&quot;:&quot;Der Elefant in ganz unterschiedlichen Rollen&quot;,&quot;marketing_text&quot;:&quot;mittwochs 19 Uhr, sonntags 16 Uhr&quot;,&quot;shorttext&quot;:&quot;Die Filmreihe schrecklich sch\\u00f6n zeigt den Elefanten in ganz unterschiedlichen Rollen und mit einer Bandbreite an realen und imaginierten Eigenschaften.&quot;,&quot;longtext&quot;:&quot;&quot;,&quot;highlight_header&quot;:false,&quot;featured_images&quot;:[21516],&quot;video&quot;:false,&quot;hyphenation&quot;:true,&quot;tipp&quot;:false,&quot;alert_text&quot;:&quot;&quot;,&quot;joker&quot;:false,&quot;live&quot;:false,&quot;overwrite_date&quot;:&quot;Okt. 2021 \\u2013 Jan. 2022&quot;,&quot;additional_info&quot;:{&quot;icon&quot;:&quot;icon-preis&quot;,&quot;text&quot;:&quot;Die Tickets zu den einzelnen Vorstellungen kosten 5 EUR, erm\\u00e4\\u00dfigt 2,50 EUR.&quot;},&quot;use_video_in_teasers&quot;:false,&quot;manual_period&quot;:false,&quot;hide_event_in_program&quot;:false,&quot;infotext&quot;:&quot;mittwochs 19 Uhr, sonntags 16 Uhr&quot;,&quot;tickettext&quot;:&quot;Bitte buchen Sie Ihr Ticket vorab online oder an der Kasse im Foyer.&quot;},&quot;date&quot;:{&quot;NLAST&quot;:null},&quot;alert&quot;:null,&quot;partof&quot;:[],&quot;marketing_topic&quot;:&quot;&quot;}' inline-template>\n\t<a href=\"https:\/\/www.humboldtforum.org\/de\/programm\/event-reihe\/film-video\/filmreihe-schrecklich-schoen-24435\/\" class=\"teaser teaser-event-sequence teaser-event-standard\">\n\t\t<div class=\"row\">\n\t\t\t<div class=\"col-xs-12 col-sm-6 col-md-5 col-sm-offset-1 col-md-offset-2 first-sm teaser-event-text Infos\">\n\t\t\t\t<div class=\"teaser-event-standard-text\">\n\t\t\t\t\t<div class=\"margin-bottom-atom\">\n\t\t\t\t\t\t<div class=\"subline clamp-1\" v-html=\"maingenre\"><\/div>\n\t\t\t\t\t\t\t\t\t\t\t<\/div>\n\t\t\t\t\n\t\t\t\t\t<strong class=\"margin-bottom-atom h5\">Filmreihe schrecklich sch\u00f6n<\/strong>\n\n\t\t\t\t\t\t\t\t\t\t\t<div class=\"\">mittwochs 19 Uhr, sonntags 16 Uhr<\/div>\n\t\t\t\t\t\t\t\t\t<\/div>\n\t\t\t\t<div class=\"teaser-bottom border-bottom\">\n\t\t\t\t<calendardateline :rawitem='item' :show-icon=\"true\"><\/calendardateline>\n\t\t\t\t\t<hr>\n\t\t\t\t<\/div>\n\t\t\t<\/div>\n\t\t\t<div class=\"col-xs-12 col-sm-4 col-md-3 teaser-event-image bottom-xs first-xs\">\n\t\t\t\t<div class=\"teaser-image teaser-image-no-alternate\">\n\t\t\t\t\t\t\t\t\t\t\t\n\t<lazy-media-inline inline-template>\n\t\t<figure itemscope itemtype=\"http:\/\/schema.org\/ImageObject\" class=\"lazy-media-inline \" role=\"group\" id=\"media_69ee43e4a53ba\" aria-labelledby=\"desc_media_69ee43e4a53ba\">\n\t\t\t<script type=\"application\/json\" ref=\"data\">\n\t\t\t\t{\n\t\t\t\t\"sizes\" : {\"medium\":{\"file\":\"SHF_eb00109275-300x199.jpg\",\"width\":300,\"height\":199,\"mime-type\":\"image\\\/jpeg\"},\"large\":{\"file\":\"SHF_eb00109275-1024x680.jpg\",\"width\":1024,\"height\":680,\"mime-type\":\"image\\\/jpeg\"},\"thumbnail\":{\"file\":\"SHF_eb00109275-150x150.jpg\",\"width\":150,\"height\":150,\"mime-type\":\"image\\\/jpeg\"},\"medium_large\":{\"file\":\"SHF_eb00109275-768x510.jpg\",\"width\":768,\"height\":510,\"mime-type\":\"image\\\/jpeg\"},\"small\":{\"file\":\"SHF_eb00109275-440x292.jpg\",\"width\":440,\"height\":292,\"mime-type\":\"image\\\/jpeg\"},\"semi\":{\"file\":\"SHF_eb00109275-580x385.jpg\",\"width\":580,\"height\":385,\"mime-type\":\"image\\\/jpeg\"},\"mobile\":{\"file\":\"SHF_eb00109275-720x478.jpg\",\"width\":720,\"height\":478,\"mime-type\":\"image\\\/jpeg\"},\"hd\":{\"file\":\"SHF_eb00109275-1280x850.jpg\",\"width\":1280,\"height\":850,\"mime-type\":\"image\\\/jpeg\"},\"full\":{\"file\":\"SHF_eb00109275-1920x1275.jpg\",\"width\":1920,\"height\":1275,\"mime-type\":\"image\\\/jpeg\"},\"1536x1536\":{\"file\":\"SHF_eb00109275-1536x1020.jpg\",\"width\":1536,\"height\":1020,\"mime-type\":\"image\\\/jpeg\"},\"original\":{\"file\":\"SHF_eb00109275.jpg\",\"width\":2048,\"height\":1360}},\n\t\t\t\t\"alt\" : \"Ein Ranger beobachtet Elefanten in der Savanne, nahe einem Gel\\u00e4ndewagen vor dem majest\\u00e4tischen Berg.\",\n\t\t\t\t\"path\" : \"\\\/wp-content\\\/uploads\\\/2021\\\/04\\\/\",\n\t\t\t\t\"video\" : null,\n\t\t\t\t\"autoplay\" : null,\n\t\t\t\t\"youtube\" : null,\n\t\t\t\t\"youtubelabel\" : \"Video abspielen\",\n\t\t\t\t\"brightness\" : 100,\n\t\t\t\t\"crop\" : {\"top\":\"71.96\",\"left\":\"49.67\"},\n\t\t\t\t\"background\" : true,\n\t\t\t\t\"scale\" : 2\t\t\t\t}\n\t\t\t<\/script>\n\n\t\t\t<div class=\"height-container\" style=\"padding-bottom:66.40625%;\" v-if=\"sizes\">\n\t\t\t\t\t\t\t\t<lazy-media :inline=\"true\" :alt=\"alt\" :sizes=\"sizes\" :scale=\"scale\" :brightness=\"brightness\" :path=\"path\" :video=\"video\" :autoplay=\"autoplay\" :youtube=\"youtube\" :crop=\"crop\" :youtubelabel=\"youtubelabel\" :background=\"background\" media-id=\"desc_media_69ee43e4a53ba\"><\/lazy-media>\n\t\t\t\t\t\t\t<\/div>\n\n\t\t\t\t\t\t\t<figcaption class=\"sr-only\" ref=\"body\" id=\"desc_media_69ee43e4a53ba\">\n\t\t\t\t\t\t\t\t\t\t\t<div>Ein Wildlife-Kameramann filmt Afrikanische Elefanten im Ambroseli Nationalpark, Kenia.<\/div>\n\t\t\t\t\t\t\t\t\t\t\t\t\t\t\t\t\t\t\t\t\t<div class=\"insignificant\">\u00a9 MICHAEL CUTHBERT \/ Alamy Stock Photo\r\n<\/div>\n\t\t\t\t\t\t\t\t\t<\/figcaption>\n\t\t\t\t\t<\/figure>\n\t<\/lazy-media-inline>\n\t\t\t\t<\/div>\n\t\t\t<\/div>\n\t\t<\/div>\n\t<\/a>\n\t<\/calendarteaser>\n<\/li>\n\n\t\t\t\t<\/ul>\n\t\t\t<\/div>\n\t\t\t\t<\/lazy-component>\n<\/section>\n\n\n\n\n\n\n<section class=\"block block-teaser col-3 \" style=\"\">\n\t\t\t\t\t\t<div class=\"container-fluid\">\n\t\t\t\t\t\t\t\t\t<div class=\"row\">\n\t\t\t\t\t\t<div class=\"col-xs-12\">\n\t\t\t\t\t\t\t<h3 class=\"h4 topline\">Organisatorische Infos<\/h4>\n\t\t\t\t\t\t<\/div>\n\t\t\t\t\t<\/div>\n\t\t\t\t\t\t\t\t<ul class=\"row\">\n\n\t\t\t\t\t\t\t\t<\/ul>\n\t\t\t<\/div>\n\t\t\t<\/section>","protected":false},"template":"","genre":[729],"digital":[],"topic":[],"stakeholder":[382],"editorial":[],"editorialfilter":[],"targetgroup":[454],"language":[384],"accessability":[430],"age":[],"school":[],"groupsize":[],"place":[883],"class_list":["post-32397","event","type-event","status-publish","has-post-thumbnail","hentry","genre-film-video","stakeholder-stiftung-humboldt-forum-im-berliner-schloss","targetgroup-kinder-und-familien","language-deutsch","accessability-rollstuhlgerecht","place-saal-2-eg"],"acf":[],"_links":{"self":[{"href":"https:\/\/www.humboldtforum.org\/de\/wp-json\/wp\/v2\/event\/32397","targetHints":{"allow":["GET"]}}],"collection":[{"href":"https:\/\/www.humboldtforum.org\/de\/wp-json\/wp\/v2\/event"}],"about":[{"href":"https:\/\/www.humboldtforum.org\/de\/wp-json\/wp\/v2\/types\/event"}],"version-history":[{"count":0,"href":"https:\/\/www.humboldtforum.org\/de\/wp-json\/wp\/v2\/event\/32397\/revisions"}],"wp:featuredmedia":[{"embeddable":true,"href":"https:\/\/www.humboldtforum.org\/de\/wp-json\/wp\/v2\/media\/24721"}],"wp:attachment":[{"href":"https:\/\/www.humboldtforum.org\/de\/wp-json\/wp\/v2\/media?parent=32397"}],"wp:term":[{"taxonomy":"genre","embeddable":true,"href":"https:\/\/www.humboldtforum.org\/de\/wp-json\/wp\/v2\/genre?post=32397"},{"taxonomy":"digital","embeddable":true,"href":"https:\/\/www.humboldtforum.org\/de\/wp-json\/wp\/v2\/digital?post=32397"},{"taxonomy":"topic","embeddable":true,"href":"https:\/\/www.humboldtforum.org\/de\/wp-json\/wp\/v2\/topic?post=32397"},{"taxonomy":"stakeholder","embeddable":true,"href":"https:\/\/www.humboldtforum.org\/de\/wp-json\/wp\/v2\/stakeholder?post=32397"},{"taxonomy":"editorial","embeddable":true,"href":"https:\/\/www.humboldtforum.org\/de\/wp-json\/wp\/v2\/editorial?post=32397"},{"taxonomy":"editorialfilter","embeddable":true,"href":"https:\/\/www.humboldtforum.org\/de\/wp-json\/wp\/v2\/editorialfilter?post=32397"},{"taxonomy":"targetgroup","embeddable":true,"href":"https:\/\/www.humboldtforum.org\/de\/wp-json\/wp\/v2\/targetgroup?post=32397"},{"taxonomy":"language","embeddable":true,"href":"https:\/\/www.humboldtforum.org\/de\/wp-json\/wp\/v2\/language?post=32397"},{"taxonomy":"accessability","embeddable":true,"href":"https:\/\/www.humboldtforum.org\/de\/wp-json\/wp\/v2\/accessability?post=32397"},{"taxonomy":"age","embeddable":true,"href":"https:\/\/www.humboldtforum.org\/de\/wp-json\/wp\/v2\/age?post=32397"},{"taxonomy":"school","embeddable":true,"href":"https:\/\/www.humboldtforum.org\/de\/wp-json\/wp\/v2\/school?post=32397"},{"taxonomy":"groupsize","embeddable":true,"href":"https:\/\/www.humboldtforum.org\/de\/wp-json\/wp\/v2\/groupsize?post=32397"},{"taxonomy":"place","embeddable":true,"href":"https:\/\/www.humboldtforum.org\/de\/wp-json\/wp\/v2\/place?post=32397"}],"curies":[{"name":"wp","href":"https:\/\/api.w.org\/{rel}","templated":true}]}}

<section class="block block-copy block-no-margin" >
    <div class="container-fluid">
		<div class="row ">
            <div class="col-xs-12 col-md-offset-2 col-md-8">
                <div class="box">
                    <div class="copy"><p><em>Eye-to-Eye-Einführung von Nashen Moodley, Direktor des Sydney Film Festivals, Australien</em></p>
<p>Die Tiere der Kalahari, der Namibischen Wüste und im Okovango Delta werden in diesem Film mit viel Musik und Parallelen zu menschlichem Verhalten vorgestellt. Elefanten gehören natürlich dazu. Es geht um Erziehungsprobleme mit dem Nachwuchs, rauschhafte Nächte und den tierischen Kater nach Alkoholkonsum mit vergorenen Marula-Früchten&#8230; 50 Jahre nach seiner Entstehung mag mancher Vergleich nicht mehr ganz zeitgemäß sein <b>– </b>der Film zählt aber immer noch zu den vergnüglichsten Tierdokumentationen aller Zeiten.</p>
<p><a href="https://www.youtube.com/watch?v=uazRtgolues"><em>Zum Trailer</em></a></p>
</div>
                </div>
            </div>
		</div>
		    </div>
</section>

<section class="block block-teaser col-1 has-bg" style="--teaser-bg:#f2f2f2">
	<lazy-component :fixed-min-height="400">
	
					<div class="container-fluid">
				<div class="row bottom-xs">
					<div class="col-xs-12 col-sm-10 col-md-8 col-sm-offset-1 col-md-offset-2">
						<h4>Zur Filmreihe</h4>																			</div>
					<div class="col-xs-12 col-sm-10 col-md-8 col-sm-offset-1 col-md-offset-2 start-xs end-md margin-bottom-sixth">
											</div>
				</div>
				<ul class="row">
			
<li class="col-xs-12 teaser-wrapper col-padding-remove">
	<calendarteaser key="244356713" rawitem='{&quot;postId&quot;:24435,&quot;title&quot;:&quot;Filmreihe schrecklich sch\u00f6n&quot;,&quot;excerpt&quot;:&quot;&quot;,&quot;slug&quot;:&quot;filmreihe-schrecklich-schoen&quot;,&quot;type&quot;:&quot;event-sequence&quot;,&quot;post_date&quot;:&quot;2021-06-17T11:17&quot;,&quot;permalink&quot;:&quot;https:\/\/www.humboldtforum.org\/de\/programm\/event-reihe\/film-video\/filmreihe-schrecklich-schoen-24435\/&quot;,&quot;genre&quot;:[729],&quot;genre_details&quot;:[{&quot;text&quot;:&quot;Film\/Video&quot;,&quot;id&quot;:729,&quot;icon&quot;:null,&quot;parent&quot;:0}],&quot;stakeholder&quot;:[382],&quot;stakeholder_details&quot;:[{&quot;text&quot;:&quot;Stiftung Humboldt Forum im Berliner Schloss&quot;,&quot;id&quot;:382,&quot;icon&quot;:null,&quot;parent&quot;:0}],&quot;place&quot;:[883],&quot;place_details&quot;:{&quot;place&quot;:&quot;Humboldt Forum&quot;,&quot;map&quot;:&quot;Humboldt Forum, Schlossplatz, Berlin&quot;,&quot;room&quot;:&quot;Saal 2, EG&quot;},&quot;icon_overwrite&quot;:&quot;&quot;,&quot;acf&quot;:{&quot;noindex&quot;:false,&quot;keywords&quot;:&quot;&quot;,&quot;belongsto&quot;:[21232],&quot;shorturl&quot;:&quot;film-schrecklich-schoen&quot;,&quot;subline&quot;:&quot;&quot;,&quot;subline_feature&quot;:&quot;Der Elefant in ganz unterschiedlichen Rollen&quot;,&quot;marketing_text&quot;:&quot;mittwochs 19 Uhr, sonntags 16 Uhr&quot;,&quot;shorttext&quot;:&quot;Die Filmreihe schrecklich sch\u00f6n zeigt den Elefanten in ganz unterschiedlichen Rollen und mit einer Bandbreite an realen und imaginierten Eigenschaften.&quot;,&quot;longtext&quot;:&quot;&quot;,&quot;highlight_header&quot;:false,&quot;featured_images&quot;:[21516],&quot;video&quot;:false,&quot;hyphenation&quot;:true,&quot;tipp&quot;:false,&quot;alert_text&quot;:&quot;&quot;,&quot;joker&quot;:false,&quot;live&quot;:false,&quot;overwrite_date&quot;:&quot;Okt. 2021 \u2013 Jan. 2022&quot;,&quot;additional_info&quot;:{&quot;icon&quot;:&quot;icon-preis&quot;,&quot;text&quot;:&quot;Die Tickets zu den einzelnen Vorstellungen kosten 5 EUR, erm\u00e4\u00dfigt 2,50 EUR.&quot;},&quot;use_video_in_teasers&quot;:false,&quot;manual_period&quot;:false,&quot;hide_event_in_program&quot;:false,&quot;infotext&quot;:&quot;mittwochs 19 Uhr, sonntags 16 Uhr&quot;,&quot;tickettext&quot;:&quot;Bitte buchen Sie Ihr Ticket vorab online oder an der Kasse im Foyer.&quot;},&quot;date&quot;:{&quot;NLAST&quot;:null},&quot;alert&quot;:null,&quot;partof&quot;:[],&quot;marketing_topic&quot;:&quot;&quot;}' inline-template>
	<a href="https://www.humboldtforum.org/de/programm/event-reihe/film-video/filmreihe-schrecklich-schoen-24435/" class="teaser teaser-event-sequence teaser-event-standard">
		<div class="row">
			<div class="col-xs-12 col-sm-6 col-md-5 col-sm-offset-1 col-md-offset-2 first-sm teaser-event-text Infos">
				<div class="teaser-event-standard-text">
					<div class="margin-bottom-atom">
						<div class="subline clamp-1" v-html="maingenre"></div>
											</div>
				
					<strong class="margin-bottom-atom h5">Filmreihe schrecklich schön</strong>

											<div class="">mittwochs 19 Uhr, sonntags 16 Uhr</div>
									</div>
				<div class="teaser-bottom border-bottom">
				<calendardateline :rawitem='item' :show-icon="true"></calendardateline>
					<hr>
				</div>
			</div>
			<div class="col-xs-12 col-sm-4 col-md-3 teaser-event-image bottom-xs first-xs">
				<div class="teaser-image teaser-image-no-alternate">
											
	<lazy-media-inline inline-template>
		<figure itemscope itemtype="http://schema.org/ImageObject" class="lazy-media-inline " role="group" id="media_69ee43e4a53ba" aria-labelledby="desc_media_69ee43e4a53ba">
			<script type="application/json" ref="data">
				{
				"sizes" : {"medium":{"file":"SHF_eb00109275-300x199.jpg","width":300,"height":199,"mime-type":"image\/jpeg"},"large":{"file":"SHF_eb00109275-1024x680.jpg","width":1024,"height":680,"mime-type":"image\/jpeg"},"thumbnail":{"file":"SHF_eb00109275-150x150.jpg","width":150,"height":150,"mime-type":"image\/jpeg"},"medium_large":{"file":"SHF_eb00109275-768x510.jpg","width":768,"height":510,"mime-type":"image\/jpeg"},"small":{"file":"SHF_eb00109275-440x292.jpg","width":440,"height":292,"mime-type":"image\/jpeg"},"semi":{"file":"SHF_eb00109275-580x385.jpg","width":580,"height":385,"mime-type":"image\/jpeg"},"mobile":{"file":"SHF_eb00109275-720x478.jpg","width":720,"height":478,"mime-type":"image\/jpeg"},"hd":{"file":"SHF_eb00109275-1280x850.jpg","width":1280,"height":850,"mime-type":"image\/jpeg"},"full":{"file":"SHF_eb00109275-1920x1275.jpg","width":1920,"height":1275,"mime-type":"image\/jpeg"},"1536x1536":{"file":"SHF_eb00109275-1536x1020.jpg","width":1536,"height":1020,"mime-type":"image\/jpeg"},"original":{"file":"SHF_eb00109275.jpg","width":2048,"height":1360}},
				"alt" : "Ein Ranger beobachtet Elefanten in der Savanne, nahe einem Gel\u00e4ndewagen vor dem majest\u00e4tischen Berg.",
				"path" : "\/wp-content\/uploads\/2021\/04\/",
				"video" : null,
				"autoplay" : null,
				"youtube" : null,
				"youtubelabel" : "Video abspielen",
				"brightness" : 100,
				"crop" : {"top":"71.96","left":"49.67"},
				"background" : true,
				"scale" : 2				}
			</script>

			<div class="height-container" style="padding-bottom:66.40625%;" v-if="sizes">
								<lazy-media :inline="true" :alt="alt" :sizes="sizes" :scale="scale" :brightness="brightness" :path="path" :video="video" :autoplay="autoplay" :youtube="youtube" :crop="crop" :youtubelabel="youtubelabel" :background="background" media-id="desc_media_69ee43e4a53ba"></lazy-media>
							</div>

							<figcaption class="sr-only" ref="body" id="desc_media_69ee43e4a53ba">
											<div>Ein Wildlife-Kameramann filmt Afrikanische Elefanten im Ambroseli Nationalpark, Kenia.</div>
																					<div class="insignificant">© MICHAEL CUTHBERT / Alamy Stock Photo
</div>
									</figcaption>
					</figure>
	</lazy-media-inline>
				</div>
			</div>
		</div>
	</a>
	</calendarteaser>
</li>

				</ul>
			</div>
				</lazy-component>
</section>






<section class="block block-teaser col-3 " style="">
						<div class="container-fluid">
									<div class="row">
						<div class="col-xs-12">
							<h3 class="h4 topline">Organisatorische Infos</h4>
						</div>
					</div>
								<ul class="row">

								</ul>
			</div>
			</section>
