{"id":32413,"date":"2021-09-23T16:29:56","date_gmt":"2021-09-23T14:29:56","guid":{"rendered":"https:\/\/www.humboldtforum.org\/?post_type=event&#038;p=32413"},"modified":"2026-03-03T14:07:46","modified_gmt":"2026-03-03T13:07:46","slug":"die-neupraesentationen-der-sammlungen","status":"publish","type":"event","link":"https:\/\/www.humboldtforum.org\/de\/programm\/termin\/fuehrung\/die-neupraesentationen-der-sammlungen-32413\/","title":{"rendered":"Ungehindert"},"content":{"rendered":"<section class=\"block block-copy\" >\n    <div class=\"container-fluid\">\n\t\t<div class=\"row \">\n            <div class=\"col-xs-12 col-md-offset-2 col-md-8\">\n                <div class=\"box\">\n                    <div class=\"copy\"><p><span style=\"letter-spacing: 0.0px\">Blinde und sehbeeintr\u00e4chtigte Personen sind eingeladen, den Sammlungen des Ethnologischen Museums und des Museums f\u00fcr Asiatische Kunst auf besondere Weise zu begegnen. Lebendige und sinnliche Beschreibungen der Objekte, Soundkulissen sowie Tastobjekte bieten multisensorische Zugangsm\u00f6glichkeiten und regen \u00e4sthetisches Erfahren und Fragenstellen an.<\/span><\/p>\n<\/div>\n                <\/div>\n            <\/div>\n\t\t<\/div>\n\t\t    <\/div>\n<\/section>\n\n\n\n\n<section class=\"block block-teaser col-lane33 \" style=\"\">\n\t\t\t\t\t\t<teaser-lane-with-buttons inline-template tracking-label=\"Organisatorische Hinweise\">\n\t\t\t\t<div>\n\t\t\t\t\t<div class=\"container-fluid\">\n\t\t\t\t\t\t<div class=\"row middle-xs\">\n\t\t\t\t\t\t\t<div class=\"col-xs-10 col-sm-8\">\n\t\t\t\t\t\t\t\t<h3 class=\"h4 topline\">Organisatorische Hinweise<\/h3>\t\t\t\t\t\t\t<\/div>\n\t\t\t\t\t\t\t<div class=\"col-xs-2 col-sm-4 end-xs margin-bottom-sixth\">\n\t\t\t\t\t\t\t\t<teaser-lane-buttons :visible_prev=\"visible_prev\" :visible_next=\"visible_next\" @prev=\"prev\" @next=\"next\"><\/teaser-lane-buttons>\n\t\t\t\t\t\t\t<\/div>\n\t\t\t\t\t\t<\/div>\n\t\t\t\t\t<\/div>\n\t\t\t\t\t<div class=\"teaser-lane-wrapper\">\n\t\t\t\t\t\t<ul class=\"teaser-lane\">\n\t\t\t\t\t\t<li class=\"teaser-lane-slide col-xs-10 col-sm-8 col-md-4 teaser-wrapper col-padding-remove\">\n\t<div class=\"box\">\n\t\t<div class=\"teaser teaser-info\">\n\t\t\t<div class=\"box teaser-info-box\">\n\t\t\t\t<div>\n\t\t\t\t\t\t\t\t\t\t\t<div class=\"teaser-info-image\">\n\t\t\t\t\t\t\t<img decoding=\"async\" class=\"teaser-inline-svg\" alt=\"Piktogramm Treffpunkt &#038; Uhrzeit\" src=\"https:\/\/www.humboldtforum.org\/wp-content\/uploads\/2021\/06\/Meetingpoint.svg\">\n\t\t\t\t\t\t<\/div>\n\t\t\t\t\t\t\t\t\t\t<div class=\"teaser-header h6\">Treffpunkt &#038; Uhrzeit<\/div>\n\t\t\t\t\t<div class=\"teaser-info-copy Teaser-copy\"><p>Den Treffpunkt f\u00fcr F\u00fchrungen und den Ort f\u00fcr Workshops finden Sie auf Ihrer Buchungsbest\u00e4tigung. Damit die F\u00fchrung p\u00fcnktlich beginnen kann, bitten wir Sie, 15 Minuten vor Programmbeginn im Humboldt Forum einzutreffen. Ber\u00fccksichtigen Sie bitte unbedingt diese zus\u00e4tzliche Viertelstunde bei Ihrer Planung. Vielen Dank!<\/p>\n<\/div>\n\t\t\t\t<\/div>\n\t\t\t\t\n\t\t\t\t\t\t\t<\/div>\n\t\t<\/div>\n\t<\/div>\n<\/li>\t\t\t\t\t\t<\/ul>\n\t\t\t\t\t<\/div>\n\t\t\t\t<\/div>\n\t\t\t<\/teaser-lane-with-buttons>\n\t\t\t<\/section>","protected":false},"template":"","genre":[821],"digital":[],"topic":[],"stakeholder":[530],"editorial":[],"editorialfilter":[],"targetgroup":[383],"language":[384],"accessability":[],"age":[],"school":[],"groupsize":[1059],"place":[],"class_list":["post-32413","event","type-event","status-publish","has-post-thumbnail","hentry","genre-fuehrung","stakeholder-staatliche-museen-zu-berlin","targetgroup-erwachsene","language-deutsch","groupsize-max-15-personen"],"acf":[],"_links":{"self":[{"href":"https:\/\/www.humboldtforum.org\/de\/wp-json\/wp\/v2\/event\/32413","targetHints":{"allow":["GET"]}}],"collection":[{"href":"https:\/\/www.humboldtforum.org\/de\/wp-json\/wp\/v2\/event"}],"about":[{"href":"https:\/\/www.humboldtforum.org\/de\/wp-json\/wp\/v2\/types\/event"}],"version-history":[{"count":11,"href":"https:\/\/www.humboldtforum.org\/de\/wp-json\/wp\/v2\/event\/32413\/revisions"}],"predecessor-version":[{"id":141876,"href":"https:\/\/www.humboldtforum.org\/de\/wp-json\/wp\/v2\/event\/32413\/revisions\/141876"}],"wp:featuredmedia":[{"embeddable":true,"href":"https:\/\/www.humboldtforum.org\/de\/wp-json\/wp\/v2\/media\/32637"}],"wp:attachment":[{"href":"https:\/\/www.humboldtforum.org\/de\/wp-json\/wp\/v2\/media?parent=32413"}],"wp:term":[{"taxonomy":"genre","embeddable":true,"href":"https:\/\/www.humboldtforum.org\/de\/wp-json\/wp\/v2\/genre?post=32413"},{"taxonomy":"digital","embeddable":true,"href":"https:\/\/www.humboldtforum.org\/de\/wp-json\/wp\/v2\/digital?post=32413"},{"taxonomy":"topic","embeddable":true,"href":"https:\/\/www.humboldtforum.org\/de\/wp-json\/wp\/v2\/topic?post=32413"},{"taxonomy":"stakeholder","embeddable":true,"href":"https:\/\/www.humboldtforum.org\/de\/wp-json\/wp\/v2\/stakeholder?post=32413"},{"taxonomy":"editorial","embeddable":true,"href":"https:\/\/www.humboldtforum.org\/de\/wp-json\/wp\/v2\/editorial?post=32413"},{"taxonomy":"editorialfilter","embeddable":true,"href":"https:\/\/www.humboldtforum.org\/de\/wp-json\/wp\/v2\/editorialfilter?post=32413"},{"taxonomy":"targetgroup","embeddable":true,"href":"https:\/\/www.humboldtforum.org\/de\/wp-json\/wp\/v2\/targetgroup?post=32413"},{"taxonomy":"language","embeddable":true,"href":"https:\/\/www.humboldtforum.org\/de\/wp-json\/wp\/v2\/language?post=32413"},{"taxonomy":"accessability","embeddable":true,"href":"https:\/\/www.humboldtforum.org\/de\/wp-json\/wp\/v2\/accessability?post=32413"},{"taxonomy":"age","embeddable":true,"href":"https:\/\/www.humboldtforum.org\/de\/wp-json\/wp\/v2\/age?post=32413"},{"taxonomy":"school","embeddable":true,"href":"https:\/\/www.humboldtforum.org\/de\/wp-json\/wp\/v2\/school?post=32413"},{"taxonomy":"groupsize","embeddable":true,"href":"https:\/\/www.humboldtforum.org\/de\/wp-json\/wp\/v2\/groupsize?post=32413"},{"taxonomy":"place","embeddable":true,"href":"https:\/\/www.humboldtforum.org\/de\/wp-json\/wp\/v2\/place?post=32413"}],"curies":[{"name":"wp","href":"https:\/\/api.w.org\/{rel}","templated":true}]}}

<section class="block block-copy" >
    <div class="container-fluid">
		<div class="row ">
            <div class="col-xs-12 col-md-offset-2 col-md-8">
                <div class="box">
                    <div class="copy"><p><span style="letter-spacing: 0.0px">Blinde und sehbeeinträchtigte Personen sind eingeladen, den Sammlungen des Ethnologischen Museums und des Museums für Asiatische Kunst auf besondere Weise zu begegnen. Lebendige und sinnliche Beschreibungen der Objekte, Soundkulissen sowie Tastobjekte bieten multisensorische Zugangsmöglichkeiten und regen ästhetisches Erfahren und Fragenstellen an.</span></p>
</div>
                </div>
            </div>
		</div>
		    </div>
</section>




<section class="block block-teaser col-lane33 " style="">
						<teaser-lane-with-buttons inline-template tracking-label="Organisatorische Hinweise">
				<div>
					<div class="container-fluid">
						<div class="row middle-xs">
							<div class="col-xs-10 col-sm-8">
								<h3 class="h4 topline">Organisatorische Hinweise</h3>							</div>
							<div class="col-xs-2 col-sm-4 end-xs margin-bottom-sixth">
								<teaser-lane-buttons :visible_prev="visible_prev" :visible_next="visible_next" @prev="prev" @next="next"></teaser-lane-buttons>
							</div>
						</div>
					</div>
					<div class="teaser-lane-wrapper">
						<ul class="teaser-lane">
						<li class="teaser-lane-slide col-xs-10 col-sm-8 col-md-4 teaser-wrapper col-padding-remove">
	<div class="box">
		<div class="teaser teaser-info">
			<div class="box teaser-info-box">
				<div>
											<div class="teaser-info-image">
							<img decoding="async" class="teaser-inline-svg" alt="Piktogramm Treffpunkt &#038; Uhrzeit" src="https://www.humboldtforum.org/wp-content/uploads/2021/06/Meetingpoint.svg">
						</div>
										<div class="teaser-header h6">Treffpunkt &#038; Uhrzeit</div>
					<div class="teaser-info-copy Teaser-copy"><p>Den Treffpunkt für Führungen und den Ort für Workshops finden Sie auf Ihrer Buchungsbestätigung. Damit die Führung pünktlich beginnen kann, bitten wir Sie, 15 Minuten vor Programmbeginn im Humboldt Forum einzutreffen. Berücksichtigen Sie bitte unbedingt diese zusätzliche Viertelstunde bei Ihrer Planung. Vielen Dank!</p>
</div>
				</div>
				
							</div>
		</div>
	</div>
</li>						</ul>
					</div>
				</div>
			</teaser-lane-with-buttons>
			</section>
