{"id":36959,"date":"2022-01-20T11:30:24","date_gmt":"2022-01-20T10:30:24","guid":{"rendered":"https:\/\/www.humboldtforum.org\/?post_type=event&#038;p=36959"},"modified":"2023-05-25T09:58:54","modified_gmt":"2023-05-25T07:58:54","slug":"ein-objekt-viele-fragen-4","status":"publish","type":"event","link":"https:\/\/www.humboldtforum.org\/de\/programm\/termin\/diskurs\/ein-objekt-viele-fragen-4-36959\/","title":{"rendered":"Die Schlossplane. Illusion und Argument"},"content":{"rendered":"<section class=\"block block-copy\" >\n    <div class=\"container-fluid\">\n\t\t<div class=\"row \">\n            <div class=\"col-xs-12 col-md-offset-2 col-md-8\">\n                <div class=\"box\">\n                    <div class=\"copy\"><p>Die Diskussion um den Abriss des\u00a0<span class=\"w-term-highlight\">Palastes der Republik<\/span>\u00a0und den\u00a0<span class=\"w-term-highlight\">Wiederaufbau<\/span>\u00a0des\u00a0<span class=\"w-term-highlight\">Berliner Schlosses<\/span>\u00a0verlief Anfang der 1990er Jahre weitgehend abstrakt. Vor allem wurde sie in Zeitungsartikeln, Podiumsdiskussionen und Interviews verbal gef\u00fchrt \u2013 nicht visuell. Dies \u00e4nderte sich, als der F\u00f6rderverein\u00a0<span class=\"w-term-highlight\">Berliner Schloss<\/span>\u00a0e.V. eine Plane beauftragte, die auf einem riesigen Ger\u00fcst die Fassade des Schlosses in Originalgr\u00f6\u00dfe wiederauferstehen lie\u00df.<\/p>\n<p>In der Diskursreihe \u201eEin Objekt, viele Fragen\u201c geht es diesmal um ein St\u00fcck dieser Plane, das als\u00a0<a class=\"external-link\" href=\"https:\/\/www.humboldtforum.org\/de\/programm\/dauerangebot\/ausstellung\/spuren-14162\/\" rel=\"nofollow\">Spur zur Geschichte des Ortes<\/a>\u00a0im Humboldt Forum ausgestellt ist. Ausgehend von dem Exponat spricht die franz\u00f6sische K\u00fcnstlerin Catherine Feff, die mit ihrem Team 1992\/93 die Fassadensimulation geschaffen hat, mit der Kuratorin f\u00fcr Wissenschaft und Forschung Uta Kornmeier \u00fcber Fragen wie: Wie bemalt man eine 8.500-qm-gro\u00dfe Leinwand? Was macht illusionistische Kunst so wirksam? Wie sieht die K\u00fcnstlerin r\u00fcckblickend ihre Rolle in der Diskussion um den\u00a0<span class=\"w-term-highlight\">Wiederaufbau<\/span>\u00a0des Schlosses?<\/p>\n<\/div>\n                <\/div>\n            <\/div>\n\t\t<\/div>\n\t\t    <\/div>\n<\/section>\n\n<section class=\"block block-teaser col-lane33 \" style=\"\">\n\t\t\t\t\t\t<teaser-lane-with-buttons inline-template tracking-label=\"Organisatorische Hinweise\">\n\t\t\t\t<div>\n\t\t\t\t\t<div class=\"container-fluid\">\n\t\t\t\t\t\t<div class=\"row middle-xs\">\n\t\t\t\t\t\t\t<div class=\"col-xs-10 col-sm-8\">\n\t\t\t\t\t\t\t\t<h3 class=\"h4 topline\">Organisatorische Hinweise<\/h3>\t\t\t\t\t\t\t<\/div>\n\t\t\t\t\t\t\t<div class=\"col-xs-2 col-sm-4 end-xs margin-bottom-sixth\">\n\t\t\t\t\t\t\t\t<teaser-lane-buttons :visible_prev=\"visible_prev\" :visible_next=\"visible_next\" @prev=\"prev\" @next=\"next\"><\/teaser-lane-buttons>\n\t\t\t\t\t\t\t<\/div>\n\t\t\t\t\t\t<\/div>\n\t\t\t\t\t<\/div>\n\t\t\t\t\t<div class=\"teaser-lane-wrapper\">\n\t\t\t\t\t\t<ul class=\"teaser-lane\">\n\t\t\t\t\t\t\t\t\t\t\t\t<\/ul>\n\t\t\t\t\t<\/div>\n\t\t\t\t<\/div>\n\t\t\t<\/teaser-lane-with-buttons>\n\t\t\t<\/section>","protected":false},"template":"","genre":[392,1078,564],"digital":[],"topic":[431],"stakeholder":[382],"editorial":[],"editorialfilter":[],"targetgroup":[383,455],"language":[384,789],"accessability":[430],"age":[1264,1261],"school":[],"groupsize":[1059],"place":[1319],"class_list":["post-36959","event","type-event","status-publish","has-post-thumbnail","hentry","genre-diskurs","genre-gespraech","genre-wissenschaft","topic-geschichte-und-architektur-des-ortes","stakeholder-stiftung-humboldt-forum-im-berliner-schloss","targetgroup-erwachsene","targetgroup-jugendliche","language-deutsch","language-franzoesisch","accessability-rollstuhlgerecht","age-erwachsene","age-jugendliche","groupsize-max-15-personen","place-treppenhalle-eg"],"acf":[],"_links":{"self":[{"href":"https:\/\/www.humboldtforum.org\/de\/wp-json\/wp\/v2\/event\/36959","targetHints":{"allow":["GET"]}}],"collection":[{"href":"https:\/\/www.humboldtforum.org\/de\/wp-json\/wp\/v2\/event"}],"about":[{"href":"https:\/\/www.humboldtforum.org\/de\/wp-json\/wp\/v2\/types\/event"}],"version-history":[{"count":3,"href":"https:\/\/www.humboldtforum.org\/de\/wp-json\/wp\/v2\/event\/36959\/revisions"}],"predecessor-version":[{"id":83656,"href":"https:\/\/www.humboldtforum.org\/de\/wp-json\/wp\/v2\/event\/36959\/revisions\/83656"}],"wp:featuredmedia":[{"embeddable":true,"href":"https:\/\/www.humboldtforum.org\/de\/wp-json\/wp\/v2\/media\/36968"}],"wp:attachment":[{"href":"https:\/\/www.humboldtforum.org\/de\/wp-json\/wp\/v2\/media?parent=36959"}],"wp:term":[{"taxonomy":"genre","embeddable":true,"href":"https:\/\/www.humboldtforum.org\/de\/wp-json\/wp\/v2\/genre?post=36959"},{"taxonomy":"digital","embeddable":true,"href":"https:\/\/www.humboldtforum.org\/de\/wp-json\/wp\/v2\/digital?post=36959"},{"taxonomy":"topic","embeddable":true,"href":"https:\/\/www.humboldtforum.org\/de\/wp-json\/wp\/v2\/topic?post=36959"},{"taxonomy":"stakeholder","embeddable":true,"href":"https:\/\/www.humboldtforum.org\/de\/wp-json\/wp\/v2\/stakeholder?post=36959"},{"taxonomy":"editorial","embeddable":true,"href":"https:\/\/www.humboldtforum.org\/de\/wp-json\/wp\/v2\/editorial?post=36959"},{"taxonomy":"editorialfilter","embeddable":true,"href":"https:\/\/www.humboldtforum.org\/de\/wp-json\/wp\/v2\/editorialfilter?post=36959"},{"taxonomy":"targetgroup","embeddable":true,"href":"https:\/\/www.humboldtforum.org\/de\/wp-json\/wp\/v2\/targetgroup?post=36959"},{"taxonomy":"language","embeddable":true,"href":"https:\/\/www.humboldtforum.org\/de\/wp-json\/wp\/v2\/language?post=36959"},{"taxonomy":"accessability","embeddable":true,"href":"https:\/\/www.humboldtforum.org\/de\/wp-json\/wp\/v2\/accessability?post=36959"},{"taxonomy":"age","embeddable":true,"href":"https:\/\/www.humboldtforum.org\/de\/wp-json\/wp\/v2\/age?post=36959"},{"taxonomy":"school","embeddable":true,"href":"https:\/\/www.humboldtforum.org\/de\/wp-json\/wp\/v2\/school?post=36959"},{"taxonomy":"groupsize","embeddable":true,"href":"https:\/\/www.humboldtforum.org\/de\/wp-json\/wp\/v2\/groupsize?post=36959"},{"taxonomy":"place","embeddable":true,"href":"https:\/\/www.humboldtforum.org\/de\/wp-json\/wp\/v2\/place?post=36959"}],"curies":[{"name":"wp","href":"https:\/\/api.w.org\/{rel}","templated":true}]}}

<section class="block block-copy" >
    <div class="container-fluid">
		<div class="row ">
            <div class="col-xs-12 col-md-offset-2 col-md-8">
                <div class="box">
                    <div class="copy"><p>Die Diskussion um den Abriss des <span class="w-term-highlight">Palastes der Republik</span> und den <span class="w-term-highlight">Wiederaufbau</span> des <span class="w-term-highlight">Berliner Schlosses</span> verlief Anfang der 1990er Jahre weitgehend abstrakt. Vor allem wurde sie in Zeitungsartikeln, Podiumsdiskussionen und Interviews verbal geführt – nicht visuell. Dies änderte sich, als der Förderverein <span class="w-term-highlight">Berliner Schloss</span> e.V. eine Plane beauftragte, die auf einem riesigen Gerüst die Fassade des Schlosses in Originalgröße wiederauferstehen ließ.</p>
<p>In der Diskursreihe „Ein Objekt, viele Fragen“ geht es diesmal um ein Stück dieser Plane, das als <a class="external-link" href="https://www.humboldtforum.org/de/programm/dauerangebot/ausstellung/spuren-14162/" rel="nofollow">Spur zur Geschichte des Ortes</a> im Humboldt Forum ausgestellt ist. Ausgehend von dem Exponat spricht die französische Künstlerin Catherine Feff, die mit ihrem Team 1992/93 die Fassadensimulation geschaffen hat, mit der Kuratorin für Wissenschaft und Forschung Uta Kornmeier über Fragen wie: Wie bemalt man eine 8.500-qm-große Leinwand? Was macht illusionistische Kunst so wirksam? Wie sieht die Künstlerin rückblickend ihre Rolle in der Diskussion um den <span class="w-term-highlight">Wiederaufbau</span> des Schlosses?</p>
</div>
                </div>
            </div>
		</div>
		    </div>
</section>

<section class="block block-teaser col-lane33 " style="">
						<teaser-lane-with-buttons inline-template tracking-label="Organisatorische Hinweise">
				<div>
					<div class="container-fluid">
						<div class="row middle-xs">
							<div class="col-xs-10 col-sm-8">
								<h3 class="h4 topline">Organisatorische Hinweise</h3>							</div>
							<div class="col-xs-2 col-sm-4 end-xs margin-bottom-sixth">
								<teaser-lane-buttons :visible_prev="visible_prev" :visible_next="visible_next" @prev="prev" @next="next"></teaser-lane-buttons>
							</div>
						</div>
					</div>
					<div class="teaser-lane-wrapper">
						<ul class="teaser-lane">
												</ul>
					</div>
				</div>
			</teaser-lane-with-buttons>
			</section>
