{"id":40168,"date":"2022-03-22T11:07:06","date_gmt":"2022-03-22T10:07:06","guid":{"rendered":"https:\/\/www.humboldtforum.org\/?post_type=event&#038;p=40168"},"modified":"2022-03-24T08:48:55","modified_gmt":"2022-03-24T07:48:55","slug":"jitdam-kapeel","status":"publish","type":"event","link":"https:\/\/www.humboldtforum.org\/de\/programm\/termin\/diskurs\/jitdam-kapeel-40168\/","title":{"rendered":"Jitdam Kapeel*"},"content":{"rendered":"<section class=\"block block-copy block-no-margin\" >\n    <div class=\"container-fluid\">\n\t\t<div class=\"row \">\n            <div class=\"col-xs-12 col-md-offset-2 col-md-8\">\n                <div class=\"box\">\n                    <div class=\"copy\"><p>Kolonialit\u00e4ten, Klimawandel, Atomversuche und Umweltzerst\u00f6rung &#8211; das sind die gemeinsamen Themen, \u00fcber die sich Studierende von Meitaka Kendall am College of the Marshall Islands (CMI) und internationale Kunststudierende von Hannes Brunner an der Kunsthochschule Wei\u00dfensee ausgetauscht haben. Bezugspunkt ist die Ausstellung \u201eMensch und Meer\u201c des Ethnologischen Museums der Staatlichen Museen zu Berlin im 2. OG des Humboldt Forums und die darin gezeigten Objekte von den Marshallinseln. Entstanden sind k\u00fcnstlerische Kleinformate, die mit unterschiedlichsten Mitteln in den Dialog mit den Objekten und den Besucher*innen treten. Die dreit\u00e4gige Pr\u00e4sentation besteht aus Installationen und \u2013 als H\u00f6hepunkt \u2013 zwei digitalen Live-Schaltungen zwischen Majuro und Berlin \u2013 sunset to sunrise \u2013 am Samstag 2.4. um 10.30 Uhr und 12.00 Uhr.<\/p>\n<p>*&#8220;Das\u00a0<span class=\"TextRun BCX0 SCXW62301384\"><span class=\"NormalTextRun BCX0 SCXW62301384\">Suchen und Teilen von Insel-Wissen&#8220; ist das marshallesische Motto der Zusammenarbeit zwischen dem College of the Marshall Islands, der Kunsthochschule Wei\u00dfensee, dem Ethnologischen Museum der Staatlichen Museen zu Berlin und der Stiftung Humboldt Forum im <span class=\"w-term-highlight\">Berliner Schloss<\/span>. <a href=\"http:\/\/www.mi-cc.de\" target=\"_blank\" rel=\"noopener\">Weitere Informationen zur Zusammenarbeit der Studierenden<\/a>:\u00a0\u00a0<\/span><\/span><\/p>\n<p><strong>10.30 Uhr <\/strong><br \/>\nTeil 1 der Live-Schaltung Majuro (Marshall Islands) &#8211; Berlin: Gespr\u00e4ch zu den ethnologischen Objekten im Humboldt Forum und der Gegenwart der Marshall Islands<\/p>\n<p><strong>11.45-12.00 Uhr<\/strong><em> Pause<\/em><\/p>\n<p><strong>12.00-13.00 Uhr<\/strong><br \/>\nTeil 2 der Live-Schaltung: Gespr\u00e4ch zu den Installationen der Studierenden der Kunsthochschule Wei\u00dfensee<\/p>\n<p>&nbsp;<\/p>\n<p>&nbsp;<\/p>\n<p>&nbsp;<\/p>\n<p>&nbsp;<\/p>\n<\/div>\n                <\/div>\n            <\/div>\n\t\t<\/div>\n\t\t    <\/div>\n<\/section>\n\n<section class=\"block block-teaser col-2 \" style=\"\">\n\t\t\t\t\t\t<div class=\"container-fluid\">\n\t\t\t\t\t\t\t\t\t<div class=\"row\">\n\t\t\t\t\t\t<div class=\"col-xs-12\">\n\t\t\t\t\t\t\t<h3 class=\"h4 topline\">GEH\u00d6RT ZU<\/h4>\n\t\t\t\t\t\t<\/div>\n\t\t\t\t\t<\/div>\n\t\t\t\t\t\t\t\t<ul class=\"row\">\n\n\t\t\t\t\t\t\t\t<\/ul>\n\t\t\t<\/div>\n\t\t\t<\/section>\n\n<section class=\"block block-CTA block-CTA-long leftgradient\">\n\t<div class=\"container-fluid\">\n\t\t<div class=\"row center-xs\">\n\t\t\t<div class=\"col-xs-12\">\n\t\t\t\t<div class=\"box\">\n\t\t\t\t\t<a href=\"https:\/\/www.humboldtforum.org\/de\/newsletter-2\/\" aria-label=\"Bleiben Sie auf dem Laufenden!\" class=\"teaser teaser-cta-wide \">\n\t\t\t\t\t\t<div class=\"teaser-image\">\n\t\t\t\t\t\t\t\n\t<lazy-media-inline inline-template>\n\t\t<figure itemscope itemtype=\"http:\/\/schema.org\/ImageObject\" class=\"lazy-media-inline \" role=\"group\" id=\"media_69f25e0f9f63a\" aria-labelledby=\"desc_media_69f25e0f9f63a\">\n\t\t\t<script type=\"application\/json\" ref=\"data\">\n\t\t\t\t{\n\t\t\t\t\"sizes\" : {\"medium\":{\"file\":\"HF_eb00025640-scaled-300x200.jpg\",\"width\":300,\"height\":200,\"mime-type\":\"image\\\/jpeg\"},\"large\":{\"file\":\"HF_eb00025640-scaled-1024x683.jpg\",\"width\":1024,\"height\":683,\"mime-type\":\"image\\\/jpeg\"},\"thumbnail\":{\"file\":\"HF_eb00025640-scaled-150x150.jpg\",\"width\":150,\"height\":150,\"mime-type\":\"image\\\/jpeg\"},\"medium_large\":{\"file\":\"HF_eb00025640-scaled-768x512.jpg\",\"width\":768,\"height\":512,\"mime-type\":\"image\\\/jpeg\"},\"small\":{\"file\":\"HF_eb00025640-scaled-440x293.jpg\",\"width\":440,\"height\":293,\"mime-type\":\"image\\\/jpeg\"},\"semi\":{\"file\":\"HF_eb00025640-scaled-580x387.jpg\",\"width\":580,\"height\":387,\"mime-type\":\"image\\\/jpeg\"},\"mobile\":{\"file\":\"HF_eb00025640-scaled-720x480.jpg\",\"width\":720,\"height\":480,\"mime-type\":\"image\\\/jpeg\"},\"hd\":{\"file\":\"HF_eb00025640-scaled-1280x854.jpg\",\"width\":1280,\"height\":854,\"mime-type\":\"image\\\/jpeg\"},\"full\":{\"file\":\"HF_eb00025640-scaled-1920x1280.jpg\",\"width\":1920,\"height\":1280,\"mime-type\":\"image\\\/jpeg\"},\"1536x1536\":{\"file\":\"HF_eb00025640-scaled-1536x1024.jpg\",\"width\":1536,\"height\":1024,\"mime-type\":\"image\\\/jpeg\"},\"2048x2048\":{\"file\":\"HF_eb00025640-scaled-2048x1366.jpg\",\"width\":2048,\"height\":1366,\"mime-type\":\"image\\\/jpeg\"},\"original\":{\"file\":\"HF_eb00025640-scaled.jpg\",\"width\":2560,\"height\":1707}},\n\t\t\t\t\"alt\" : \"Eine Person h\\u00e4lt eine gedruckte Zeitung mit dem Titel \\\"Humboldt Forum\\\".\",\n\t\t\t\t\"path\" : \"\\\/wp-content\\\/uploads\\\/2020\\\/04\\\/\",\n\t\t\t\t\"video\" : null,\n\t\t\t\t\"autoplay\" : null,\n\t\t\t\t\"youtube\" : null,\n\t\t\t\t\"youtubelabel\" : \"Video abspielen\",\n\t\t\t\t\"brightness\" : \"70\",\n\t\t\t\t\"crop\" : {\"top\":\"52.69\",\"left\":\"52.11\"},\n\t\t\t\t\"background\" : true,\n\t\t\t\t\"scale\" : 2\t\t\t\t}\n\t\t\t<\/script>\n\n\t\t\t<div class=\"height-container\" style=\"padding-bottom:66.6796875%;\" v-if=\"sizes\">\n\t\t\t\t\t\t\t\t<lazy-media :inline=\"true\" :alt=\"alt\" :sizes=\"sizes\" :scale=\"scale\" :brightness=\"brightness\" :path=\"path\" :video=\"video\" :autoplay=\"autoplay\" :youtube=\"youtube\" :crop=\"crop\" :youtubelabel=\"youtubelabel\" :background=\"background\" media-id=\"desc_media_69f25e0f9f63a\"><\/lazy-media>\n\t\t\t\t\t\t\t<\/div>\n\n\t\t\t\t\t\t\t<figcaption class=\"sr-only\" ref=\"body\" id=\"desc_media_69f25e0f9f63a\">\n\t\t\t\t\t\t\t\t\t\t\t\t\t\t\t\t\t\t\t\t\t<div class=\"insignificant\">\u00a9 SHF \/ David von Becker<\/div>\n\t\t\t\t\t\t\t\t\t<\/figcaption>\n\t\t\t\t\t<\/figure>\n\t<\/lazy-media-inline>\n\t\t\t\t\t\t<\/div>\n\t\t\t\t\t\t<div class=\"teaser-content \">\n\t\t\t\t\t\t\t<div>\n\t\t\t\t\t\t\t\t\t\t\t\t\t\t\t\t<div class=\"teaser-header\"><span class=\"h3\">Bleiben Sie auf dem Laufenden!<\/span><\/div>\n\t\t\t\t\t\t\t\t<div class=\"teaser-subline\"><span class=\"font-decoration\">Abonnieren Sie unseren Newsletter<\/span><\/div>\t\t\t\t\t\t\t\t<button tabindex=\"-1\" class=\"border\">Newsletter abonnieren<\/button>\n\t\t\t\t\t\t\t<\/div>\n\t\t\t\t\t\t<\/div>\n\t\t\t\t\t<\/a>\n\t\t\t\t<\/div>\n\t\t\t<\/div>\n\t\t<\/div>\n\t<\/div>\n<\/section>\n","protected":false},"template":"","genre":[392],"digital":[],"topic":[782],"stakeholder":[530,382],"editorial":[],"editorialfilter":[],"targetgroup":[383,455],"language":[384,385],"accessability":[],"age":[],"school":[],"groupsize":[],"place":[895],"class_list":["post-40168","event","type-event","status-publish","has-post-thumbnail","hentry","genre-diskurs","topic-kolonialismus-und-kolonialitat","stakeholder-staatliche-museen-zu-berlin","stakeholder-stiftung-humboldt-forum-im-berliner-schloss","targetgroup-erwachsene","targetgroup-jugendliche","language-deutsch","language-englisch","place-ozeanien-2-og"],"acf":[],"_links":{"self":[{"href":"https:\/\/www.humboldtforum.org\/de\/wp-json\/wp\/v2\/event\/40168","targetHints":{"allow":["GET"]}}],"collection":[{"href":"https:\/\/www.humboldtforum.org\/de\/wp-json\/wp\/v2\/event"}],"about":[{"href":"https:\/\/www.humboldtforum.org\/de\/wp-json\/wp\/v2\/types\/event"}],"version-history":[{"count":0,"href":"https:\/\/www.humboldtforum.org\/de\/wp-json\/wp\/v2\/event\/40168\/revisions"}],"wp:featuredmedia":[{"embeddable":true,"href":"https:\/\/www.humboldtforum.org\/de\/wp-json\/wp\/v2\/media\/40385"}],"wp:attachment":[{"href":"https:\/\/www.humboldtforum.org\/de\/wp-json\/wp\/v2\/media?parent=40168"}],"wp:term":[{"taxonomy":"genre","embeddable":true,"href":"https:\/\/www.humboldtforum.org\/de\/wp-json\/wp\/v2\/genre?post=40168"},{"taxonomy":"digital","embeddable":true,"href":"https:\/\/www.humboldtforum.org\/de\/wp-json\/wp\/v2\/digital?post=40168"},{"taxonomy":"topic","embeddable":true,"href":"https:\/\/www.humboldtforum.org\/de\/wp-json\/wp\/v2\/topic?post=40168"},{"taxonomy":"stakeholder","embeddable":true,"href":"https:\/\/www.humboldtforum.org\/de\/wp-json\/wp\/v2\/stakeholder?post=40168"},{"taxonomy":"editorial","embeddable":true,"href":"https:\/\/www.humboldtforum.org\/de\/wp-json\/wp\/v2\/editorial?post=40168"},{"taxonomy":"editorialfilter","embeddable":true,"href":"https:\/\/www.humboldtforum.org\/de\/wp-json\/wp\/v2\/editorialfilter?post=40168"},{"taxonomy":"targetgroup","embeddable":true,"href":"https:\/\/www.humboldtforum.org\/de\/wp-json\/wp\/v2\/targetgroup?post=40168"},{"taxonomy":"language","embeddable":true,"href":"https:\/\/www.humboldtforum.org\/de\/wp-json\/wp\/v2\/language?post=40168"},{"taxonomy":"accessability","embeddable":true,"href":"https:\/\/www.humboldtforum.org\/de\/wp-json\/wp\/v2\/accessability?post=40168"},{"taxonomy":"age","embeddable":true,"href":"https:\/\/www.humboldtforum.org\/de\/wp-json\/wp\/v2\/age?post=40168"},{"taxonomy":"school","embeddable":true,"href":"https:\/\/www.humboldtforum.org\/de\/wp-json\/wp\/v2\/school?post=40168"},{"taxonomy":"groupsize","embeddable":true,"href":"https:\/\/www.humboldtforum.org\/de\/wp-json\/wp\/v2\/groupsize?post=40168"},{"taxonomy":"place","embeddable":true,"href":"https:\/\/www.humboldtforum.org\/de\/wp-json\/wp\/v2\/place?post=40168"}],"curies":[{"name":"wp","href":"https:\/\/api.w.org\/{rel}","templated":true}]}}

<section class="block block-copy block-no-margin" >
    <div class="container-fluid">
		<div class="row ">
            <div class="col-xs-12 col-md-offset-2 col-md-8">
                <div class="box">
                    <div class="copy"><p>Kolonialitäten, Klimawandel, Atomversuche und Umweltzerstörung &#8211; das sind die gemeinsamen Themen, über die sich Studierende von Meitaka Kendall am College of the Marshall Islands (CMI) und internationale Kunststudierende von Hannes Brunner an der Kunsthochschule Weißensee ausgetauscht haben. Bezugspunkt ist die Ausstellung „Mensch und Meer“ des Ethnologischen Museums der Staatlichen Museen zu Berlin im 2. OG des Humboldt Forums und die darin gezeigten Objekte von den Marshallinseln. Entstanden sind künstlerische Kleinformate, die mit unterschiedlichsten Mitteln in den Dialog mit den Objekten und den Besucher*innen treten. Die dreitägige Präsentation besteht aus Installationen und – als Höhepunkt – zwei digitalen Live-Schaltungen zwischen Majuro und Berlin – sunset to sunrise – am Samstag 2.4. um 10.30 Uhr und 12.00 Uhr.</p>
<p>*&#8220;Das <span class="TextRun BCX0 SCXW62301384"><span class="NormalTextRun BCX0 SCXW62301384">Suchen und Teilen von Insel-Wissen&#8220; ist das marshallesische Motto der Zusammenarbeit zwischen dem College of the Marshall Islands, der Kunsthochschule Weißensee, dem Ethnologischen Museum der Staatlichen Museen zu Berlin und der Stiftung Humboldt Forum im <span class="w-term-highlight">Berliner Schloss</span>. <a href="http://www.mi-cc.de" target="_blank" rel="noopener">Weitere Informationen zur Zusammenarbeit der Studierenden</a>:  </span></span></p>
<p><strong>10.30 Uhr </strong><br />
Teil 1 der Live-Schaltung Majuro (Marshall Islands) &#8211; Berlin: Gespräch zu den ethnologischen Objekten im Humboldt Forum und der Gegenwart der Marshall Islands</p>
<p><strong>11.45-12.00 Uhr</strong><em> Pause</em></p>
<p><strong>12.00-13.00 Uhr</strong><br />
Teil 2 der Live-Schaltung: Gespräch zu den Installationen der Studierenden der Kunsthochschule Weißensee</p>
<p>&nbsp;</p>
<p>&nbsp;</p>
<p>&nbsp;</p>
<p>&nbsp;</p>
</div>
                </div>
            </div>
		</div>
		    </div>
</section>

<section class="block block-teaser col-2 " style="">
						<div class="container-fluid">
									<div class="row">
						<div class="col-xs-12">
							<h3 class="h4 topline">GEHÖRT ZU</h4>
						</div>
					</div>
								<ul class="row">

								</ul>
			</div>
			</section>

<section class="block block-CTA block-CTA-long leftgradient">
	<div class="container-fluid">
		<div class="row center-xs">
			<div class="col-xs-12">
				<div class="box">
					<a href="https://www.humboldtforum.org/de/newsletter-2/" aria-label="Bleiben Sie auf dem Laufenden!" class="teaser teaser-cta-wide ">
						<div class="teaser-image">
							
	<lazy-media-inline inline-template>
		<figure itemscope itemtype="http://schema.org/ImageObject" class="lazy-media-inline " role="group" id="media_69f25e0f9f63a" aria-labelledby="desc_media_69f25e0f9f63a">
			<script type="application/json" ref="data">
				{
				"sizes" : {"medium":{"file":"HF_eb00025640-scaled-300x200.jpg","width":300,"height":200,"mime-type":"image\/jpeg"},"large":{"file":"HF_eb00025640-scaled-1024x683.jpg","width":1024,"height":683,"mime-type":"image\/jpeg"},"thumbnail":{"file":"HF_eb00025640-scaled-150x150.jpg","width":150,"height":150,"mime-type":"image\/jpeg"},"medium_large":{"file":"HF_eb00025640-scaled-768x512.jpg","width":768,"height":512,"mime-type":"image\/jpeg"},"small":{"file":"HF_eb00025640-scaled-440x293.jpg","width":440,"height":293,"mime-type":"image\/jpeg"},"semi":{"file":"HF_eb00025640-scaled-580x387.jpg","width":580,"height":387,"mime-type":"image\/jpeg"},"mobile":{"file":"HF_eb00025640-scaled-720x480.jpg","width":720,"height":480,"mime-type":"image\/jpeg"},"hd":{"file":"HF_eb00025640-scaled-1280x854.jpg","width":1280,"height":854,"mime-type":"image\/jpeg"},"full":{"file":"HF_eb00025640-scaled-1920x1280.jpg","width":1920,"height":1280,"mime-type":"image\/jpeg"},"1536x1536":{"file":"HF_eb00025640-scaled-1536x1024.jpg","width":1536,"height":1024,"mime-type":"image\/jpeg"},"2048x2048":{"file":"HF_eb00025640-scaled-2048x1366.jpg","width":2048,"height":1366,"mime-type":"image\/jpeg"},"original":{"file":"HF_eb00025640-scaled.jpg","width":2560,"height":1707}},
				"alt" : "Eine Person h\u00e4lt eine gedruckte Zeitung mit dem Titel \"Humboldt Forum\".",
				"path" : "\/wp-content\/uploads\/2020\/04\/",
				"video" : null,
				"autoplay" : null,
				"youtube" : null,
				"youtubelabel" : "Video abspielen",
				"brightness" : "70",
				"crop" : {"top":"52.69","left":"52.11"},
				"background" : true,
				"scale" : 2				}
			</script>

			<div class="height-container" style="padding-bottom:66.6796875%;" v-if="sizes">
								<lazy-media :inline="true" :alt="alt" :sizes="sizes" :scale="scale" :brightness="brightness" :path="path" :video="video" :autoplay="autoplay" :youtube="youtube" :crop="crop" :youtubelabel="youtubelabel" :background="background" media-id="desc_media_69f25e0f9f63a"></lazy-media>
							</div>

							<figcaption class="sr-only" ref="body" id="desc_media_69f25e0f9f63a">
																					<div class="insignificant">© SHF / David von Becker</div>
									</figcaption>
					</figure>
	</lazy-media-inline>
						</div>
						<div class="teaser-content ">
							<div>
																<div class="teaser-header"><span class="h3">Bleiben Sie auf dem Laufenden!</span></div>
								<div class="teaser-subline"><span class="font-decoration">Abonnieren Sie unseren Newsletter</span></div>								<button tabindex="-1" class="border">Newsletter abonnieren</button>
							</div>
						</div>
					</a>
				</div>
			</div>
		</div>
	</div>
</section>
