{"id":40402,"date":"2022-03-23T15:21:07","date_gmt":"2022-03-23T14:21:07","guid":{"rendered":"https:\/\/www.humboldtforum.org\/?post_type=event&#038;p=40402"},"modified":"2024-01-12T10:42:05","modified_gmt":"2024-01-12T09:42:05","slug":"tantenroths-wand","status":"publish","type":"event","link":"https:\/\/www.humboldtforum.org\/de\/programm\/termin\/kunst-am-bau\/tantenroths-wand-40402\/","title":{"rendered":"Tim Trantenroth &#8222;Ohne Titel&#8220;"},"content":{"rendered":"<section class=\"block block-copy block-no-margin\" >\n    <div class=\"container-fluid\">\n\t\t<div class=\"row \">\n            <div class=\"col-xs-12 col-md-offset-2 col-md-8\">\n                <div class=\"box\">\n                    <div class=\"copy\"><p>Sobald es auf dem\u00a0<span class=\"w-term-highlight\">Schl\u00fcterhof<\/span> dunkel wird, wird Tim Trantenroths Kunstwerk <em>Ohne Titel<\/em> im <span class=\"w-term-highlight\">Treppenhaus<\/span>\u00a0angestrahlt. Es scheint, als ob sich ein gewaltiger Kubus in das\u00a0<span class=\"w-term-highlight\">Treppenhaus<\/span>\u00a0schiebt. Doch die Wand ist v\u00f6llig flach, es handelt sich um eine gro\u00dffl\u00e4chige Wandmalerei.<br \/>\nDas illusionistisch gemalte Raster l\u00f6st noch eine andere Assoziation aus \u2013 zusammen mit der charakteristischen Farbigkeit ruft das Bild die Erinnerung an die Fassade des\u00a0<span class=\"w-term-highlight\">Palastes der Republik<\/span> wach, die f\u00fcr viele Menschen noch sehr pr\u00e4sent ist. Der direkte lokale Vorg\u00e4nger des Humboldt Forums tritt hier malerisch subtil in Erscheinung. Das Werk gewann einen der Wettbewerbe f\u00fcr die sieben Kunst-am-Bau-Standorte im Humboldt Forum.<\/p>\n<p>&nbsp;<\/p>\n<\/div>\n                <\/div>\n            <\/div>\n\t\t<\/div>\n\t\t    <\/div>\n<\/section>\n\n\n<section class=\"block block-accordion\">\n\t<div class=\"container-fluid\">\n\t\t<div class=\"row\">\n\t\t\t<div class=\"col-xs-12 col-md-offset-2 col-md-8\">\n\t\t\t\t<div class=\"box\">\n\t\t\t\t\t\t\t\t\t\t\t\t\t\t\t\t\t\t\t\t<\/div>\n\t\t\t<\/div>\n\t\t<\/div>\n\t<\/div>\n<\/section>\n\n\n<section class=\"block block-CTA block-CTA-long leftgradient\">\n\t<div class=\"container-fluid\">\n\t\t<div class=\"row center-xs\">\n\t\t\t<div class=\"col-xs-12\">\n\t\t\t\t<div class=\"box\">\n\t\t\t\t\t<a href=\"https:\/\/www.humboldtforum.org\/de\/newsletter-2\/\" aria-label=\"Bleiben Sie auf dem Laufenden!\" class=\"teaser teaser-cta-wide \">\n\t\t\t\t\t\t<div class=\"teaser-image\">\n\t\t\t\t\t\t\t\n\t<lazy-media-inline inline-template>\n\t\t<figure itemscope itemtype=\"http:\/\/schema.org\/ImageObject\" class=\"lazy-media-inline \" role=\"group\" id=\"media_69f2c75c99034\" aria-labelledby=\"desc_media_69f2c75c99034\">\n\t\t\t<script type=\"application\/json\" ref=\"data\">\n\t\t\t\t{\n\t\t\t\t\"sizes\" : {\"medium\":{\"file\":\"HF_eb00025640-scaled-300x200.jpg\",\"width\":300,\"height\":200,\"mime-type\":\"image\\\/jpeg\"},\"large\":{\"file\":\"HF_eb00025640-scaled-1024x683.jpg\",\"width\":1024,\"height\":683,\"mime-type\":\"image\\\/jpeg\"},\"thumbnail\":{\"file\":\"HF_eb00025640-scaled-150x150.jpg\",\"width\":150,\"height\":150,\"mime-type\":\"image\\\/jpeg\"},\"medium_large\":{\"file\":\"HF_eb00025640-scaled-768x512.jpg\",\"width\":768,\"height\":512,\"mime-type\":\"image\\\/jpeg\"},\"small\":{\"file\":\"HF_eb00025640-scaled-440x293.jpg\",\"width\":440,\"height\":293,\"mime-type\":\"image\\\/jpeg\"},\"semi\":{\"file\":\"HF_eb00025640-scaled-580x387.jpg\",\"width\":580,\"height\":387,\"mime-type\":\"image\\\/jpeg\"},\"mobile\":{\"file\":\"HF_eb00025640-scaled-720x480.jpg\",\"width\":720,\"height\":480,\"mime-type\":\"image\\\/jpeg\"},\"hd\":{\"file\":\"HF_eb00025640-scaled-1280x854.jpg\",\"width\":1280,\"height\":854,\"mime-type\":\"image\\\/jpeg\"},\"full\":{\"file\":\"HF_eb00025640-scaled-1920x1280.jpg\",\"width\":1920,\"height\":1280,\"mime-type\":\"image\\\/jpeg\"},\"1536x1536\":{\"file\":\"HF_eb00025640-scaled-1536x1024.jpg\",\"width\":1536,\"height\":1024,\"mime-type\":\"image\\\/jpeg\"},\"2048x2048\":{\"file\":\"HF_eb00025640-scaled-2048x1366.jpg\",\"width\":2048,\"height\":1366,\"mime-type\":\"image\\\/jpeg\"},\"original\":{\"file\":\"HF_eb00025640-scaled.jpg\",\"width\":2560,\"height\":1707}},\n\t\t\t\t\"alt\" : \"Eine Person h\\u00e4lt eine gedruckte Zeitung mit dem Titel \\\"Humboldt Forum\\\".\",\n\t\t\t\t\"path\" : \"\\\/wp-content\\\/uploads\\\/2020\\\/04\\\/\",\n\t\t\t\t\"video\" : null,\n\t\t\t\t\"autoplay\" : null,\n\t\t\t\t\"youtube\" : null,\n\t\t\t\t\"youtubelabel\" : \"Video abspielen\",\n\t\t\t\t\"brightness\" : \"70\",\n\t\t\t\t\"crop\" : {\"top\":\"52.69\",\"left\":\"52.11\"},\n\t\t\t\t\"background\" : true,\n\t\t\t\t\"scale\" : 2\t\t\t\t}\n\t\t\t<\/script>\n\n\t\t\t<div class=\"height-container\" style=\"padding-bottom:66.6796875%;\" v-if=\"sizes\">\n\t\t\t\t\t\t\t\t<lazy-media :inline=\"true\" :alt=\"alt\" :sizes=\"sizes\" :scale=\"scale\" :brightness=\"brightness\" :path=\"path\" :video=\"video\" :autoplay=\"autoplay\" :youtube=\"youtube\" :crop=\"crop\" :youtubelabel=\"youtubelabel\" :background=\"background\" media-id=\"desc_media_69f2c75c99034\"><\/lazy-media>\n\t\t\t\t\t\t\t<\/div>\n\n\t\t\t\t\t\t\t<figcaption class=\"sr-only\" ref=\"body\" id=\"desc_media_69f2c75c99034\">\n\t\t\t\t\t\t\t\t\t\t\t\t\t\t\t\t\t\t\t\t\t<div class=\"insignificant\">\u00a9 SHF \/ David von Becker<\/div>\n\t\t\t\t\t\t\t\t\t<\/figcaption>\n\t\t\t\t\t<\/figure>\n\t<\/lazy-media-inline>\n\t\t\t\t\t\t<\/div>\n\t\t\t\t\t\t<div class=\"teaser-content \">\n\t\t\t\t\t\t\t<div>\n\t\t\t\t\t\t\t\t\t\t\t\t\t\t\t\t<div class=\"teaser-header\"><span class=\"h3\">Bleiben Sie auf dem Laufenden!<\/span><\/div>\n\t\t\t\t\t\t\t\t<div class=\"teaser-subline\"><span class=\"font-decoration\">Abonnieren Sie unseren Newsletter<\/span><\/div>\t\t\t\t\t\t\t\t<button tabindex=\"-1\" class=\"border\">Newsletter abonnieren<\/button>\n\t\t\t\t\t\t\t<\/div>\n\t\t\t\t\t\t<\/div>\n\t\t\t\t\t<\/a>\n\t\t\t\t<\/div>\n\t\t\t<\/div>\n\t\t<\/div>\n\t<\/div>\n<\/section>\n","protected":false},"template":"","genre":[1128],"digital":[],"topic":[431],"stakeholder":[],"editorial":[],"editorialfilter":[],"targetgroup":[383,455],"language":[384,422],"accessability":[],"age":[1264,1261],"school":[],"groupsize":[],"place":[510],"class_list":["post-40402","event","type-event","status-publish","hentry","genre-kunst-am-bau","topic-geschichte-und-architektur-des-ortes","targetgroup-erwachsene","targetgroup-jugendliche","language-deutsch","language-keine-sprachkenntnisse-erforderlich","age-erwachsene","age-jugendliche","place-schlueterhof"],"acf":[],"_links":{"self":[{"href":"https:\/\/www.humboldtforum.org\/de\/wp-json\/wp\/v2\/event\/40402","targetHints":{"allow":["GET"]}}],"collection":[{"href":"https:\/\/www.humboldtforum.org\/de\/wp-json\/wp\/v2\/event"}],"about":[{"href":"https:\/\/www.humboldtforum.org\/de\/wp-json\/wp\/v2\/types\/event"}],"version-history":[{"count":5,"href":"https:\/\/www.humboldtforum.org\/de\/wp-json\/wp\/v2\/event\/40402\/revisions"}],"predecessor-version":[{"id":119640,"href":"https:\/\/www.humboldtforum.org\/de\/wp-json\/wp\/v2\/event\/40402\/revisions\/119640"}],"wp:attachment":[{"href":"https:\/\/www.humboldtforum.org\/de\/wp-json\/wp\/v2\/media?parent=40402"}],"wp:term":[{"taxonomy":"genre","embeddable":true,"href":"https:\/\/www.humboldtforum.org\/de\/wp-json\/wp\/v2\/genre?post=40402"},{"taxonomy":"digital","embeddable":true,"href":"https:\/\/www.humboldtforum.org\/de\/wp-json\/wp\/v2\/digital?post=40402"},{"taxonomy":"topic","embeddable":true,"href":"https:\/\/www.humboldtforum.org\/de\/wp-json\/wp\/v2\/topic?post=40402"},{"taxonomy":"stakeholder","embeddable":true,"href":"https:\/\/www.humboldtforum.org\/de\/wp-json\/wp\/v2\/stakeholder?post=40402"},{"taxonomy":"editorial","embeddable":true,"href":"https:\/\/www.humboldtforum.org\/de\/wp-json\/wp\/v2\/editorial?post=40402"},{"taxonomy":"editorialfilter","embeddable":true,"href":"https:\/\/www.humboldtforum.org\/de\/wp-json\/wp\/v2\/editorialfilter?post=40402"},{"taxonomy":"targetgroup","embeddable":true,"href":"https:\/\/www.humboldtforum.org\/de\/wp-json\/wp\/v2\/targetgroup?post=40402"},{"taxonomy":"language","embeddable":true,"href":"https:\/\/www.humboldtforum.org\/de\/wp-json\/wp\/v2\/language?post=40402"},{"taxonomy":"accessability","embeddable":true,"href":"https:\/\/www.humboldtforum.org\/de\/wp-json\/wp\/v2\/accessability?post=40402"},{"taxonomy":"age","embeddable":true,"href":"https:\/\/www.humboldtforum.org\/de\/wp-json\/wp\/v2\/age?post=40402"},{"taxonomy":"school","embeddable":true,"href":"https:\/\/www.humboldtforum.org\/de\/wp-json\/wp\/v2\/school?post=40402"},{"taxonomy":"groupsize","embeddable":true,"href":"https:\/\/www.humboldtforum.org\/de\/wp-json\/wp\/v2\/groupsize?post=40402"},{"taxonomy":"place","embeddable":true,"href":"https:\/\/www.humboldtforum.org\/de\/wp-json\/wp\/v2\/place?post=40402"}],"curies":[{"name":"wp","href":"https:\/\/api.w.org\/{rel}","templated":true}]}}

<section class="block block-copy block-no-margin" >
    <div class="container-fluid">
		<div class="row ">
            <div class="col-xs-12 col-md-offset-2 col-md-8">
                <div class="box">
                    <div class="copy"><p>Sobald es auf dem <span class="w-term-highlight">Schlüterhof</span> dunkel wird, wird Tim Trantenroths Kunstwerk <em>Ohne Titel</em> im <span class="w-term-highlight">Treppenhaus</span> angestrahlt. Es scheint, als ob sich ein gewaltiger Kubus in das <span class="w-term-highlight">Treppenhaus</span> schiebt. Doch die Wand ist völlig flach, es handelt sich um eine großflächige Wandmalerei.<br />
Das illusionistisch gemalte Raster löst noch eine andere Assoziation aus – zusammen mit der charakteristischen Farbigkeit ruft das Bild die Erinnerung an die Fassade des <span class="w-term-highlight">Palastes der Republik</span> wach, die für viele Menschen noch sehr präsent ist. Der direkte lokale Vorgänger des Humboldt Forums tritt hier malerisch subtil in Erscheinung. Das Werk gewann einen der Wettbewerbe für die sieben Kunst-am-Bau-Standorte im Humboldt Forum.</p>
<p>&nbsp;</p>
</div>
                </div>
            </div>
		</div>
		    </div>
</section>


<section class="block block-accordion">
	<div class="container-fluid">
		<div class="row">
			<div class="col-xs-12 col-md-offset-2 col-md-8">
				<div class="box">
																				</div>
			</div>
		</div>
	</div>
</section>


<section class="block block-CTA block-CTA-long leftgradient">
	<div class="container-fluid">
		<div class="row center-xs">
			<div class="col-xs-12">
				<div class="box">
					<a href="https://www.humboldtforum.org/de/newsletter-2/" aria-label="Bleiben Sie auf dem Laufenden!" class="teaser teaser-cta-wide ">
						<div class="teaser-image">
							
	<lazy-media-inline inline-template>
		<figure itemscope itemtype="http://schema.org/ImageObject" class="lazy-media-inline " role="group" id="media_69f2c75c99034" aria-labelledby="desc_media_69f2c75c99034">
			<script type="application/json" ref="data">
				{
				"sizes" : {"medium":{"file":"HF_eb00025640-scaled-300x200.jpg","width":300,"height":200,"mime-type":"image\/jpeg"},"large":{"file":"HF_eb00025640-scaled-1024x683.jpg","width":1024,"height":683,"mime-type":"image\/jpeg"},"thumbnail":{"file":"HF_eb00025640-scaled-150x150.jpg","width":150,"height":150,"mime-type":"image\/jpeg"},"medium_large":{"file":"HF_eb00025640-scaled-768x512.jpg","width":768,"height":512,"mime-type":"image\/jpeg"},"small":{"file":"HF_eb00025640-scaled-440x293.jpg","width":440,"height":293,"mime-type":"image\/jpeg"},"semi":{"file":"HF_eb00025640-scaled-580x387.jpg","width":580,"height":387,"mime-type":"image\/jpeg"},"mobile":{"file":"HF_eb00025640-scaled-720x480.jpg","width":720,"height":480,"mime-type":"image\/jpeg"},"hd":{"file":"HF_eb00025640-scaled-1280x854.jpg","width":1280,"height":854,"mime-type":"image\/jpeg"},"full":{"file":"HF_eb00025640-scaled-1920x1280.jpg","width":1920,"height":1280,"mime-type":"image\/jpeg"},"1536x1536":{"file":"HF_eb00025640-scaled-1536x1024.jpg","width":1536,"height":1024,"mime-type":"image\/jpeg"},"2048x2048":{"file":"HF_eb00025640-scaled-2048x1366.jpg","width":2048,"height":1366,"mime-type":"image\/jpeg"},"original":{"file":"HF_eb00025640-scaled.jpg","width":2560,"height":1707}},
				"alt" : "Eine Person h\u00e4lt eine gedruckte Zeitung mit dem Titel \"Humboldt Forum\".",
				"path" : "\/wp-content\/uploads\/2020\/04\/",
				"video" : null,
				"autoplay" : null,
				"youtube" : null,
				"youtubelabel" : "Video abspielen",
				"brightness" : "70",
				"crop" : {"top":"52.69","left":"52.11"},
				"background" : true,
				"scale" : 2				}
			</script>

			<div class="height-container" style="padding-bottom:66.6796875%;" v-if="sizes">
								<lazy-media :inline="true" :alt="alt" :sizes="sizes" :scale="scale" :brightness="brightness" :path="path" :video="video" :autoplay="autoplay" :youtube="youtube" :crop="crop" :youtubelabel="youtubelabel" :background="background" media-id="desc_media_69f2c75c99034"></lazy-media>
							</div>

							<figcaption class="sr-only" ref="body" id="desc_media_69f2c75c99034">
																					<div class="insignificant">© SHF / David von Becker</div>
									</figcaption>
					</figure>
	</lazy-media-inline>
						</div>
						<div class="teaser-content ">
							<div>
																<div class="teaser-header"><span class="h3">Bleiben Sie auf dem Laufenden!</span></div>
								<div class="teaser-subline"><span class="font-decoration">Abonnieren Sie unseren Newsletter</span></div>								<button tabindex="-1" class="border">Newsletter abonnieren</button>
							</div>
						</div>
					</a>
				</div>
			</div>
		</div>
	</div>
</section>
