{"id":42194,"date":"2022-04-21T09:58:03","date_gmt":"2022-04-21T07:58:03","guid":{"rendered":"https:\/\/www.humboldtforum.org\/?post_type=event&#038;p=42194"},"modified":"2022-04-29T09:59:00","modified_gmt":"2022-04-29T07:59:00","slug":"forschen-in-der-ddr","status":"publish","type":"event","link":"https:\/\/www.humboldtforum.org\/de\/programm\/termin\/drop-in\/forschen-in-der-ddr-42194\/","title":{"rendered":"Forschen in der DDR"},"content":{"rendered":"<section class=\"block block-copy\" >\n    <div class=\"container-fluid\">\n\t\t<div class=\"row \">\n            <div class=\"col-xs-12 col-md-offset-2 col-md-8\">\n                <div class=\"box\">\n                    <div class=\"copy\"><p>Wie pr\u00e4gten die politischen Rahmenbedingungen das Forschen in der DDR? Welche Forschungszweige wurden gef\u00f6rdert, welche verhindert? Vermittler*innen des Humboldt Labors lenken am Themenwochenende \u201ePalast der Republik\u201c den Blick auf die Humboldt-Universit\u00e4t in der DDR-Zeit.<\/p>\n<p>W\u00e4hrend des Drop-In anl\u00e4sslich des Thementags &#8222;Hin und weg. Der Palast der Republik ist Gegenwart&#8220; stellt eine Vermittlerin Objekte aus der DDR-Forschung vor. Sie ist in der Ausstellung jederzeit ansprechbar.<\/p>\n<p>&nbsp;<\/p>\n<\/div>\n                <\/div>\n            <\/div>\n\t\t<\/div>\n\t\t    <\/div>\n<\/section>\n\n<section class=\"block block-teaser col-1 \" style=\"\">\n\t<lazy-component :fixed-min-height=\"400\">\n\t\n\t\t\t\t\t<div class=\"container-fluid\">\n\t\t\t\t<div class=\"row bottom-xs\">\n\t\t\t\t\t<div class=\"col-xs-12 col-sm-10 col-md-8 col-sm-offset-1 col-md-offset-2\">\n\t\t\t\t\t\t<h4>Geh\u00f6rt zum Programm<\/h4>\t\t\t\t\t\t\t\t\t\t\t\t\t\t\t\t\t\t\t<\/div>\n\t\t\t\t\t<div class=\"col-xs-12 col-sm-10 col-md-8 col-sm-offset-1 col-md-offset-2 start-xs end-md margin-bottom-sixth\">\n\t\t\t\t\t\t\t\t\t\t\t<\/div>\n\t\t\t\t<\/div>\n\t\t\t\t<ul class=\"row\">\n\t\t\t\n<li class=\"col-xs-12 teaser-wrapper col-padding-remove\">\n\t<calendarteaser key=\"3947512286\" rawitem='{&quot;postId&quot;:39475,&quot;title&quot;:&quot;Hin und weg&quot;,&quot;excerpt&quot;:&quot;&quot;,&quot;slug&quot;:&quot;hin-und-weg&quot;,&quot;post_date&quot;:&quot;2022-03-07T15:23&quot;,&quot;type&quot;:&quot;event-multi&quot;,&quot;permalink&quot;:&quot;https:\\\/\\\/www.humboldtforum.org\\\/de\\\/programm\\\/event\\\/thementag\\\/hin-und-weg-39475\\\/&quot;,&quot;genre&quot;:[820],&quot;genre_details&quot;:[{&quot;text&quot;:&quot;Thementag&quot;,&quot;id&quot;:820,&quot;icon&quot;:null,&quot;parent&quot;:0}],&quot;stakeholder&quot;:[409,400,382],&quot;stakeholder_details&quot;:[{&quot;text&quot;:&quot;Humboldt-Universit\\u00e4t zu Berlin&quot;,&quot;id&quot;:409,&quot;icon&quot;:null,&quot;parent&quot;:0},{&quot;text&quot;:&quot;Kulturprojekte Berlin \\\/ Stadtmuseum Berlin&quot;,&quot;id&quot;:400,&quot;icon&quot;:null,&quot;parent&quot;:0},{&quot;text&quot;:&quot;Stiftung Humboldt Forum im Berliner Schloss&quot;,&quot;id&quot;:382,&quot;icon&quot;:null,&quot;parent&quot;:0}],&quot;targetgroup&quot;:[383,455,454],&quot;targetgroup_details&quot;:[{&quot;text&quot;:&quot;Erwachsene&quot;,&quot;id&quot;:383,&quot;icon&quot;:null,&quot;parent&quot;:0},{&quot;text&quot;:&quot;Jugendliche&quot;,&quot;id&quot;:455,&quot;icon&quot;:null,&quot;parent&quot;:0},{&quot;text&quot;:&quot;Kinder und Familien&quot;,&quot;id&quot;:454,&quot;icon&quot;:null,&quot;parent&quot;:0}],&quot;language&quot;:[384,385],&quot;language_details&quot;:[{&quot;text&quot;:&quot;Deutsch&quot;,&quot;id&quot;:384,&quot;icon&quot;:null,&quot;parent&quot;:0},{&quot;text&quot;:&quot;Englisch&quot;,&quot;id&quot;:385,&quot;icon&quot;:null,&quot;parent&quot;:0}],&quot;icon_overwrite&quot;:&quot;&quot;,&quot;acf&quot;:{&quot;noindex&quot;:false,&quot;keywords&quot;:&quot;&quot;,&quot;belongsto&quot;:[116558],&quot;shorturl&quot;:&quot;&quot;,&quot;planning&quot;:{&quot;price&quot;:&quot;&quot;,&quot;admission&quot;:&quot;&quot;,&quot;pause&quot;:&quot;&quot;,&quot;duration&quot;:&quot;&quot;,&quot;status&quot;:&quot;BUY&quot;,&quot;info&quot;:&quot;&quot;,&quot;shop&quot;:&quot;&quot;,&quot;can_purchase&quot;:false},&quot;additional_info&quot;:{&quot;icon&quot;:&quot;0&quot;,&quot;text&quot;:&quot;&quot;},&quot;highlight_header&quot;:true,&quot;highlight_header_image&quot;:false,&quot;has_mobile_format&quot;:false,&quot;use_video_in_teasers&quot;:false,&quot;hyphenation&quot;:true,&quot;tipp&quot;:false,&quot;joker&quot;:false,&quot;live&quot;:false,&quot;hide_event_in_program&quot;:false,&quot;times&quot;:[],&quot;subline&quot;:&quot;Der Palast der Republik ist Gegenwart&quot;,&quot;highlight_header_image_mobile&quot;:39382,&quot;events&quot;:[129213]},&quot;date&quot;:{&quot;NX&quot;:null,&quot;NXX&quot;:null,&quot;NLAST&quot;:&quot;202205010600&quot;,&quot;from_DATE&quot;:&quot;20220430 14:00&quot;,&quot;from&quot;:1651312800,&quot;to&quot;:1651384800,&quot;to_DATE&quot;:&quot;20220501 10:00&quot;,&quot;from_HRFSHORT&quot;:&quot;30. Apr 2022&quot;,&quot;from_HRFSHORT_WD&quot;:&quot;Sa 30.04.2022&quot;,&quot;to_HRFSHORT&quot;:&quot; 1. Mai 2022&quot;,&quot;to_HRFSHORT_WD&quot;:&quot;So 01.05.2022&quot;,&quot;from_HRF&quot;:&quot;Sa, 30. April 2022&quot;,&quot;to_HRF&quot;:&quot;So,  1. Mai 2022&quot;,&quot;from_to_HRF&quot;:&quot;Sa, 30. April \\u2013 So,  1. Mai 2022&quot;,&quot;from_to_HRFSHORT&quot;:&quot;30. Apr \\u2013  1. Mai 2022&quot;},&quot;alert&quot;:&quot;Highlight&quot;,&quot;partof&quot;:[],&quot;marketing_topic&quot;:{&quot;title&quot;:&quot;Hin und weg. Der Palast der Republik ist Gegenwart&quot;,&quot;ID&quot;:116558,&quot;reason&quot;:&quot;belongsto&quot;}}' inline-template>\n\t<a href=\"https:\/\/www.humboldtforum.org\/de\/programm\/event\/thementag\/hin-und-weg-39475\/\" class=\"teaser teaser-event-multi teaser-event-standard\">\n\t\t<div class=\"row\">\n\t\t\t<div class=\"col-xs-12 col-sm-6 col-md-5 col-sm-offset-1 col-md-offset-2 first-sm teaser-event-text Infos\">\n\t\t\t\t<div class=\"teaser-event-standard-text\">\n\t\t\t\t\t<div class=\"margin-bottom-atom\">\n\t\t\t\t\t\t<div class=\"subline clamp-1\" v-html=\"maingenre\"><\/div>\n\t\t\t\t\t\t\t\t\t\t\t\t\t<div class=\"insignificant clamp-2\">Hin und weg. Der Palast der Republik ist Gegenwart<\/div>\n\t\t\t\t\t\t\t\t\t\t\t<\/div>\n\t\t\t\t\n\t\t\t\t\t<strong class=\"margin-bottom-atom h5\">Hin und weg<\/strong>\n\n\t\t\t\t\t\t\t\t\t\t\t<div class=\"\">Der Palast der Republik ist Gegenwart<\/div>\n\t\t\t\t\t\t\t\t\t<\/div>\n\t\t\t\t<div class=\"teaser-bottom border-bottom\">\n\t\t\t\t<calendardateline :rawitem='item' :show-icon=\"true\"><\/calendardateline>\n\t\t\t\t\t<hr>\n\t\t\t\t<\/div>\n\t\t\t<\/div>\n\t\t\t<div class=\"col-xs-12 col-sm-4 col-md-3 teaser-event-image bottom-xs first-xs\">\n\t\t\t\t<div class=\"teaser-image teaser-image-no-alternate\">\n\t\t\t\t\t\t\t\t\t\t\t\t\t<span class=\"alert\">Highlight<\/span>\n\t\t\t\t\t\t\t\t\t\t\t\t\t\t\t<\/div>\n\t\t\t<\/div>\n\t\t<\/div>\n\t<\/a>\n\t<\/calendarteaser>\n<\/li>\n\n\t\t\t\t<\/ul>\n\t\t\t<\/div>\n\t\t\t\t<\/lazy-component>\n<\/section>\n\n\n\n<section class=\"block block-teaser col-3 \" style=\"\">\n\t\t\t\t\t\t<div class=\"container-fluid\">\n\t\t\t\t\t\t\t\t\t<div class=\"row\">\n\t\t\t\t\t\t<div class=\"col-xs-12\">\n\t\t\t\t\t\t\t<h3 class=\"h4 topline\">Organisatorische Hinweise<\/h4>\n\t\t\t\t\t\t<\/div>\n\t\t\t\t\t<\/div>\n\t\t\t\t\t\t\t\t<ul class=\"row\">\n\n\t\t\t\t<li class=\"col-xs-12 col-md-4 col-padding-remove teaser-wrapper\">\n\t<div class=\"box\">\n\t\t<div class=\"teaser teaser-info\">\n\t\t\t<div class=\"box teaser-info-box\">\n\t\t\t\t<div>\n\t\t\t\t\t\t\t\t\t\t\t<div class=\"teaser-info-image\">\n\t\t\t\t\t\t\t<img decoding=\"async\" class=\"teaser-inline-svg\" alt=\"Piktogramm Treffpunkt &#038; Uhrzeit\" src=\"https:\/\/www.humboldtforum.org\/wp-content\/uploads\/2021\/06\/Meetingpoint.svg\">\n\t\t\t\t\t\t<\/div>\n\t\t\t\t\t\t\t\t\t\t<div class=\"teaser-header h6\">Treffpunkt &#038; Uhrzeit<\/div>\n\t\t\t\t\t<div class=\"teaser-info-copy Teaser-copy\"><p>Den Treffpunkt f\u00fcr F\u00fchrungen und den Ort f\u00fcr Workshops finden Sie auf Ihrer Buchungsbest\u00e4tigung. Damit die F\u00fchrung p\u00fcnktlich beginnen kann, bitten wir Sie, 15 Minuten vor Programmbeginn im Humboldt Forum einzutreffen. Ber\u00fccksichtigen Sie bitte unbedingt diese zus\u00e4tzliche Viertelstunde bei Ihrer Planung. Vielen Dank!<\/p>\n<\/div>\n\t\t\t\t<\/div>\n\t\t\t\t\n\t\t\t\t\t\t\t<\/div>\n\t\t<\/div>\n\t<\/div>\n<\/li>\t\t\t\t<\/ul>\n\t\t\t<\/div>\n\t\t\t<\/section>","protected":false},"template":"","genre":[839],"digital":[],"topic":[],"stakeholder":[409],"editorial":[],"editorialfilter":[],"targetgroup":[383,454],"language":[384,385],"accessability":[],"age":[],"school":[],"groupsize":[],"place":[413],"class_list":["post-42194","event","type-event","status-publish","hentry","genre-drop-in","stakeholder-humboldt-universitaet-zu-berlin","targetgroup-erwachsene","targetgroup-kinder-und-familien","language-deutsch","language-englisch","place-humboldt-labor-1-og"],"acf":[],"_links":{"self":[{"href":"https:\/\/www.humboldtforum.org\/de\/wp-json\/wp\/v2\/event\/42194","targetHints":{"allow":["GET"]}}],"collection":[{"href":"https:\/\/www.humboldtforum.org\/de\/wp-json\/wp\/v2\/event"}],"about":[{"href":"https:\/\/www.humboldtforum.org\/de\/wp-json\/wp\/v2\/types\/event"}],"version-history":[{"count":0,"href":"https:\/\/www.humboldtforum.org\/de\/wp-json\/wp\/v2\/event\/42194\/revisions"}],"wp:attachment":[{"href":"https:\/\/www.humboldtforum.org\/de\/wp-json\/wp\/v2\/media?parent=42194"}],"wp:term":[{"taxonomy":"genre","embeddable":true,"href":"https:\/\/www.humboldtforum.org\/de\/wp-json\/wp\/v2\/genre?post=42194"},{"taxonomy":"digital","embeddable":true,"href":"https:\/\/www.humboldtforum.org\/de\/wp-json\/wp\/v2\/digital?post=42194"},{"taxonomy":"topic","embeddable":true,"href":"https:\/\/www.humboldtforum.org\/de\/wp-json\/wp\/v2\/topic?post=42194"},{"taxonomy":"stakeholder","embeddable":true,"href":"https:\/\/www.humboldtforum.org\/de\/wp-json\/wp\/v2\/stakeholder?post=42194"},{"taxonomy":"editorial","embeddable":true,"href":"https:\/\/www.humboldtforum.org\/de\/wp-json\/wp\/v2\/editorial?post=42194"},{"taxonomy":"editorialfilter","embeddable":true,"href":"https:\/\/www.humboldtforum.org\/de\/wp-json\/wp\/v2\/editorialfilter?post=42194"},{"taxonomy":"targetgroup","embeddable":true,"href":"https:\/\/www.humboldtforum.org\/de\/wp-json\/wp\/v2\/targetgroup?post=42194"},{"taxonomy":"language","embeddable":true,"href":"https:\/\/www.humboldtforum.org\/de\/wp-json\/wp\/v2\/language?post=42194"},{"taxonomy":"accessability","embeddable":true,"href":"https:\/\/www.humboldtforum.org\/de\/wp-json\/wp\/v2\/accessability?post=42194"},{"taxonomy":"age","embeddable":true,"href":"https:\/\/www.humboldtforum.org\/de\/wp-json\/wp\/v2\/age?post=42194"},{"taxonomy":"school","embeddable":true,"href":"https:\/\/www.humboldtforum.org\/de\/wp-json\/wp\/v2\/school?post=42194"},{"taxonomy":"groupsize","embeddable":true,"href":"https:\/\/www.humboldtforum.org\/de\/wp-json\/wp\/v2\/groupsize?post=42194"},{"taxonomy":"place","embeddable":true,"href":"https:\/\/www.humboldtforum.org\/de\/wp-json\/wp\/v2\/place?post=42194"}],"curies":[{"name":"wp","href":"https:\/\/api.w.org\/{rel}","templated":true}]}}

<section class="block block-copy" >
    <div class="container-fluid">
		<div class="row ">
            <div class="col-xs-12 col-md-offset-2 col-md-8">
                <div class="box">
                    <div class="copy"><p>Wie prägten die politischen Rahmenbedingungen das Forschen in der DDR? Welche Forschungszweige wurden gefördert, welche verhindert? Vermittler*innen des Humboldt Labors lenken am Themenwochenende „Palast der Republik“ den Blick auf die Humboldt-Universität in der DDR-Zeit.</p>
<p>Während des Drop-In anlässlich des Thementags &#8222;Hin und weg. Der Palast der Republik ist Gegenwart&#8220; stellt eine Vermittlerin Objekte aus der DDR-Forschung vor. Sie ist in der Ausstellung jederzeit ansprechbar.</p>
<p>&nbsp;</p>
</div>
                </div>
            </div>
		</div>
		    </div>
</section>

<section class="block block-teaser col-1 " style="">
	<lazy-component :fixed-min-height="400">
	
					<div class="container-fluid">
				<div class="row bottom-xs">
					<div class="col-xs-12 col-sm-10 col-md-8 col-sm-offset-1 col-md-offset-2">
						<h4>Gehört zum Programm</h4>																			</div>
					<div class="col-xs-12 col-sm-10 col-md-8 col-sm-offset-1 col-md-offset-2 start-xs end-md margin-bottom-sixth">
											</div>
				</div>
				<ul class="row">
			
<li class="col-xs-12 teaser-wrapper col-padding-remove">
	<calendarteaser key="3947512286" rawitem='{&quot;postId&quot;:39475,&quot;title&quot;:&quot;Hin und weg&quot;,&quot;excerpt&quot;:&quot;&quot;,&quot;slug&quot;:&quot;hin-und-weg&quot;,&quot;post_date&quot;:&quot;2022-03-07T15:23&quot;,&quot;type&quot;:&quot;event-multi&quot;,&quot;permalink&quot;:&quot;https:\/\/www.humboldtforum.org\/de\/programm\/event\/thementag\/hin-und-weg-39475\/&quot;,&quot;genre&quot;:[820],&quot;genre_details&quot;:[{&quot;text&quot;:&quot;Thementag&quot;,&quot;id&quot;:820,&quot;icon&quot;:null,&quot;parent&quot;:0}],&quot;stakeholder&quot;:[409,400,382],&quot;stakeholder_details&quot;:[{&quot;text&quot;:&quot;Humboldt-Universit\u00e4t zu Berlin&quot;,&quot;id&quot;:409,&quot;icon&quot;:null,&quot;parent&quot;:0},{&quot;text&quot;:&quot;Kulturprojekte Berlin \/ Stadtmuseum Berlin&quot;,&quot;id&quot;:400,&quot;icon&quot;:null,&quot;parent&quot;:0},{&quot;text&quot;:&quot;Stiftung Humboldt Forum im Berliner Schloss&quot;,&quot;id&quot;:382,&quot;icon&quot;:null,&quot;parent&quot;:0}],&quot;targetgroup&quot;:[383,455,454],&quot;targetgroup_details&quot;:[{&quot;text&quot;:&quot;Erwachsene&quot;,&quot;id&quot;:383,&quot;icon&quot;:null,&quot;parent&quot;:0},{&quot;text&quot;:&quot;Jugendliche&quot;,&quot;id&quot;:455,&quot;icon&quot;:null,&quot;parent&quot;:0},{&quot;text&quot;:&quot;Kinder und Familien&quot;,&quot;id&quot;:454,&quot;icon&quot;:null,&quot;parent&quot;:0}],&quot;language&quot;:[384,385],&quot;language_details&quot;:[{&quot;text&quot;:&quot;Deutsch&quot;,&quot;id&quot;:384,&quot;icon&quot;:null,&quot;parent&quot;:0},{&quot;text&quot;:&quot;Englisch&quot;,&quot;id&quot;:385,&quot;icon&quot;:null,&quot;parent&quot;:0}],&quot;icon_overwrite&quot;:&quot;&quot;,&quot;acf&quot;:{&quot;noindex&quot;:false,&quot;keywords&quot;:&quot;&quot;,&quot;belongsto&quot;:[116558],&quot;shorturl&quot;:&quot;&quot;,&quot;planning&quot;:{&quot;price&quot;:&quot;&quot;,&quot;admission&quot;:&quot;&quot;,&quot;pause&quot;:&quot;&quot;,&quot;duration&quot;:&quot;&quot;,&quot;status&quot;:&quot;BUY&quot;,&quot;info&quot;:&quot;&quot;,&quot;shop&quot;:&quot;&quot;,&quot;can_purchase&quot;:false},&quot;additional_info&quot;:{&quot;icon&quot;:&quot;0&quot;,&quot;text&quot;:&quot;&quot;},&quot;highlight_header&quot;:true,&quot;highlight_header_image&quot;:false,&quot;has_mobile_format&quot;:false,&quot;use_video_in_teasers&quot;:false,&quot;hyphenation&quot;:true,&quot;tipp&quot;:false,&quot;joker&quot;:false,&quot;live&quot;:false,&quot;hide_event_in_program&quot;:false,&quot;times&quot;:[],&quot;subline&quot;:&quot;Der Palast der Republik ist Gegenwart&quot;,&quot;highlight_header_image_mobile&quot;:39382,&quot;events&quot;:[129213]},&quot;date&quot;:{&quot;NX&quot;:null,&quot;NXX&quot;:null,&quot;NLAST&quot;:&quot;202205010600&quot;,&quot;from_DATE&quot;:&quot;20220430 14:00&quot;,&quot;from&quot;:1651312800,&quot;to&quot;:1651384800,&quot;to_DATE&quot;:&quot;20220501 10:00&quot;,&quot;from_HRFSHORT&quot;:&quot;30. Apr 2022&quot;,&quot;from_HRFSHORT_WD&quot;:&quot;Sa 30.04.2022&quot;,&quot;to_HRFSHORT&quot;:&quot; 1. Mai 2022&quot;,&quot;to_HRFSHORT_WD&quot;:&quot;So 01.05.2022&quot;,&quot;from_HRF&quot;:&quot;Sa, 30. April 2022&quot;,&quot;to_HRF&quot;:&quot;So,  1. Mai 2022&quot;,&quot;from_to_HRF&quot;:&quot;Sa, 30. April \u2013 So,  1. Mai 2022&quot;,&quot;from_to_HRFSHORT&quot;:&quot;30. Apr \u2013  1. Mai 2022&quot;},&quot;alert&quot;:&quot;Highlight&quot;,&quot;partof&quot;:[],&quot;marketing_topic&quot;:{&quot;title&quot;:&quot;Hin und weg. Der Palast der Republik ist Gegenwart&quot;,&quot;ID&quot;:116558,&quot;reason&quot;:&quot;belongsto&quot;}}' inline-template>
	<a href="https://www.humboldtforum.org/de/programm/event/thementag/hin-und-weg-39475/" class="teaser teaser-event-multi teaser-event-standard">
		<div class="row">
			<div class="col-xs-12 col-sm-6 col-md-5 col-sm-offset-1 col-md-offset-2 first-sm teaser-event-text Infos">
				<div class="teaser-event-standard-text">
					<div class="margin-bottom-atom">
						<div class="subline clamp-1" v-html="maingenre"></div>
													<div class="insignificant clamp-2">Hin und weg. Der Palast der Republik ist Gegenwart</div>
											</div>
				
					<strong class="margin-bottom-atom h5">Hin und weg</strong>

											<div class="">Der Palast der Republik ist Gegenwart</div>
									</div>
				<div class="teaser-bottom border-bottom">
				<calendardateline :rawitem='item' :show-icon="true"></calendardateline>
					<hr>
				</div>
			</div>
			<div class="col-xs-12 col-sm-4 col-md-3 teaser-event-image bottom-xs first-xs">
				<div class="teaser-image teaser-image-no-alternate">
													<span class="alert">Highlight</span>
															</div>
			</div>
		</div>
	</a>
	</calendarteaser>
</li>

				</ul>
			</div>
				</lazy-component>
</section>



<section class="block block-teaser col-3 " style="">
						<div class="container-fluid">
									<div class="row">
						<div class="col-xs-12">
							<h3 class="h4 topline">Organisatorische Hinweise</h4>
						</div>
					</div>
								<ul class="row">

				<li class="col-xs-12 col-md-4 col-padding-remove teaser-wrapper">
	<div class="box">
		<div class="teaser teaser-info">
			<div class="box teaser-info-box">
				<div>
											<div class="teaser-info-image">
							<img decoding="async" class="teaser-inline-svg" alt="Piktogramm Treffpunkt &#038; Uhrzeit" src="https://www.humboldtforum.org/wp-content/uploads/2021/06/Meetingpoint.svg">
						</div>
										<div class="teaser-header h6">Treffpunkt &#038; Uhrzeit</div>
					<div class="teaser-info-copy Teaser-copy"><p>Den Treffpunkt für Führungen und den Ort für Workshops finden Sie auf Ihrer Buchungsbestätigung. Damit die Führung pünktlich beginnen kann, bitten wir Sie, 15 Minuten vor Programmbeginn im Humboldt Forum einzutreffen. Berücksichtigen Sie bitte unbedingt diese zusätzliche Viertelstunde bei Ihrer Planung. Vielen Dank!</p>
</div>
				</div>
				
							</div>
		</div>
	</div>
</li>				</ul>
			</div>
			</section>
