{"id":44058,"date":"2022-06-07T14:18:40","date_gmt":"2022-06-07T12:18:40","guid":{"rendered":"https:\/\/www.humboldtforum.org\/?post_type=event&#038;p=44058"},"modified":"2023-07-14T09:16:33","modified_gmt":"2023-07-14T07:16:33","slug":"den-himmel-tragen-3","status":"publish","type":"event","link":"https:\/\/www.humboldtforum.org\/de\/programm\/termin\/schauspiel\/den-himmel-tragen-3-44058\/","title":{"rendered":"Den Himmel tragen"},"content":{"rendered":"<section class=\"block block-copy\" >\n    <div class=\"container-fluid\">\n\t\t<div class=\"row \">\n            <div class=\"col-xs-12 col-md-offset-2 col-md-8\">\n                <div class=\"box\">\n                    <div class=\"copy\"><p>Nicht weit von Berlin, nahe einem Fluss, ragt ein gro\u00dfer Berg in den Himmel. Seit Jahrtausenden steht der da unver\u00e4ndert. Bis eines Tages Handwerker kommen und ein gro\u00dfes Felsst\u00fcck aus dem Berg schlagen und mitnehmen. Und so beginnt sie, die Geschichte eines Steins. Noch heute k\u00f6nnen wir sie sehen, die Steinfiguren im und am Humboldt Forum. Sei es der gro\u00dfe antike Held Herkules oder der r\u00f6mische Gott Jupiter. Mit all diesen Figuren verbinden sich viele Geschichten. Aber was erz\u00e4hlt der Stein, aus dem sie gemacht sind? Was hat er f\u00fcr Abenteuer erlebt?<\/p>\n<p>Nicola Knappe verbindet in dem Programm die Geschichte der Steinfiguren mit mythologischen Erz\u00e4hlungen aus der Antike zu einem humorvollen und fantasiereichen Gesamtkunstwerk auf Deutsch.<\/p>\n<\/div>\n                <\/div>\n            <\/div>\n\t\t<\/div>\n\t\t    <\/div>\n<\/section>\n\n\n<section class=\"block block-accordion\">\n\t<div class=\"container-fluid\">\n\t\t<div class=\"row\">\n\t\t\t<div class=\"col-xs-12 col-md-offset-2 col-md-8\">\n\t\t\t\t<div class=\"box\">\n\t\t\t\t\t\t\t\t\t\t\t<block-accordion inline-template>\n\t\t\t\t\t\t\t<div class=\"accordion\">\n\t\t\t\t\t\t\t\t\t\t\t\t\t\t\t<block-accordion-item inline-template item-headline=\"Nicola Knappe\u00a0\">\n\t\t\t\t\t\t\t\t<div ref=\"item\" data-id=\"NicolaKnappe\" class=\"block-accordion-item vue-initialize\" aria-expanded=\"false\" :aria-expanded=\"active ? 'true' : 'false'\">\n\t\t\t\t\t\t\t\t\t<button class=\"accordion-button-with-icon block-accordion-item-head\" :class=\"{'button-active': active}\" ref=\"head\" aria-controls=\"acc_69f5b82d4f461\" id=\"acc_title_69f5b82d4f466\" @click=\"toggle\" @keydown=\"key\">\n\t\t\t\t\t\t\t\t\t<div><span class=\"button-label\">Nicola Knappe\u00a0<\/span><\/div><span class=\"button-icon icon-plus\" aria-hidden=\"true\"><\/span>\n\t\t\t\t\t\t\t\t<\/button>\n\t\t\t\t\t\t\t\t\t<div ref=\"body\" class=\"block-accordion-item-content\" id=\"acc_69f5b82d4f461\" role=\"region\">\n\t\t\t\t\t\t\t\t\t\t<div class=\"wrapper copy\">\n\t\t\t\t\t\t\t\t\t\t\t<p><strong>Nicola Knappe<\/strong> wuchs mit Musik und Bewegung auf. Sie studierte Rhythmik\/Musik und Bewegung an der Universit\u00e4t der K\u00fcnste Berlin (UdK). Ihr k\u00fcnstlerisches Interesse lag bereits zu Studienzeiten in der kreativen Umsetzung von Sprache. Es folgten Weiterbildungen in theater- und tanzp\u00e4dagogischen Bereichen, unter anderem an der Tanzfabrik Berlin und dem Exploratorium. Seit 2007 unterrichtet Nicola Knappe Rhythmik in Familienzentren, Kitas und Musikschulen. 2016\u20132018 nahm sie als Stipendiatin erfolgreich an der Weiterbildung Storytelling in art and education an der UdK teil.<br \/>\nSie konzipiert und realisiert Erz\u00e4hlprojekte mit Willkommensklassen und ist k\u00fcnstlerisch als Erz\u00e4hlerin bei Veranstaltungen, in Theatern, auf Festen und M\u00e4rkten zu sehen. Nicola Knappe ist Dozentin f\u00fcr Erz\u00e4hlkunst (VHS Friedrichshain\/Kreuzberg) und Bewegung (UdK) und aktives Mitglied der Erz\u00e4hlkunst e.V.<br \/>\nSie lebt mit ihren drei Kindern in Berlin-Karlshorst.<\/p>\n\n\t\t\t\t\t\t\t\t\t\t\t\t\t\t\t\t\t\t\t\t\t\t\t\t\t\t\t\t\t\t\t\t\t\n\t\t\t\t\t\t\t\t\t\t\t<div class=\"row\">\n\t\t\t\t\t\t\t\t\t\t\t\t<div class=\"col-xs-9 col-md-9\">\n\t\t\t\t\t\t\t\t\t\t\t\t\t<div class=\"box\">\n\t\t\t\t\t\t\t\t\t\t\t\t\t\t\t\t\t\t\t\t\t\t\t\t\t\t\t<\/div>\n\t\t\t\t\t\t\t\t\t\t\t\t<\/div>\n\t\t\t\t\t\t\t\t\t\t\t<\/div>\n\n\t\t\t\t\t\t\t\t\t\t\t\t\t\t\t\t\t\t\t\t\t<\/div>\n\t\t\t\t\t\t\t\t\t<\/div>\n\t\t\t\t\t\t\t\t<\/div>\n\t\t\t\t\t\t\t\t<\/block-accordion-item>\n\t\t\t\t\t\t\t\t\t\t\t\t\t<\/div>\n\t\t\t\t\t\t<\/block-accordion>\n\t\t\t\t\t\t\t\t\t<\/div>\n\t\t\t<\/div>\n\t\t<\/div>\n\t<\/div>\n<\/section>\n\n\n<section class=\"block block-CTA block-CTA-long leftgradient\">\n\t<div class=\"container-fluid\">\n\t\t<div class=\"row center-xs\">\n\t\t\t<div class=\"col-xs-12\">\n\t\t\t\t<div class=\"box\">\n\t\t\t\t\t<a href=\"https:\/\/www.humboldtforum.org\/de\/programm\/event-reihe\/schauspiel\/erzaehlt-mir-was-33827\/\" aria-label=\"Zur Reihe\" class=\"teaser teaser-cta-wide \">\n\t\t\t\t\t\t<div class=\"teaser-image\">\n\t\t\t\t\t\t\t\n\t<lazy-media-inline inline-template>\n\t\t<figure itemscope itemtype=\"http:\/\/schema.org\/ImageObject\" class=\"lazy-media-inline \" role=\"group\" id=\"media_69f5b82d514f7\" aria-labelledby=\"desc_media_69f5b82d514f7\">\n\t\t\t<script type=\"application\/json\" ref=\"data\">\n\t\t\t\t{\n\t\t\t\t\"sizes\" : {\"medium\":{\"file\":\"SHF_eb00117669-300x200.jpg\",\"width\":300,\"height\":200,\"mime-type\":\"image\\\/jpeg\"},\"large\":{\"file\":\"SHF_eb00117669-1024x683.jpg\",\"width\":1024,\"height\":683,\"mime-type\":\"image\\\/jpeg\"},\"thumbnail\":{\"file\":\"SHF_eb00117669-150x150.jpg\",\"width\":150,\"height\":150,\"mime-type\":\"image\\\/jpeg\"},\"medium_large\":{\"file\":\"SHF_eb00117669-768x512.jpg\",\"width\":768,\"height\":512,\"mime-type\":\"image\\\/jpeg\"},\"small\":{\"file\":\"SHF_eb00117669-440x293.jpg\",\"width\":440,\"height\":293,\"mime-type\":\"image\\\/jpeg\"},\"semi\":{\"file\":\"SHF_eb00117669-580x387.jpg\",\"width\":580,\"height\":387,\"mime-type\":\"image\\\/jpeg\"},\"mobile\":{\"file\":\"SHF_eb00117669-720x480.jpg\",\"width\":720,\"height\":480,\"mime-type\":\"image\\\/jpeg\"},\"hd\":{\"file\":\"SHF_eb00117669-1280x854.jpg\",\"width\":1280,\"height\":854,\"mime-type\":\"image\\\/jpeg\"},\"full\":{\"file\":\"SHF_eb00117669-1920x1281.jpg\",\"width\":1920,\"height\":1281,\"mime-type\":\"image\\\/jpeg\"},\"1536x1536\":{\"file\":\"SHF_eb00117669-1536x1025.jpg\",\"width\":1536,\"height\":1025,\"mime-type\":\"image\\\/jpeg\"},\"original\":{\"file\":\"SHF_eb00117669.jpg\",\"width\":2048,\"height\":1226}},\n\t\t\t\t\"alt\" : \"Zwei Personen pr\\u00e4sentieren auf einer beleuchteten B\\u00fchne vor Publikum, Sitzkissen im Vordergrund.\",\n\t\t\t\t\"path\" : \"\\\/wp-content\\\/uploads\\\/2021\\\/10\\\/\",\n\t\t\t\t\"video\" : null,\n\t\t\t\t\"autoplay\" : null,\n\t\t\t\t\"youtube\" : null,\n\t\t\t\t\"youtubelabel\" : \"Video abspielen\",\n\t\t\t\t\"brightness\" : \"80\",\n\t\t\t\t\"crop\" : {\"top\":\"30.38\",\"left\":\"51.96\"},\n\t\t\t\t\"background\" : true,\n\t\t\t\t\"scale\" : 2\t\t\t\t}\n\t\t\t<\/script>\n\n\t\t\t<div class=\"height-container\" style=\"padding-bottom:59.86328125%;\" v-if=\"sizes\">\n\t\t\t\t\t\t\t\t<lazy-media :inline=\"true\" :alt=\"alt\" :sizes=\"sizes\" :scale=\"scale\" :brightness=\"brightness\" :path=\"path\" :video=\"video\" :autoplay=\"autoplay\" :youtube=\"youtube\" :crop=\"crop\" :youtubelabel=\"youtubelabel\" :background=\"background\" media-id=\"desc_media_69f5b82d514f7\"><\/lazy-media>\n\t\t\t\t\t\t\t<\/div>\n\n\t\t\t\t\t\t\t<figcaption class=\"sr-only\" ref=\"body\" id=\"desc_media_69f5b82d514f7\">\n\t\t\t\t\t\t\t\t\t\t\t\t\t\t\t\t\t\t\t\t\t<div class=\"insignificant\">\u00a9 Stiftung Humboldt Forum im Berliner Schloss \/ Frank Sperling<\/div>\n\t\t\t\t\t\t\t\t\t<\/figcaption>\n\t\t\t\t\t<\/figure>\n\t<\/lazy-media-inline>\n\t\t\t\t\t\t<\/div>\n\t\t\t\t\t\t<div class=\"teaser-content \">\n\t\t\t\t\t\t\t<div>\n\t\t\t\t\t\t\t\t<div class=\"teaser-overline subline\">Samstags und Sonntags um 15 und 16 Uhr<\/div>\t\t\t\t\t\t\t\t<div class=\"teaser-header\"><span class=\"h3\">Zur Reihe<\/span><\/div>\n\t\t\t\t\t\t\t\t\t\t\t\t\t\t\t\t<button tabindex=\"-1\" class=\"border\">Zur Reihe<\/button>\n\t\t\t\t\t\t\t<\/div>\n\t\t\t\t\t\t<\/div>\n\t\t\t\t\t<\/a>\n\t\t\t\t<\/div>\n\t\t\t<\/div>\n\t\t<\/div>\n\t<\/div>\n<\/section>\n\n\n<section class=\"block block-teaser col-lane33 \" style=\"\">\n\t\t\t\t\t\t<teaser-lane-with-buttons inline-template tracking-label=\"Organisatorische Infos\">\n\t\t\t\t<div>\n\t\t\t\t\t<div class=\"container-fluid\">\n\t\t\t\t\t\t<div class=\"row middle-xs\">\n\t\t\t\t\t\t\t<div class=\"col-xs-10 col-sm-8\">\n\t\t\t\t\t\t\t\t<h3 class=\"h4 topline\">Organisatorische Infos<\/h3>\t\t\t\t\t\t\t<\/div>\n\t\t\t\t\t\t\t<div class=\"col-xs-2 col-sm-4 end-xs margin-bottom-sixth\">\n\t\t\t\t\t\t\t\t<teaser-lane-buttons :visible_prev=\"visible_prev\" :visible_next=\"visible_next\" @prev=\"prev\" @next=\"next\"><\/teaser-lane-buttons>\n\t\t\t\t\t\t\t<\/div>\n\t\t\t\t\t\t<\/div>\n\t\t\t\t\t<\/div>\n\t\t\t\t\t<div class=\"teaser-lane-wrapper\">\n\t\t\t\t\t\t<ul class=\"teaser-lane\">\n\t\t\t\t\t\t\t\t\t\t\t\t<\/ul>\n\t\t\t\t\t<\/div>\n\t\t\t\t<\/div>\n\t\t\t<\/teaser-lane-with-buttons>\n\t\t\t<\/section>","protected":false},"template":"","genre":[823],"digital":[],"topic":[],"stakeholder":[382],"editorial":[],"editorialfilter":[],"targetgroup":[454],"language":[384],"accessability":[430],"age":[],"school":[],"groupsize":[],"place":[510],"class_list":["post-44058","event","type-event","status-publish","has-post-thumbnail","hentry","genre-schauspiel","stakeholder-stiftung-humboldt-forum-im-berliner-schloss","targetgroup-kinder-und-familien","language-deutsch","accessability-rollstuhlgerecht","place-schlueterhof"],"acf":[],"_links":{"self":[{"href":"https:\/\/www.humboldtforum.org\/de\/wp-json\/wp\/v2\/event\/44058","targetHints":{"allow":["GET"]}}],"collection":[{"href":"https:\/\/www.humboldtforum.org\/de\/wp-json\/wp\/v2\/event"}],"about":[{"href":"https:\/\/www.humboldtforum.org\/de\/wp-json\/wp\/v2\/types\/event"}],"version-history":[{"count":12,"href":"https:\/\/www.humboldtforum.org\/de\/wp-json\/wp\/v2\/event\/44058\/revisions"}],"predecessor-version":[{"id":92888,"href":"https:\/\/www.humboldtforum.org\/de\/wp-json\/wp\/v2\/event\/44058\/revisions\/92888"}],"wp:featuredmedia":[{"embeddable":true,"href":"https:\/\/www.humboldtforum.org\/de\/wp-json\/wp\/v2\/media\/35164"}],"wp:attachment":[{"href":"https:\/\/www.humboldtforum.org\/de\/wp-json\/wp\/v2\/media?parent=44058"}],"wp:term":[{"taxonomy":"genre","embeddable":true,"href":"https:\/\/www.humboldtforum.org\/de\/wp-json\/wp\/v2\/genre?post=44058"},{"taxonomy":"digital","embeddable":true,"href":"https:\/\/www.humboldtforum.org\/de\/wp-json\/wp\/v2\/digital?post=44058"},{"taxonomy":"topic","embeddable":true,"href":"https:\/\/www.humboldtforum.org\/de\/wp-json\/wp\/v2\/topic?post=44058"},{"taxonomy":"stakeholder","embeddable":true,"href":"https:\/\/www.humboldtforum.org\/de\/wp-json\/wp\/v2\/stakeholder?post=44058"},{"taxonomy":"editorial","embeddable":true,"href":"https:\/\/www.humboldtforum.org\/de\/wp-json\/wp\/v2\/editorial?post=44058"},{"taxonomy":"editorialfilter","embeddable":true,"href":"https:\/\/www.humboldtforum.org\/de\/wp-json\/wp\/v2\/editorialfilter?post=44058"},{"taxonomy":"targetgroup","embeddable":true,"href":"https:\/\/www.humboldtforum.org\/de\/wp-json\/wp\/v2\/targetgroup?post=44058"},{"taxonomy":"language","embeddable":true,"href":"https:\/\/www.humboldtforum.org\/de\/wp-json\/wp\/v2\/language?post=44058"},{"taxonomy":"accessability","embeddable":true,"href":"https:\/\/www.humboldtforum.org\/de\/wp-json\/wp\/v2\/accessability?post=44058"},{"taxonomy":"age","embeddable":true,"href":"https:\/\/www.humboldtforum.org\/de\/wp-json\/wp\/v2\/age?post=44058"},{"taxonomy":"school","embeddable":true,"href":"https:\/\/www.humboldtforum.org\/de\/wp-json\/wp\/v2\/school?post=44058"},{"taxonomy":"groupsize","embeddable":true,"href":"https:\/\/www.humboldtforum.org\/de\/wp-json\/wp\/v2\/groupsize?post=44058"},{"taxonomy":"place","embeddable":true,"href":"https:\/\/www.humboldtforum.org\/de\/wp-json\/wp\/v2\/place?post=44058"}],"curies":[{"name":"wp","href":"https:\/\/api.w.org\/{rel}","templated":true}]}}

<section class="block block-copy" >
    <div class="container-fluid">
		<div class="row ">
            <div class="col-xs-12 col-md-offset-2 col-md-8">
                <div class="box">
                    <div class="copy"><p>Nicht weit von Berlin, nahe einem Fluss, ragt ein großer Berg in den Himmel. Seit Jahrtausenden steht der da unverändert. Bis eines Tages Handwerker kommen und ein großes Felsstück aus dem Berg schlagen und mitnehmen. Und so beginnt sie, die Geschichte eines Steins. Noch heute können wir sie sehen, die Steinfiguren im und am Humboldt Forum. Sei es der große antike Held Herkules oder der römische Gott Jupiter. Mit all diesen Figuren verbinden sich viele Geschichten. Aber was erzählt der Stein, aus dem sie gemacht sind? Was hat er für Abenteuer erlebt?</p>
<p>Nicola Knappe verbindet in dem Programm die Geschichte der Steinfiguren mit mythologischen Erzählungen aus der Antike zu einem humorvollen und fantasiereichen Gesamtkunstwerk auf Deutsch.</p>
</div>
                </div>
            </div>
		</div>
		    </div>
</section>


<section class="block block-accordion">
	<div class="container-fluid">
		<div class="row">
			<div class="col-xs-12 col-md-offset-2 col-md-8">
				<div class="box">
											<block-accordion inline-template>
							<div class="accordion">
															<block-accordion-item inline-template item-headline="Nicola Knappe ">
								<div ref="item" data-id="NicolaKnappe" class="block-accordion-item vue-initialize" aria-expanded="false" :aria-expanded="active ? 'true' : 'false'">
									<button class="accordion-button-with-icon block-accordion-item-head" :class="{'button-active': active}" ref="head" aria-controls="acc_69f5b82d4f461" id="acc_title_69f5b82d4f466" @click="toggle" @keydown="key">
									<div><span class="button-label">Nicola Knappe </span></div><span class="button-icon icon-plus" aria-hidden="true"></span>
								</button>
									<div ref="body" class="block-accordion-item-content" id="acc_69f5b82d4f461" role="region">
										<div class="wrapper copy">
											<p><strong>Nicola Knappe</strong> wuchs mit Musik und Bewegung auf. Sie studierte Rhythmik/Musik und Bewegung an der Universität der Künste Berlin (UdK). Ihr künstlerisches Interesse lag bereits zu Studienzeiten in der kreativen Umsetzung von Sprache. Es folgten Weiterbildungen in theater- und tanzpädagogischen Bereichen, unter anderem an der Tanzfabrik Berlin und dem Exploratorium. Seit 2007 unterrichtet Nicola Knappe Rhythmik in Familienzentren, Kitas und Musikschulen. 2016–2018 nahm sie als Stipendiatin erfolgreich an der Weiterbildung Storytelling in art and education an der UdK teil.<br />
Sie konzipiert und realisiert Erzählprojekte mit Willkommensklassen und ist künstlerisch als Erzählerin bei Veranstaltungen, in Theatern, auf Festen und Märkten zu sehen. Nicola Knappe ist Dozentin für Erzählkunst (VHS Friedrichshain/Kreuzberg) und Bewegung (UdK) und aktives Mitglied der Erzählkunst e.V.<br />
Sie lebt mit ihren drei Kindern in Berlin-Karlshorst.</p>

																																	
											<div class="row">
												<div class="col-xs-9 col-md-9">
													<div class="box">
																											</div>
												</div>
											</div>

																					</div>
									</div>
								</div>
								</block-accordion-item>
													</div>
						</block-accordion>
									</div>
			</div>
		</div>
	</div>
</section>


<section class="block block-CTA block-CTA-long leftgradient">
	<div class="container-fluid">
		<div class="row center-xs">
			<div class="col-xs-12">
				<div class="box">
					<a href="https://www.humboldtforum.org/de/programm/event-reihe/schauspiel/erzaehlt-mir-was-33827/" aria-label="Zur Reihe" class="teaser teaser-cta-wide ">
						<div class="teaser-image">
							
	<lazy-media-inline inline-template>
		<figure itemscope itemtype="http://schema.org/ImageObject" class="lazy-media-inline " role="group" id="media_69f5b82d514f7" aria-labelledby="desc_media_69f5b82d514f7">
			<script type="application/json" ref="data">
				{
				"sizes" : {"medium":{"file":"SHF_eb00117669-300x200.jpg","width":300,"height":200,"mime-type":"image\/jpeg"},"large":{"file":"SHF_eb00117669-1024x683.jpg","width":1024,"height":683,"mime-type":"image\/jpeg"},"thumbnail":{"file":"SHF_eb00117669-150x150.jpg","width":150,"height":150,"mime-type":"image\/jpeg"},"medium_large":{"file":"SHF_eb00117669-768x512.jpg","width":768,"height":512,"mime-type":"image\/jpeg"},"small":{"file":"SHF_eb00117669-440x293.jpg","width":440,"height":293,"mime-type":"image\/jpeg"},"semi":{"file":"SHF_eb00117669-580x387.jpg","width":580,"height":387,"mime-type":"image\/jpeg"},"mobile":{"file":"SHF_eb00117669-720x480.jpg","width":720,"height":480,"mime-type":"image\/jpeg"},"hd":{"file":"SHF_eb00117669-1280x854.jpg","width":1280,"height":854,"mime-type":"image\/jpeg"},"full":{"file":"SHF_eb00117669-1920x1281.jpg","width":1920,"height":1281,"mime-type":"image\/jpeg"},"1536x1536":{"file":"SHF_eb00117669-1536x1025.jpg","width":1536,"height":1025,"mime-type":"image\/jpeg"},"original":{"file":"SHF_eb00117669.jpg","width":2048,"height":1226}},
				"alt" : "Zwei Personen pr\u00e4sentieren auf einer beleuchteten B\u00fchne vor Publikum, Sitzkissen im Vordergrund.",
				"path" : "\/wp-content\/uploads\/2021\/10\/",
				"video" : null,
				"autoplay" : null,
				"youtube" : null,
				"youtubelabel" : "Video abspielen",
				"brightness" : "80",
				"crop" : {"top":"30.38","left":"51.96"},
				"background" : true,
				"scale" : 2				}
			</script>

			<div class="height-container" style="padding-bottom:59.86328125%;" v-if="sizes">
								<lazy-media :inline="true" :alt="alt" :sizes="sizes" :scale="scale" :brightness="brightness" :path="path" :video="video" :autoplay="autoplay" :youtube="youtube" :crop="crop" :youtubelabel="youtubelabel" :background="background" media-id="desc_media_69f5b82d514f7"></lazy-media>
							</div>

							<figcaption class="sr-only" ref="body" id="desc_media_69f5b82d514f7">
																					<div class="insignificant">© Stiftung Humboldt Forum im Berliner Schloss / Frank Sperling</div>
									</figcaption>
					</figure>
	</lazy-media-inline>
						</div>
						<div class="teaser-content ">
							<div>
								<div class="teaser-overline subline">Samstags und Sonntags um 15 und 16 Uhr</div>								<div class="teaser-header"><span class="h3">Zur Reihe</span></div>
																<button tabindex="-1" class="border">Zur Reihe</button>
							</div>
						</div>
					</a>
				</div>
			</div>
		</div>
	</div>
</section>


<section class="block block-teaser col-lane33 " style="">
						<teaser-lane-with-buttons inline-template tracking-label="Organisatorische Infos">
				<div>
					<div class="container-fluid">
						<div class="row middle-xs">
							<div class="col-xs-10 col-sm-8">
								<h3 class="h4 topline">Organisatorische Infos</h3>							</div>
							<div class="col-xs-2 col-sm-4 end-xs margin-bottom-sixth">
								<teaser-lane-buttons :visible_prev="visible_prev" :visible_next="visible_next" @prev="prev" @next="next"></teaser-lane-buttons>
							</div>
						</div>
					</div>
					<div class="teaser-lane-wrapper">
						<ul class="teaser-lane">
												</ul>
					</div>
				</div>
			</teaser-lane-with-buttons>
			</section>
