{"id":45521,"date":"2022-07-04T10:27:56","date_gmt":"2022-07-04T08:27:56","guid":{"rendered":"https:\/\/www.humboldtforum.org\/?post_type=event&#038;p=45521"},"modified":"2022-08-16T15:13:31","modified_gmt":"2022-08-16T13:13:31","slug":"ein-objekt-viele-fragen-7","status":"publish","type":"event","link":"https:\/\/www.humboldtforum.org\/de\/programm\/termin\/diskurs\/ein-objekt-viele-fragen-7-45521\/","title":{"rendered":"Zweigeschlechtliche Ahnengeister \u2013 oder haben wir da etwas missverstanden?"},"content":{"rendered":"<section class=\"block block-copy block-no-margin\" >\n    <div class=\"container-fluid\">\n\t\t<div class=\"row \">\n            <div class=\"col-xs-12 col-md-offset-2 col-md-8\">\n                <div class=\"box\">\n                    <div class=\"copy\"><p><b>Die Veranstaltungsreihe \u201eEin Objekt \u2013 viele Fragen\u201c r\u00fcckt zu jedem Termin ein besonderes Ausstellungsst\u00fcck in den Mittelpunkt, dessen Geschichte und Geschichten im Gespr\u00e4ch mit Expert*innen ergr\u00fcndet werden<\/b><\/p>\n<p>Die eindeutig zweigeschlechtliche Darstellung der Figur eines Ahnengeistes aus Papua-Neuguinea l\u00e4dt zu Spekulationen ein. Handelt es sich hier um ein transsexuelles Geistwesen? Welches kulturellen Konzepte zu Geschlechterrollen und -zuschreibungen gab und gibt es dort heute? In diesem dialogischen Vortragsformat geht es darum, neue Perspektiven zu diese Themen kennenzulernen und zugleich unsere eigenen Kategorisierungen von \u201eGender\u201c und damit auch unser Konzepte von Personen \u00fcberhaupt zu hinterfragen.<\/p>\n<p>&nbsp;<\/p>\n<\/div>\n                <\/div>\n            <\/div>\n\t\t<\/div>\n\t\t    <\/div>\n<\/section>\n\n\n<section class=\"block block-accordion\">\n\t<div class=\"container-fluid\">\n\t\t<div class=\"row\">\n\t\t\t<div class=\"col-xs-12 col-md-offset-2 col-md-8\">\n\t\t\t\t<div class=\"box\">\n\t\t\t\t\t\t\t\t\t\t\t<block-accordion inline-template>\n\t\t\t\t\t\t\t<div class=\"accordion\">\n\t\t\t\t\t\t\t\t\t\t\t\t\t\t\t<block-accordion-item inline-template item-headline=\"Gina Knapp\">\n\t\t\t\t\t\t\t\t<div ref=\"item\" data-id=\"GinaKnapp\" class=\"block-accordion-item vue-initialize\" aria-expanded=\"false\" :aria-expanded=\"active ? 'true' : 'false'\">\n\t\t\t\t\t\t\t\t\t<button class=\"accordion-button-with-icon block-accordion-item-head\" :class=\"{'button-active': active}\" ref=\"head\" aria-controls=\"acc_69f07d36b83de\" id=\"acc_title_69f07d36b83e1\" @click=\"toggle\" @keydown=\"key\">\n\t\t\t\t\t\t\t\t\t<div><span class=\"button-label\">Gina Knapp<\/span><\/div><span class=\"button-icon icon-plus\" aria-hidden=\"true\"><\/span>\n\t\t\t\t\t\t\t\t<\/button>\n\t\t\t\t\t\t\t\t\t<div ref=\"body\" class=\"block-accordion-item-content\" id=\"acc_69f07d36b83de\" role=\"region\">\n\t\t\t\t\t\t\t\t\t\t<div class=\"wrapper copy\">\n\t\t\t\t\t\t\t\t\t\t\t<p>Dr. Gina Knapp ist Anthropologin, Filmemacherin und Forscherin. Sie arbeitet als Kuratorin f\u00fcr visuelle Anthropologie am Ethnologischen Museum Berlin.<\/p>\n\n\t\t\t\t\t\t\t\t\t\t\t\t\t\t\t\t\t\t\t\t\t\t\t\t\t\t\t\t\t\t\t\t\t\n\t\t\t\t\t\t\t\t\t\t\t<div class=\"row\">\n\t\t\t\t\t\t\t\t\t\t\t\t<div class=\"col-xs-9 col-md-9\">\n\t\t\t\t\t\t\t\t\t\t\t\t\t<div class=\"box\">\n\t\t\t\t\t\t\t\t\t\t\t\t\t\t\n\t<lazy-media-inline inline-template>\n\t\t<figure itemscope itemtype=\"http:\/\/schema.org\/ImageObject\" class=\"lazy-media-inline \" role=\"group\" id=\"media_69f07d36b8b2b\" aria-labelledby=\"desc_media_69f07d36b8b2b\">\n\t\t\t<script type=\"application\/json\" ref=\"data\">\n\t\t\t\t{\n\t\t\t\t\"sizes\" : {\"medium\":{\"file\":\"SHF_eb00134295-200x300.jpg\",\"width\":200,\"height\":300,\"mime-type\":\"image\\\/jpeg\"},\"large\":{\"file\":\"SHF_eb00134295-682x1024.jpg\",\"width\":682,\"height\":1024,\"mime-type\":\"image\\\/jpeg\"},\"thumbnail\":{\"file\":\"SHF_eb00134295-150x150.jpg\",\"width\":150,\"height\":150,\"mime-type\":\"image\\\/jpeg\"},\"medium_large\":{\"file\":\"SHF_eb00134295-768x1152.jpg\",\"width\":768,\"height\":1152,\"mime-type\":\"image\\\/jpeg\"},\"small\":{\"file\":\"SHF_eb00134295-293x440.jpg\",\"width\":293,\"height\":440,\"mime-type\":\"image\\\/jpeg\"},\"semi\":{\"file\":\"SHF_eb00134295-387x580.jpg\",\"width\":387,\"height\":580,\"mime-type\":\"image\\\/jpeg\"},\"mobile\":{\"file\":\"SHF_eb00134295-480x720.jpg\",\"width\":480,\"height\":720,\"mime-type\":\"image\\\/jpeg\"},\"original\":{\"file\":\"SHF_eb00134295.jpg\",\"width\":853,\"height\":1280}},\n\t\t\t\t\"alt\" : \"Frau mit Hut sitzt entspannt auf einer Bank in der Natur, l\\u00e4chelt und gestikuliert freundlich.\",\n\t\t\t\t\"path\" : \"\\\/wp-content\\\/uploads\\\/2022\\\/04\\\/\",\n\t\t\t\t\"video\" : null,\n\t\t\t\t\"autoplay\" : null,\n\t\t\t\t\"youtube\" : null,\n\t\t\t\t\"youtubelabel\" : \"Video abspielen\",\n\t\t\t\t\"brightness\" : 100,\n\t\t\t\t\"crop\" : null,\n\t\t\t\t\"background\" : false,\n\t\t\t\t\"scale\" : 1\t\t\t\t}\n\t\t\t<\/script>\n\n\t\t\t<div class=\"height-container\" style=\"padding-bottom:150.05861664713%;\" v-if=\"sizes\">\n\t\t\t\t\t\t\t\t<lazy-media :inline=\"true\" :alt=\"alt\" :sizes=\"sizes\" :scale=\"scale\" :brightness=\"brightness\" :path=\"path\" :video=\"video\" :autoplay=\"autoplay\" :youtube=\"youtube\" :crop=\"crop\" :youtubelabel=\"youtubelabel\" :background=\"background\" media-id=\"desc_media_69f07d36b8b2b\"><\/lazy-media>\n\t\t\t\t\t\t\t<\/div>\n\n\t\t\t\t\t\t\t<figcaption class=\"\" id=\"desc_media_69f07d36b8b2b\">\n\t\t\t\t\t<div class=\"lazy-media-info-body-content\">\n\t\t\t\t\t\t\t\t\t\t\t\t\t\t\t\t\t\t\t<div>Gina Knapp <\/div>\n\t\t\t\t\t\t\t\t\t\t\t\t\t\t\t\t\t\t\t<div class=\"insignificant\">\u00a9 Yumi Piksa<\/div>\n\t\t\t\t\t\t\t\t\t\t\t<\/div>\n\t\t\t\t<\/figcaption>\n\t\t\t\t\t\t\t\t\t<\/figure>\n\t<\/lazy-media-inline>\n\t\t\t\t\t\t\t\t\t\t\t\t\t<\/div>\n\t\t\t\t\t\t\t\t\t\t\t\t<\/div>\n\t\t\t\t\t\t\t\t\t\t\t<\/div>\n\n\t\t\t\t\t\t\t\t\t\t\t\t\t\t\t\t\t\t\t\t\t<\/div>\n\t\t\t\t\t\t\t\t\t<\/div>\n\t\t\t\t\t\t\t\t<\/div>\n\t\t\t\t\t\t\t\t<\/block-accordion-item>\n\t\t\t\t\t\t\t\t\t\t\t\t\t<\/div>\n\t\t\t\t\t\t<\/block-accordion>\n\t\t\t\t\t\t\t\t\t<\/div>\n\t\t\t<\/div>\n\t\t<\/div>\n\t<\/div>\n<\/section>\n\n\n\n\n\n<section class=\"block block-teaser col-lane33 \" style=\"\">\n\t\t\t\t\t\t<teaser-lane-with-buttons inline-template tracking-label=\"Organistorische Hinweise\">\n\t\t\t\t<div>\n\t\t\t\t\t<div class=\"container-fluid\">\n\t\t\t\t\t\t<div class=\"row middle-xs\">\n\t\t\t\t\t\t\t<div class=\"col-xs-10 col-sm-8\">\n\t\t\t\t\t\t\t\t<h3 class=\"h4 topline\">Organistorische Hinweise<\/h3>\t\t\t\t\t\t\t<\/div>\n\t\t\t\t\t\t\t<div class=\"col-xs-2 col-sm-4 end-xs margin-bottom-sixth\">\n\t\t\t\t\t\t\t\t<teaser-lane-buttons :visible_prev=\"visible_prev\" :visible_next=\"visible_next\" @prev=\"prev\" @next=\"next\"><\/teaser-lane-buttons>\n\t\t\t\t\t\t\t<\/div>\n\t\t\t\t\t\t<\/div>\n\t\t\t\t\t<\/div>\n\t\t\t\t\t<div class=\"teaser-lane-wrapper\">\n\t\t\t\t\t\t<ul class=\"teaser-lane\">\n\t\t\t\t\t\t<li class=\"teaser-lane-slide col-xs-10 col-sm-8 col-md-4 teaser-wrapper col-padding-remove\">\n\t<div class=\"box\">\n\t\t<div class=\"teaser teaser-info\">\n\t\t\t<div class=\"box teaser-info-box\">\n\t\t\t\t<div>\n\t\t\t\t\t\t\t\t\t\t\t<div class=\"teaser-info-image\">\n\t\t\t\t\t\t\t<img decoding=\"async\" class=\"teaser-inline-svg\" alt=\"Piktogramm Treffpunkt &#038; Uhrzeit\" src=\"https:\/\/www.humboldtforum.org\/wp-content\/uploads\/2021\/06\/Meetingpoint.svg\">\n\t\t\t\t\t\t<\/div>\n\t\t\t\t\t\t\t\t\t\t<div class=\"teaser-header h6\">Treffpunkt &#038; Uhrzeit<\/div>\n\t\t\t\t\t<div class=\"teaser-info-copy Teaser-copy\"><p>Den Treffpunkt f\u00fcr F\u00fchrungen und den Ort f\u00fcr Workshops finden Sie auf Ihrer Buchungsbest\u00e4tigung. Damit die F\u00fchrung p\u00fcnktlich beginnen kann, bitten wir Sie, 15 Minuten vor Programmbeginn im Humboldt Forum einzutreffen. Ber\u00fccksichtigen Sie bitte unbedingt diese zus\u00e4tzliche Viertelstunde bei Ihrer Planung. Vielen Dank!<\/p>\n<\/div>\n\t\t\t\t<\/div>\n\t\t\t\t\n\t\t\t\t\t\t\t<\/div>\n\t\t<\/div>\n\t<\/div>\n<\/li>\t\t\t\t\t\t<\/ul>\n\t\t\t\t\t<\/div>\n\t\t\t\t<\/div>\n\t\t\t<\/teaser-lane-with-buttons>\n\t\t\t<\/section>","protected":false},"template":"","genre":[392],"digital":[],"topic":[],"stakeholder":[530],"editorial":[],"editorialfilter":[],"targetgroup":[383],"language":[384],"accessability":[430],"age":[],"school":[],"groupsize":[1047],"place":[531],"class_list":["post-45521","event","type-event","status-publish","has-post-thumbnail","hentry","genre-diskurs","stakeholder-staatliche-museen-zu-berlin","targetgroup-erwachsene","language-deutsch","accessability-rollstuhlgerecht","groupsize-max-20-personen","place-2-og"],"acf":[],"_links":{"self":[{"href":"https:\/\/www.humboldtforum.org\/de\/wp-json\/wp\/v2\/event\/45521","targetHints":{"allow":["GET"]}}],"collection":[{"href":"https:\/\/www.humboldtforum.org\/de\/wp-json\/wp\/v2\/event"}],"about":[{"href":"https:\/\/www.humboldtforum.org\/de\/wp-json\/wp\/v2\/types\/event"}],"version-history":[{"count":0,"href":"https:\/\/www.humboldtforum.org\/de\/wp-json\/wp\/v2\/event\/45521\/revisions"}],"wp:featuredmedia":[{"embeddable":true,"href":"https:\/\/www.humboldtforum.org\/de\/wp-json\/wp\/v2\/media\/45525"}],"wp:attachment":[{"href":"https:\/\/www.humboldtforum.org\/de\/wp-json\/wp\/v2\/media?parent=45521"}],"wp:term":[{"taxonomy":"genre","embeddable":true,"href":"https:\/\/www.humboldtforum.org\/de\/wp-json\/wp\/v2\/genre?post=45521"},{"taxonomy":"digital","embeddable":true,"href":"https:\/\/www.humboldtforum.org\/de\/wp-json\/wp\/v2\/digital?post=45521"},{"taxonomy":"topic","embeddable":true,"href":"https:\/\/www.humboldtforum.org\/de\/wp-json\/wp\/v2\/topic?post=45521"},{"taxonomy":"stakeholder","embeddable":true,"href":"https:\/\/www.humboldtforum.org\/de\/wp-json\/wp\/v2\/stakeholder?post=45521"},{"taxonomy":"editorial","embeddable":true,"href":"https:\/\/www.humboldtforum.org\/de\/wp-json\/wp\/v2\/editorial?post=45521"},{"taxonomy":"editorialfilter","embeddable":true,"href":"https:\/\/www.humboldtforum.org\/de\/wp-json\/wp\/v2\/editorialfilter?post=45521"},{"taxonomy":"targetgroup","embeddable":true,"href":"https:\/\/www.humboldtforum.org\/de\/wp-json\/wp\/v2\/targetgroup?post=45521"},{"taxonomy":"language","embeddable":true,"href":"https:\/\/www.humboldtforum.org\/de\/wp-json\/wp\/v2\/language?post=45521"},{"taxonomy":"accessability","embeddable":true,"href":"https:\/\/www.humboldtforum.org\/de\/wp-json\/wp\/v2\/accessability?post=45521"},{"taxonomy":"age","embeddable":true,"href":"https:\/\/www.humboldtforum.org\/de\/wp-json\/wp\/v2\/age?post=45521"},{"taxonomy":"school","embeddable":true,"href":"https:\/\/www.humboldtforum.org\/de\/wp-json\/wp\/v2\/school?post=45521"},{"taxonomy":"groupsize","embeddable":true,"href":"https:\/\/www.humboldtforum.org\/de\/wp-json\/wp\/v2\/groupsize?post=45521"},{"taxonomy":"place","embeddable":true,"href":"https:\/\/www.humboldtforum.org\/de\/wp-json\/wp\/v2\/place?post=45521"}],"curies":[{"name":"wp","href":"https:\/\/api.w.org\/{rel}","templated":true}]}}

<section class="block block-copy block-no-margin" >
    <div class="container-fluid">
		<div class="row ">
            <div class="col-xs-12 col-md-offset-2 col-md-8">
                <div class="box">
                    <div class="copy"><p><b>Die Veranstaltungsreihe „Ein Objekt – viele Fragen“ rückt zu jedem Termin ein besonderes Ausstellungsstück in den Mittelpunkt, dessen Geschichte und Geschichten im Gespräch mit Expert*innen ergründet werden</b></p>
<p>Die eindeutig zweigeschlechtliche Darstellung der Figur eines Ahnengeistes aus Papua-Neuguinea lädt zu Spekulationen ein. Handelt es sich hier um ein transsexuelles Geistwesen? Welches kulturellen Konzepte zu Geschlechterrollen und -zuschreibungen gab und gibt es dort heute? In diesem dialogischen Vortragsformat geht es darum, neue Perspektiven zu diese Themen kennenzulernen und zugleich unsere eigenen Kategorisierungen von „Gender“ und damit auch unser Konzepte von Personen überhaupt zu hinterfragen.</p>
<p>&nbsp;</p>
</div>
                </div>
            </div>
		</div>
		    </div>
</section>


<section class="block block-accordion">
	<div class="container-fluid">
		<div class="row">
			<div class="col-xs-12 col-md-offset-2 col-md-8">
				<div class="box">
											<block-accordion inline-template>
							<div class="accordion">
															<block-accordion-item inline-template item-headline="Gina Knapp">
								<div ref="item" data-id="GinaKnapp" class="block-accordion-item vue-initialize" aria-expanded="false" :aria-expanded="active ? 'true' : 'false'">
									<button class="accordion-button-with-icon block-accordion-item-head" :class="{'button-active': active}" ref="head" aria-controls="acc_69f07d36b83de" id="acc_title_69f07d36b83e1" @click="toggle" @keydown="key">
									<div><span class="button-label">Gina Knapp</span></div><span class="button-icon icon-plus" aria-hidden="true"></span>
								</button>
									<div ref="body" class="block-accordion-item-content" id="acc_69f07d36b83de" role="region">
										<div class="wrapper copy">
											<p>Dr. Gina Knapp ist Anthropologin, Filmemacherin und Forscherin. Sie arbeitet als Kuratorin für visuelle Anthropologie am Ethnologischen Museum Berlin.</p>

																																	
											<div class="row">
												<div class="col-xs-9 col-md-9">
													<div class="box">
														
	<lazy-media-inline inline-template>
		<figure itemscope itemtype="http://schema.org/ImageObject" class="lazy-media-inline " role="group" id="media_69f07d36b8b2b" aria-labelledby="desc_media_69f07d36b8b2b">
			<script type="application/json" ref="data">
				{
				"sizes" : {"medium":{"file":"SHF_eb00134295-200x300.jpg","width":200,"height":300,"mime-type":"image\/jpeg"},"large":{"file":"SHF_eb00134295-682x1024.jpg","width":682,"height":1024,"mime-type":"image\/jpeg"},"thumbnail":{"file":"SHF_eb00134295-150x150.jpg","width":150,"height":150,"mime-type":"image\/jpeg"},"medium_large":{"file":"SHF_eb00134295-768x1152.jpg","width":768,"height":1152,"mime-type":"image\/jpeg"},"small":{"file":"SHF_eb00134295-293x440.jpg","width":293,"height":440,"mime-type":"image\/jpeg"},"semi":{"file":"SHF_eb00134295-387x580.jpg","width":387,"height":580,"mime-type":"image\/jpeg"},"mobile":{"file":"SHF_eb00134295-480x720.jpg","width":480,"height":720,"mime-type":"image\/jpeg"},"original":{"file":"SHF_eb00134295.jpg","width":853,"height":1280}},
				"alt" : "Frau mit Hut sitzt entspannt auf einer Bank in der Natur, l\u00e4chelt und gestikuliert freundlich.",
				"path" : "\/wp-content\/uploads\/2022\/04\/",
				"video" : null,
				"autoplay" : null,
				"youtube" : null,
				"youtubelabel" : "Video abspielen",
				"brightness" : 100,
				"crop" : null,
				"background" : false,
				"scale" : 1				}
			</script>

			<div class="height-container" style="padding-bottom:150.05861664713%;" v-if="sizes">
								<lazy-media :inline="true" :alt="alt" :sizes="sizes" :scale="scale" :brightness="brightness" :path="path" :video="video" :autoplay="autoplay" :youtube="youtube" :crop="crop" :youtubelabel="youtubelabel" :background="background" media-id="desc_media_69f07d36b8b2b"></lazy-media>
							</div>

							<figcaption class="" id="desc_media_69f07d36b8b2b">
					<div class="lazy-media-info-body-content">
																			<div>Gina Knapp </div>
																			<div class="insignificant">© Yumi Piksa</div>
											</div>
				</figcaption>
									</figure>
	</lazy-media-inline>
													</div>
												</div>
											</div>

																					</div>
									</div>
								</div>
								</block-accordion-item>
													</div>
						</block-accordion>
									</div>
			</div>
		</div>
	</div>
</section>





<section class="block block-teaser col-lane33 " style="">
						<teaser-lane-with-buttons inline-template tracking-label="Organistorische Hinweise">
				<div>
					<div class="container-fluid">
						<div class="row middle-xs">
							<div class="col-xs-10 col-sm-8">
								<h3 class="h4 topline">Organistorische Hinweise</h3>							</div>
							<div class="col-xs-2 col-sm-4 end-xs margin-bottom-sixth">
								<teaser-lane-buttons :visible_prev="visible_prev" :visible_next="visible_next" @prev="prev" @next="next"></teaser-lane-buttons>
							</div>
						</div>
					</div>
					<div class="teaser-lane-wrapper">
						<ul class="teaser-lane">
						<li class="teaser-lane-slide col-xs-10 col-sm-8 col-md-4 teaser-wrapper col-padding-remove">
	<div class="box">
		<div class="teaser teaser-info">
			<div class="box teaser-info-box">
				<div>
											<div class="teaser-info-image">
							<img decoding="async" class="teaser-inline-svg" alt="Piktogramm Treffpunkt &#038; Uhrzeit" src="https://www.humboldtforum.org/wp-content/uploads/2021/06/Meetingpoint.svg">
						</div>
										<div class="teaser-header h6">Treffpunkt &#038; Uhrzeit</div>
					<div class="teaser-info-copy Teaser-copy"><p>Den Treffpunkt für Führungen und den Ort für Workshops finden Sie auf Ihrer Buchungsbestätigung. Damit die Führung pünktlich beginnen kann, bitten wir Sie, 15 Minuten vor Programmbeginn im Humboldt Forum einzutreffen. Berücksichtigen Sie bitte unbedingt diese zusätzliche Viertelstunde bei Ihrer Planung. Vielen Dank!</p>
</div>
				</div>
				
							</div>
		</div>
	</div>
</li>						</ul>
					</div>
				</div>
			</teaser-lane-with-buttons>
			</section>
