{"id":56521,"date":"2022-10-07T11:56:35","date_gmt":"2022-10-07T09:56:35","guid":{"rendered":"https:\/\/www.humboldtforum.org\/?post_type=event&#038;p=56521"},"modified":"2022-10-25T11:14:47","modified_gmt":"2022-10-25T09:14:47","slug":"afrikamera-africa-riding","status":"publish","type":"event","link":"https:\/\/www.humboldtforum.org\/de\/programm\/termin\/festival\/afrikamera-africa-riding-56521\/","title":{"rendered":"AFRICA RIDING"},"content":{"rendered":"<section class=\"block block-copy\" >\n    <div class=\"container-fluid\">\n\t\t<div class=\"row \">\n            <div class=\"col-xs-12 col-md-offset-2 col-md-8\">\n                <div class=\"box\">\n                    <div class=\"copy\"><div class=\"content-wrapper\">\n<p><strong>JUGENDPROFRAMM:\u00a0<\/strong><strong>AFRICA RIDING<\/strong><\/p>\n<\/div>\n<p>Liz Gomis und Aur\u00e9lien Biette, Frankreich 2018 \/ OmU \/ ca. 45 Min.<\/p>\n<p>Mit <u>Performances<\/u> und Gespr\u00e4ch in Anwesenheit von Liz <u>Gomis <\/u>und weiteren G\u00e4st*innen<\/p>\n<p>Tanzperformance: Lukas Steltner, Joy Alpuerto Ritter und Natalia Zhdan<\/p>\n<p>Mit\u00a0<strong>AFRICA RIDING<\/strong>\u00a0pr\u00e4sentiert AFRIKAMERA ein Jugendprogramm mit G\u00e4sten. Die Dokumentarserie, aus der eine Auswahl von f\u00fcnf Episoden gezeigt wird, begleitet unterschiedliche Communities von Ridern \u2013\u00a0 Skateboarder*innen, Rollerskater*innen, Biker*innen &#8211; in Accra (Ghana), Kigali (Ruanda), Dakar (Senegal) und Kampala (Uganda) die aus B\u00fcrgersteigen, Pl\u00e4tzen und Pisten des Kontinents ihre Playgrounds schaffen und so an der Kreation einer neuen kulturellen und sozialen Ordnung beteiligt sind.<\/p>\n<\/div>\n                <\/div>\n            <\/div>\n\t\t<\/div>\n\t\t    <\/div>\n<\/section>\n\n<section class=\"block block-headline block-no-margin \" >\n\t<div class=\"container-fluid\">\n\t\t<div class=\"row\">\n\t\t\t\t\t\t\t<div class=\"col-xs-12 col-md-offset-2 col-md-8\">\n\t\t\t\t\t<div class=\"box\">\n\t\t\t\t\t\t<h2 class=\".h4\">Regie<\/h2>\n\t\t\t\t\t<\/div>\n\t\t\t\t<\/div>\n\t\t\t\t\t<\/div>\n\t<\/div>\n<\/section>\n\n\n\n\n\n<section class=\"block block-accordion\">\n\t<div class=\"container-fluid\">\n\t\t<div class=\"row\">\n\t\t\t<div class=\"col-xs-12 col-md-offset-2 col-md-8\">\n\t\t\t\t<div class=\"box\">\n\t\t\t\t\t\t\t\t\t\t\t<block-accordion inline-template>\n\t\t\t\t\t\t\t<div class=\"accordion\">\n\t\t\t\t\t\t\t\t\t\t\t\t\t\t\t<block-accordion-item inline-template item-headline=\"Liz Gomis\u00a0\">\n\t\t\t\t\t\t\t\t<div ref=\"item\" data-id=\"LizGomis\" class=\"block-accordion-item vue-initialize\" aria-expanded=\"false\" :aria-expanded=\"active ? 'true' : 'false'\">\n\t\t\t\t\t\t\t\t\t<button class=\"accordion-button-with-icon block-accordion-item-head\" :class=\"{'button-active': active}\" ref=\"head\" aria-controls=\"acc_69f329876007f\" id=\"acc_title_69f3298760083\" @click=\"toggle\" @keydown=\"key\">\n\t\t\t\t\t\t\t\t\t<div><span class=\"button-label\">Liz Gomis\u00a0<\/span><\/div><span class=\"button-icon icon-plus\" aria-hidden=\"true\"><\/span>\n\t\t\t\t\t\t\t\t<\/button>\n\t\t\t\t\t\t\t\t\t<div ref=\"body\" class=\"block-accordion-item-content\" id=\"acc_69f329876007f\" role=\"region\">\n\t\t\t\t\t\t\t\t\t\t<div class=\"wrapper copy\">\n\t\t\t\t\t\t\t\t\t\t\t<p><strong>Liz Gomis<\/strong>\u00a0ist Journalistin und Filmemacherin. Sie studierte Kulturvermittlung, Kommunikation und audiovisuellen Journalismus an der Sorbonne in Paris. Sie arbeitet als Kolumnistin f\u00fcr die franz\u00f6sische Rundfunkstation \u201eRadio Nova\u201c und ist Mitglied eines von Pr\u00e4sident Emmanuel Macron einberufenen Beratergremiums zu afrikanisch-franz\u00f6sischen Beziehungen. Sie arbeitet in dieser Funktion auch mit an der Restaurierung und Digitalisierung afrikanischer Filme und entwickelt Workshop- und Filmprogramme f\u00fcr Sch\u00fcler*innen.<\/p>\n\n\t\t\t\t\t\t\t\t\t\t\t\t\t\t\t\t\t\t\t\t\t\t\t\t\t\t\t\t\t\t\t\t\t\n\t\t\t\t\t\t\t\t\t\t\t<div class=\"row\">\n\t\t\t\t\t\t\t\t\t\t\t\t<div class=\"col-xs-9 col-md-9\">\n\t\t\t\t\t\t\t\t\t\t\t\t\t<div class=\"box\">\n\t\t\t\t\t\t\t\t\t\t\t\t\t\t\t\t\t\t\t\t\t\t\t\t\t\t\t<\/div>\n\t\t\t\t\t\t\t\t\t\t\t\t<\/div>\n\t\t\t\t\t\t\t\t\t\t\t<\/div>\n\n\t\t\t\t\t\t\t\t\t\t\t\t\t\t\t\t\t\t\t\t\t<\/div>\n\t\t\t\t\t\t\t\t\t<\/div>\n\t\t\t\t\t\t\t\t<\/div>\n\t\t\t\t\t\t\t\t<\/block-accordion-item>\n\t\t\t\t\t\t\t\t\t\t\t\t\t<\/div>\n\t\t\t\t\t\t<\/block-accordion>\n\t\t\t\t\t\t\t\t\t<\/div>\n\t\t\t<\/div>\n\t\t<\/div>\n\t<\/div>\n<\/section>\n\n\n<section class=\"block block-CTA block-CTA-long leftgradient\">\n\t<div class=\"container-fluid\">\n\t\t<div class=\"row center-xs\">\n\t\t\t<div class=\"col-xs-12\">\n\t\t\t\t<div class=\"box\">\n\t\t\t\t\t<a href=\"https:\/\/www.humboldtforum.org\/de\/programm\/event-reihe\/festival\/afrikamera-55517\/\" aria-label=\"AFRIKAMERA\" class=\"teaser teaser-cta-wide \">\n\t\t\t\t\t\t<div class=\"teaser-image\">\n\t\t\t\t\t\t\t\n\t<lazy-media-inline inline-template>\n\t\t<figure itemscope itemtype=\"http:\/\/schema.org\/ImageObject\" class=\"lazy-media-inline \" role=\"group\" id=\"media_69f3298761952\" aria-labelledby=\"desc_media_69f3298761952\">\n\t\t\t<script type=\"application\/json\" ref=\"data\">\n\t\t\t\t{\n\t\t\t\t\"sizes\" : {\"medium\":{\"file\":\"SHF_eb00157210-300x176.jpg\",\"width\":300,\"height\":176,\"mime-type\":\"image\\\/jpeg\",\"filesize\":7744},\"large\":{\"file\":\"SHF_eb00157210-1024x599.jpg\",\"width\":1024,\"height\":599,\"mime-type\":\"image\\\/jpeg\",\"filesize\":48802},\"thumbnail\":{\"file\":\"SHF_eb00157210-150x150.jpg\",\"width\":150,\"height\":150,\"mime-type\":\"image\\\/jpeg\",\"filesize\":5040},\"medium_large\":{\"file\":\"SHF_eb00157210-768x449.jpg\",\"width\":768,\"height\":449,\"mime-type\":\"image\\\/jpeg\",\"filesize\":30808},\"small\":{\"file\":\"SHF_eb00157210-440x257.jpg\",\"width\":440,\"height\":257,\"mime-type\":\"image\\\/jpeg\",\"filesize\":13420},\"semi\":{\"file\":\"SHF_eb00157210-580x339.jpg\",\"width\":580,\"height\":339,\"mime-type\":\"image\\\/jpeg\",\"filesize\":20186},\"mobile\":{\"file\":\"SHF_eb00157210-720x421.jpg\",\"width\":720,\"height\":421,\"mime-type\":\"image\\\/jpeg\",\"filesize\":27858},\"original\":{\"file\":\"SHF_eb00157210.jpg\",\"width\":1280,\"height\":749}},\n\t\t\t\t\"alt\" : \"Ein rotes Filmrahmen-Overlay schwebt \\u00fcber einer dunklen, geometrischen Umgebung mit bunten Lichtern.\",\n\t\t\t\t\"path\" : \"\\\/wp-content\\\/uploads\\\/2022\\\/10\\\/\",\n\t\t\t\t\"video\" : null,\n\t\t\t\t\"autoplay\" : null,\n\t\t\t\t\"youtube\" : null,\n\t\t\t\t\"youtubelabel\" : \"Video abspielen\",\n\t\t\t\t\"brightness\" : \"80\",\n\t\t\t\t\"crop\" : null,\n\t\t\t\t\"background\" : true,\n\t\t\t\t\"scale\" : 1\t\t\t\t}\n\t\t\t<\/script>\n\n\t\t\t<div class=\"height-container\" style=\"padding-bottom:58.515625%;\" v-if=\"sizes\">\n\t\t\t\t\t\t\t\t<lazy-media :inline=\"true\" :alt=\"alt\" :sizes=\"sizes\" :scale=\"scale\" :brightness=\"brightness\" :path=\"path\" :video=\"video\" :autoplay=\"autoplay\" :youtube=\"youtube\" :crop=\"crop\" :youtubelabel=\"youtubelabel\" :background=\"background\" media-id=\"desc_media_69f3298761952\"><\/lazy-media>\n\t\t\t\t\t\t\t<\/div>\n\n\t\t\t\t\t\t\t<figcaption class=\"sr-only\" ref=\"body\" id=\"desc_media_69f3298761952\">\n\t\t\t\t\t\t\t\t\t\t\t\t\t\t\t\t\t\t\t<\/figcaption>\n\t\t\t\t\t<\/figure>\n\t<\/lazy-media-inline>\n\t\t\t\t\t\t<\/div>\n\t\t\t\t\t\t<div class=\"teaser-content \">\n\t\t\t\t\t\t\t<div>\n\t\t\t\t\t\t\t\t\t\t\t\t\t\t\t\t<div class=\"teaser-header\"><span class=\"h3\">AFRIKAMERA<\/span><\/div>\n\t\t\t\t\t\t\t\t<div class=\"teaser-subline\"><span class=\"font-decoration\">Aktuelles Kino aus Afrika<\/span><\/div>\t\t\t\t\t\t\t\t<button tabindex=\"-1\" class=\"border\">Zur Festival\u00fcbersicht<\/button>\n\t\t\t\t\t\t\t<\/div>\n\t\t\t\t\t\t<\/div>\n\t\t\t\t\t<\/a>\n\t\t\t\t<\/div>\n\t\t\t<\/div>\n\t\t<\/div>\n\t<\/div>\n<\/section>\n\n\n<section class=\"block block-teaser col-lane33 \" style=\"\">\n\t\t\t\t\t\t<teaser-lane-with-buttons inline-template tracking-label=\"Organisatorische Hinweise\">\n\t\t\t\t<div>\n\t\t\t\t\t<div class=\"container-fluid\">\n\t\t\t\t\t\t<div class=\"row middle-xs\">\n\t\t\t\t\t\t\t<div class=\"col-xs-10 col-sm-8\">\n\t\t\t\t\t\t\t\t<h3 class=\"h4 topline\">Organisatorische Hinweise<\/h3>\t\t\t\t\t\t\t<\/div>\n\t\t\t\t\t\t\t<div class=\"col-xs-2 col-sm-4 end-xs margin-bottom-sixth\">\n\t\t\t\t\t\t\t\t<teaser-lane-buttons :visible_prev=\"visible_prev\" :visible_next=\"visible_next\" @prev=\"prev\" @next=\"next\"><\/teaser-lane-buttons>\n\t\t\t\t\t\t\t<\/div>\n\t\t\t\t\t\t<\/div>\n\t\t\t\t\t<\/div>\n\t\t\t\t\t<div class=\"teaser-lane-wrapper\">\n\t\t\t\t\t\t<ul class=\"teaser-lane\">\n\t\t\t\t\t\t\t\t\t\t\t\t<\/ul>\n\t\t\t\t\t<\/div>\n\t\t\t\t<\/div>\n\t\t\t<\/teaser-lane-with-buttons>\n\t\t\t<\/section>","protected":false},"template":"","genre":[845,729,523],"digital":[],"topic":[],"stakeholder":[382],"editorial":[],"editorialfilter":[],"targetgroup":[383,455],"language":[789],"accessability":[],"age":[442,448,450],"school":[],"groupsize":[],"place":[883],"class_list":["post-56521","event","type-event","status-publish","has-post-thumbnail","hentry","genre-festival","genre-film-video","genre-tanz","stakeholder-stiftung-humboldt-forum-im-berliner-schloss","targetgroup-erwachsene","targetgroup-jugendliche","language-franzoesisch","age-12-15","age-13-16","age-14-18","place-saal-2-eg"],"acf":[],"_links":{"self":[{"href":"https:\/\/www.humboldtforum.org\/de\/wp-json\/wp\/v2\/event\/56521","targetHints":{"allow":["GET"]}}],"collection":[{"href":"https:\/\/www.humboldtforum.org\/de\/wp-json\/wp\/v2\/event"}],"about":[{"href":"https:\/\/www.humboldtforum.org\/de\/wp-json\/wp\/v2\/types\/event"}],"version-history":[{"count":12,"href":"https:\/\/www.humboldtforum.org\/de\/wp-json\/wp\/v2\/event\/56521\/revisions"}],"predecessor-version":[{"id":58915,"href":"https:\/\/www.humboldtforum.org\/de\/wp-json\/wp\/v2\/event\/56521\/revisions\/58915"}],"wp:featuredmedia":[{"embeddable":true,"href":"https:\/\/www.humboldtforum.org\/de\/wp-json\/wp\/v2\/media\/58912"}],"wp:attachment":[{"href":"https:\/\/www.humboldtforum.org\/de\/wp-json\/wp\/v2\/media?parent=56521"}],"wp:term":[{"taxonomy":"genre","embeddable":true,"href":"https:\/\/www.humboldtforum.org\/de\/wp-json\/wp\/v2\/genre?post=56521"},{"taxonomy":"digital","embeddable":true,"href":"https:\/\/www.humboldtforum.org\/de\/wp-json\/wp\/v2\/digital?post=56521"},{"taxonomy":"topic","embeddable":true,"href":"https:\/\/www.humboldtforum.org\/de\/wp-json\/wp\/v2\/topic?post=56521"},{"taxonomy":"stakeholder","embeddable":true,"href":"https:\/\/www.humboldtforum.org\/de\/wp-json\/wp\/v2\/stakeholder?post=56521"},{"taxonomy":"editorial","embeddable":true,"href":"https:\/\/www.humboldtforum.org\/de\/wp-json\/wp\/v2\/editorial?post=56521"},{"taxonomy":"editorialfilter","embeddable":true,"href":"https:\/\/www.humboldtforum.org\/de\/wp-json\/wp\/v2\/editorialfilter?post=56521"},{"taxonomy":"targetgroup","embeddable":true,"href":"https:\/\/www.humboldtforum.org\/de\/wp-json\/wp\/v2\/targetgroup?post=56521"},{"taxonomy":"language","embeddable":true,"href":"https:\/\/www.humboldtforum.org\/de\/wp-json\/wp\/v2\/language?post=56521"},{"taxonomy":"accessability","embeddable":true,"href":"https:\/\/www.humboldtforum.org\/de\/wp-json\/wp\/v2\/accessability?post=56521"},{"taxonomy":"age","embeddable":true,"href":"https:\/\/www.humboldtforum.org\/de\/wp-json\/wp\/v2\/age?post=56521"},{"taxonomy":"school","embeddable":true,"href":"https:\/\/www.humboldtforum.org\/de\/wp-json\/wp\/v2\/school?post=56521"},{"taxonomy":"groupsize","embeddable":true,"href":"https:\/\/www.humboldtforum.org\/de\/wp-json\/wp\/v2\/groupsize?post=56521"},{"taxonomy":"place","embeddable":true,"href":"https:\/\/www.humboldtforum.org\/de\/wp-json\/wp\/v2\/place?post=56521"}],"curies":[{"name":"wp","href":"https:\/\/api.w.org\/{rel}","templated":true}]}}

<section class="block block-copy" >
    <div class="container-fluid">
		<div class="row ">
            <div class="col-xs-12 col-md-offset-2 col-md-8">
                <div class="box">
                    <div class="copy"><div class="content-wrapper">
<p><strong>JUGENDPROFRAMM: </strong><strong>AFRICA RIDING</strong></p>
</div>
<p>Liz Gomis und Aurélien Biette, Frankreich 2018 / OmU / ca. 45 Min.</p>
<p>Mit <u>Performances</u> und Gespräch in Anwesenheit von Liz <u>Gomis </u>und weiteren Gäst*innen</p>
<p>Tanzperformance: Lukas Steltner, Joy Alpuerto Ritter und Natalia Zhdan</p>
<p>Mit <strong>AFRICA RIDING</strong> präsentiert AFRIKAMERA ein Jugendprogramm mit Gästen. Die Dokumentarserie, aus der eine Auswahl von fünf Episoden gezeigt wird, begleitet unterschiedliche Communities von Ridern –  Skateboarder*innen, Rollerskater*innen, Biker*innen &#8211; in Accra (Ghana), Kigali (Ruanda), Dakar (Senegal) und Kampala (Uganda) die aus Bürgersteigen, Plätzen und Pisten des Kontinents ihre Playgrounds schaffen und so an der Kreation einer neuen kulturellen und sozialen Ordnung beteiligt sind.</p>
</div>
                </div>
            </div>
		</div>
		    </div>
</section>

<section class="block block-headline block-no-margin " >
	<div class="container-fluid">
		<div class="row">
							<div class="col-xs-12 col-md-offset-2 col-md-8">
					<div class="box">
						<h2 class=".h4">Regie</h2>
					</div>
				</div>
					</div>
	</div>
</section>





<section class="block block-accordion">
	<div class="container-fluid">
		<div class="row">
			<div class="col-xs-12 col-md-offset-2 col-md-8">
				<div class="box">
											<block-accordion inline-template>
							<div class="accordion">
															<block-accordion-item inline-template item-headline="Liz Gomis ">
								<div ref="item" data-id="LizGomis" class="block-accordion-item vue-initialize" aria-expanded="false" :aria-expanded="active ? 'true' : 'false'">
									<button class="accordion-button-with-icon block-accordion-item-head" :class="{'button-active': active}" ref="head" aria-controls="acc_69f329876007f" id="acc_title_69f3298760083" @click="toggle" @keydown="key">
									<div><span class="button-label">Liz Gomis </span></div><span class="button-icon icon-plus" aria-hidden="true"></span>
								</button>
									<div ref="body" class="block-accordion-item-content" id="acc_69f329876007f" role="region">
										<div class="wrapper copy">
											<p><strong>Liz Gomis</strong> ist Journalistin und Filmemacherin. Sie studierte Kulturvermittlung, Kommunikation und audiovisuellen Journalismus an der Sorbonne in Paris. Sie arbeitet als Kolumnistin für die französische Rundfunkstation „Radio Nova“ und ist Mitglied eines von Präsident Emmanuel Macron einberufenen Beratergremiums zu afrikanisch-französischen Beziehungen. Sie arbeitet in dieser Funktion auch mit an der Restaurierung und Digitalisierung afrikanischer Filme und entwickelt Workshop- und Filmprogramme für Schüler*innen.</p>

																																	
											<div class="row">
												<div class="col-xs-9 col-md-9">
													<div class="box">
																											</div>
												</div>
											</div>

																					</div>
									</div>
								</div>
								</block-accordion-item>
													</div>
						</block-accordion>
									</div>
			</div>
		</div>
	</div>
</section>


<section class="block block-CTA block-CTA-long leftgradient">
	<div class="container-fluid">
		<div class="row center-xs">
			<div class="col-xs-12">
				<div class="box">
					<a href="https://www.humboldtforum.org/de/programm/event-reihe/festival/afrikamera-55517/" aria-label="AFRIKAMERA" class="teaser teaser-cta-wide ">
						<div class="teaser-image">
							
	<lazy-media-inline inline-template>
		<figure itemscope itemtype="http://schema.org/ImageObject" class="lazy-media-inline " role="group" id="media_69f3298761952" aria-labelledby="desc_media_69f3298761952">
			<script type="application/json" ref="data">
				{
				"sizes" : {"medium":{"file":"SHF_eb00157210-300x176.jpg","width":300,"height":176,"mime-type":"image\/jpeg","filesize":7744},"large":{"file":"SHF_eb00157210-1024x599.jpg","width":1024,"height":599,"mime-type":"image\/jpeg","filesize":48802},"thumbnail":{"file":"SHF_eb00157210-150x150.jpg","width":150,"height":150,"mime-type":"image\/jpeg","filesize":5040},"medium_large":{"file":"SHF_eb00157210-768x449.jpg","width":768,"height":449,"mime-type":"image\/jpeg","filesize":30808},"small":{"file":"SHF_eb00157210-440x257.jpg","width":440,"height":257,"mime-type":"image\/jpeg","filesize":13420},"semi":{"file":"SHF_eb00157210-580x339.jpg","width":580,"height":339,"mime-type":"image\/jpeg","filesize":20186},"mobile":{"file":"SHF_eb00157210-720x421.jpg","width":720,"height":421,"mime-type":"image\/jpeg","filesize":27858},"original":{"file":"SHF_eb00157210.jpg","width":1280,"height":749}},
				"alt" : "Ein rotes Filmrahmen-Overlay schwebt \u00fcber einer dunklen, geometrischen Umgebung mit bunten Lichtern.",
				"path" : "\/wp-content\/uploads\/2022\/10\/",
				"video" : null,
				"autoplay" : null,
				"youtube" : null,
				"youtubelabel" : "Video abspielen",
				"brightness" : "80",
				"crop" : null,
				"background" : true,
				"scale" : 1				}
			</script>

			<div class="height-container" style="padding-bottom:58.515625%;" v-if="sizes">
								<lazy-media :inline="true" :alt="alt" :sizes="sizes" :scale="scale" :brightness="brightness" :path="path" :video="video" :autoplay="autoplay" :youtube="youtube" :crop="crop" :youtubelabel="youtubelabel" :background="background" media-id="desc_media_69f3298761952"></lazy-media>
							</div>

							<figcaption class="sr-only" ref="body" id="desc_media_69f3298761952">
																			</figcaption>
					</figure>
	</lazy-media-inline>
						</div>
						<div class="teaser-content ">
							<div>
																<div class="teaser-header"><span class="h3">AFRIKAMERA</span></div>
								<div class="teaser-subline"><span class="font-decoration">Aktuelles Kino aus Afrika</span></div>								<button tabindex="-1" class="border">Zur Festivalübersicht</button>
							</div>
						</div>
					</a>
				</div>
			</div>
		</div>
	</div>
</section>


<section class="block block-teaser col-lane33 " style="">
						<teaser-lane-with-buttons inline-template tracking-label="Organisatorische Hinweise">
				<div>
					<div class="container-fluid">
						<div class="row middle-xs">
							<div class="col-xs-10 col-sm-8">
								<h3 class="h4 topline">Organisatorische Hinweise</h3>							</div>
							<div class="col-xs-2 col-sm-4 end-xs margin-bottom-sixth">
								<teaser-lane-buttons :visible_prev="visible_prev" :visible_next="visible_next" @prev="prev" @next="next"></teaser-lane-buttons>
							</div>
						</div>
					</div>
					<div class="teaser-lane-wrapper">
						<ul class="teaser-lane">
												</ul>
					</div>
				</div>
			</teaser-lane-with-buttons>
			</section>
