{"id":77374,"date":"2023-03-30T15:52:10","date_gmt":"2023-03-30T13:52:10","guid":{"rendered":"https:\/\/www.humboldtforum.org\/?post_type=event&#038;p=77374"},"modified":"2026-03-25T16:07:09","modified_gmt":"2026-03-25T15:07:09","slug":"der-tod-gehoert-zum-leben","status":"publish","type":"event","link":"https:\/\/www.humboldtforum.org\/de\/programm\/termin\/lesung\/der-tod-gehoert-zum-leben-77374\/","title":{"rendered":"Der Tod geh\u00f6rt zum Leben"},"content":{"rendered":"<section class=\"block block-copy\" >\n    <div class=\"container-fluid\">\n\t\t<div class=\"row \">\n            <div class=\"col-xs-12 col-md-offset-2 col-md-8\">\n                <div class=\"box\">\n                    <div class=\"copy\"><p><strong>Gelesen werden die Bilderb\u00fccher &#8222;Der Tod auf dem Apfelbaum&#8220; von Kathrin Sch\u00e4rer, &#8222;Das Leben und ich&#8220; von Elisabeth Helland Larsen und Marine Schneider und &#8222;Oma Erbse&#8220; von Micha Friemel und Jacky Gleich.<\/strong><\/p>\n<p>Der Kreislauf des Lebens funktioniert nur mit dem Tod &#8211; das wissen sowohl der Tod als auch das Leben selbst. Nur wir verdr\u00e4ngen diese Tatsache gerne. In diesen Bilderb\u00fcchern lernen der Fuchs und Leonor, den Kreislauf des Lebens kennen und den Tod so zu sch\u00e4tzen wie das Leben.<\/p>\n<p>&nbsp;<\/p>\n<\/div>\n                <\/div>\n            <\/div>\n\t\t<\/div>\n\t\t    <\/div>\n<\/section>\n\n<section class=\"block block-CTA block-CTA-long leftgradient\">\n\t<div class=\"container-fluid\">\n\t\t<div class=\"row center-xs\">\n\t\t\t<div class=\"col-xs-12\">\n\t\t\t\t<div class=\"box\">\n\t\t\t\t\t<a href=\"https:\/\/www.humboldtforum.org\/de\/programm\/event-reihe\/literatur\/lesung\/bilderbuchkino-31647\/\" aria-label=\"Bilderbuchkino\" class=\"teaser teaser-cta-wide \">\n\t\t\t\t\t\t<div class=\"teaser-image\">\n\t\t\t\t\t\t\t\n\t<lazy-media-inline inline-template>\n\t\t<figure itemscope itemtype=\"http:\/\/schema.org\/ImageObject\" class=\"lazy-media-inline \" role=\"group\" id=\"media_69ee2ff418156\" aria-labelledby=\"desc_media_69ee2ff418156\">\n\t\t\t<script type=\"application\/json\" ref=\"data\">\n\t\t\t\t{\n\t\t\t\t\"sizes\" : {\"medium\":{\"file\":\"SHF_eb00142924-300x75.jpg\",\"width\":300,\"height\":75,\"mime-type\":\"image\\\/jpeg\",\"filesize\":3704},\"large\":{\"file\":\"SHF_eb00142924-1024x256.jpg\",\"width\":1024,\"height\":256,\"mime-type\":\"image\\\/jpeg\",\"filesize\":18672},\"thumbnail\":{\"file\":\"SHF_eb00142924-150x150.jpg\",\"width\":150,\"height\":150,\"mime-type\":\"image\\\/jpeg\",\"filesize\":3009},\"medium_large\":{\"file\":\"SHF_eb00142924-768x192.jpg\",\"width\":768,\"height\":192,\"mime-type\":\"image\\\/jpeg\",\"filesize\":12298},\"small\":{\"file\":\"SHF_eb00142924-440x110.jpg\",\"width\":440,\"height\":110,\"mime-type\":\"image\\\/jpeg\",\"filesize\":5816},\"semi\":{\"file\":\"SHF_eb00142924-580x145.jpg\",\"width\":580,\"height\":145,\"mime-type\":\"image\\\/jpeg\",\"filesize\":8641},\"mobile\":{\"file\":\"SHF_eb00142924-720x180.jpg\",\"width\":720,\"height\":180,\"mime-type\":\"image\\\/jpeg\",\"filesize\":11569},\"original\":{\"file\":\"SHF_eb00142924.jpg\",\"width\":1200,\"height\":300}},\n\t\t\t\t\"alt\" : \"Frau h\\u00e4lt einen leuchtend pinken Rahmen vor sich, auf einer B\\u00fchne mit dunklem Hintergrund.\",\n\t\t\t\t\"path\" : \"\\\/wp-content\\\/uploads\\\/2021\\\/09\\\/\",\n\t\t\t\t\"video\" : null,\n\t\t\t\t\"autoplay\" : null,\n\t\t\t\t\"youtube\" : null,\n\t\t\t\t\"youtubelabel\" : \"Video abspielen\",\n\t\t\t\t\"brightness\" : \"80\",\n\t\t\t\t\"crop\" : null,\n\t\t\t\t\"background\" : true,\n\t\t\t\t\"scale\" : 1\t\t\t\t}\n\t\t\t<\/script>\n\n\t\t\t<div class=\"height-container\" style=\"padding-bottom:25%;\" v-if=\"sizes\">\n\t\t\t\t\t\t\t\t<lazy-media :inline=\"true\" :alt=\"alt\" :sizes=\"sizes\" :scale=\"scale\" :brightness=\"brightness\" :path=\"path\" :video=\"video\" :autoplay=\"autoplay\" :youtube=\"youtube\" :crop=\"crop\" :youtubelabel=\"youtubelabel\" :background=\"background\" media-id=\"desc_media_69ee2ff418156\"><\/lazy-media>\n\t\t\t\t\t\t\t<\/div>\n\n\t\t\t\t\t\t\t<figcaption class=\"sr-only\" ref=\"body\" id=\"desc_media_69ee2ff418156\">\n\t\t\t\t\t\t\t\t\t\t\t\t\t\t\t\t\t\t\t\t\t<div class=\"insignificant\">\u00a9 Stiftung Humboldt Forum im Berliner Schloss \/ Andreas Dimmler<\/div>\n\t\t\t\t\t\t\t\t\t<\/figcaption>\n\t\t\t\t\t<\/figure>\n\t<\/lazy-media-inline>\n\t\t\t\t\t\t<\/div>\n\t\t\t\t\t\t<div class=\"teaser-content \">\n\t\t\t\t\t\t\t<div>\n\t\t\t\t\t\t\t\t<div class=\"teaser-overline subline\">Samstags und sonntags um 13, 14 und 15 Uhr<\/div>\t\t\t\t\t\t\t\t<div class=\"teaser-header\"><span class=\"h3\">Bilderbuchkino<\/span><\/div>\n\t\t\t\t\t\t\t\t\t\t\t\t\t\t\t\t<button tabindex=\"-1\" class=\"border\">Zur Reihe<\/button>\n\t\t\t\t\t\t\t<\/div>\n\t\t\t\t\t\t<\/div>\n\t\t\t\t\t<\/a>\n\t\t\t\t<\/div>\n\t\t\t<\/div>\n\t\t<\/div>\n\t<\/div>\n<\/section>\n\n\n<section class=\"block block-CTA block-CTA-long leftgradient\">\n\t<div class=\"container-fluid\">\n\t\t<div class=\"row center-xs\">\n\t\t\t<div class=\"col-xs-12\">\n\t\t\t\t<div class=\"box\">\n\t\t\t\t\t<a href=\"https:\/\/www.humboldtforum.org\/de\/newsletter-2\/\" aria-label=\"Bleiben Sie auf dem Laufenden!\" class=\"teaser teaser-cta-wide \">\n\t\t\t\t\t\t<div class=\"teaser-image\">\n\t\t\t\t\t\t\t\n\t<lazy-media-inline inline-template>\n\t\t<figure itemscope itemtype=\"http:\/\/schema.org\/ImageObject\" class=\"lazy-media-inline \" role=\"group\" id=\"media_69ee2ff418e1c\" aria-labelledby=\"desc_media_69ee2ff418e1c\">\n\t\t\t<script type=\"application\/json\" ref=\"data\">\n\t\t\t\t{\n\t\t\t\t\"sizes\" : {\"medium\":{\"file\":\"HF_eb00061823-scaled-300x200.jpg\",\"width\":300,\"height\":200,\"mime-type\":\"image\\\/jpeg\",\"filesize\":19186},\"large\":{\"file\":\"HF_eb00061823-scaled-1024x683.jpg\",\"width\":1024,\"height\":683,\"mime-type\":\"image\\\/jpeg\",\"filesize\":138597},\"thumbnail\":{\"file\":\"HF_eb00061823-scaled-150x150.jpg\",\"width\":150,\"height\":150,\"mime-type\":\"image\\\/jpeg\",\"filesize\":8513},\"medium_large\":{\"file\":\"HF_eb00061823-scaled-768x512.jpg\",\"width\":768,\"height\":512,\"mime-type\":\"image\\\/jpeg\",\"filesize\":86200},\"small\":{\"file\":\"HF_eb00061823-scaled-440x293.jpg\",\"width\":440,\"height\":293,\"mime-type\":\"image\\\/jpeg\",\"filesize\":35525},\"semi\":{\"file\":\"HF_eb00061823-scaled-580x387.jpg\",\"width\":580,\"height\":387,\"mime-type\":\"image\\\/jpeg\",\"filesize\":55724},\"mobile\":{\"file\":\"HF_eb00061823-scaled-720x480.jpg\",\"width\":720,\"height\":480,\"mime-type\":\"image\\\/jpeg\",\"filesize\":77971},\"hd\":{\"file\":\"HF_eb00061823-scaled-1280x854.jpg\",\"width\":1280,\"height\":854,\"mime-type\":\"image\\\/jpeg\",\"filesize\":202477},\"full\":{\"file\":\"HF_eb00061823-scaled-1920x1280.jpg\",\"width\":1920,\"height\":1280,\"mime-type\":\"image\\\/jpeg\",\"filesize\":386736},\"1536x1536\":{\"file\":\"HF_eb00061823-scaled-1536x1024.jpg\",\"width\":1536,\"height\":1024,\"mime-type\":\"image\\\/jpeg\",\"filesize\":266197},\"2048x2048\":{\"file\":\"HF_eb00061823-scaled-2048x1366.jpg\",\"width\":2048,\"height\":1366,\"mime-type\":\"image\\\/jpeg\",\"filesize\":430206},\"original\":{\"file\":\"HF_eb00061823-scaled.jpg\",\"width\":2560,\"height\":1707}},\n\t\t\t\t\"alt\" : \"Blick in das beleuchtete Foyer von der Galerie im ersten Stock mit Besuchenden, Infopoint und Medienturm\",\n\t\t\t\t\"path\" : \"\\\/wp-content\\\/uploads\\\/2020\\\/04\\\/\",\n\t\t\t\t\"video\" : null,\n\t\t\t\t\"autoplay\" : null,\n\t\t\t\t\"youtube\" : null,\n\t\t\t\t\"youtubelabel\" : \"Video abspielen\",\n\t\t\t\t\"brightness\" : \"70\",\n\t\t\t\t\"crop\" : {\"top\":\"90.37\",\"left\":\"39.93\"},\n\t\t\t\t\"background\" : true,\n\t\t\t\t\"scale\" : 2\t\t\t\t}\n\t\t\t<\/script>\n\n\t\t\t<div class=\"height-container\" style=\"padding-bottom:66.6796875%;\" v-if=\"sizes\">\n\t\t\t\t\t\t\t\t<lazy-media :inline=\"true\" :alt=\"alt\" :sizes=\"sizes\" :scale=\"scale\" :brightness=\"brightness\" :path=\"path\" :video=\"video\" :autoplay=\"autoplay\" :youtube=\"youtube\" :crop=\"crop\" :youtubelabel=\"youtubelabel\" :background=\"background\" media-id=\"desc_media_69ee2ff418e1c\"><\/lazy-media>\n\t\t\t\t\t\t\t<\/div>\n\n\t\t\t\t\t\t\t<figcaption class=\"sr-only\" ref=\"body\" id=\"desc_media_69ee2ff418e1c\">\n\t\t\t\t\t\t\t\t\t\t\t<div>Blick in das Foyer, November 2019.<\/div>\n\t\t\t\t\t\t\t\t\t\t\t\t\t\t\t\t\t\t\t\t\t<div class=\"insignificant\">\u00a9 Stiftung Humboldt Forum im Berliner Schloss \/ David von Becker<\/div>\n\t\t\t\t\t\t\t\t\t<\/figcaption>\n\t\t\t\t\t<\/figure>\n\t<\/lazy-media-inline>\n\t\t\t\t\t\t<\/div>\n\t\t\t\t\t\t<div class=\"teaser-content \">\n\t\t\t\t\t\t\t<div>\n\t\t\t\t\t\t\t\t\t\t\t\t\t\t\t\t<div class=\"teaser-header\"><span class=\"h3\">Bleiben Sie auf dem Laufenden!<\/span><\/div>\n\t\t\t\t\t\t\t\t<div class=\"teaser-subline\"><span class=\"font-decoration\">Abonnieren Sie unseren Newsletter.<\/span><\/div>\t\t\t\t\t\t\t\t<button tabindex=\"-1\" class=\"border\">Hier klicken<\/button>\n\t\t\t\t\t\t\t<\/div>\n\t\t\t\t\t\t<\/div>\n\t\t\t\t\t<\/a>\n\t\t\t\t<\/div>\n\t\t\t<\/div>\n\t\t<\/div>\n\t<\/div>\n<\/section>\n","protected":false},"template":"","genre":[1144,823],"digital":[],"topic":[],"stakeholder":[382],"editorial":[],"editorialfilter":[],"targetgroup":[454],"language":[384],"accessability":[430],"age":[443],"school":[],"groupsize":[],"place":[424],"class_list":["post-77374","event","type-event","status-publish","has-post-thumbnail","hentry","genre-lesung","genre-schauspiel","stakeholder-stiftung-humboldt-forum-im-berliner-schloss","targetgroup-kinder-und-familien","language-deutsch","accessability-rollstuhlgerecht","age-3-6","place-saal-3-eg"],"acf":[],"_links":{"self":[{"href":"https:\/\/www.humboldtforum.org\/de\/wp-json\/wp\/v2\/event\/77374","targetHints":{"allow":["GET"]}}],"collection":[{"href":"https:\/\/www.humboldtforum.org\/de\/wp-json\/wp\/v2\/event"}],"about":[{"href":"https:\/\/www.humboldtforum.org\/de\/wp-json\/wp\/v2\/types\/event"}],"version-history":[{"count":12,"href":"https:\/\/www.humboldtforum.org\/de\/wp-json\/wp\/v2\/event\/77374\/revisions"}],"predecessor-version":[{"id":124152,"href":"https:\/\/www.humboldtforum.org\/de\/wp-json\/wp\/v2\/event\/77374\/revisions\/124152"}],"wp:featuredmedia":[{"embeddable":true,"href":"https:\/\/www.humboldtforum.org\/de\/wp-json\/wp\/v2\/media\/77500"}],"wp:attachment":[{"href":"https:\/\/www.humboldtforum.org\/de\/wp-json\/wp\/v2\/media?parent=77374"}],"wp:term":[{"taxonomy":"genre","embeddable":true,"href":"https:\/\/www.humboldtforum.org\/de\/wp-json\/wp\/v2\/genre?post=77374"},{"taxonomy":"digital","embeddable":true,"href":"https:\/\/www.humboldtforum.org\/de\/wp-json\/wp\/v2\/digital?post=77374"},{"taxonomy":"topic","embeddable":true,"href":"https:\/\/www.humboldtforum.org\/de\/wp-json\/wp\/v2\/topic?post=77374"},{"taxonomy":"stakeholder","embeddable":true,"href":"https:\/\/www.humboldtforum.org\/de\/wp-json\/wp\/v2\/stakeholder?post=77374"},{"taxonomy":"editorial","embeddable":true,"href":"https:\/\/www.humboldtforum.org\/de\/wp-json\/wp\/v2\/editorial?post=77374"},{"taxonomy":"editorialfilter","embeddable":true,"href":"https:\/\/www.humboldtforum.org\/de\/wp-json\/wp\/v2\/editorialfilter?post=77374"},{"taxonomy":"targetgroup","embeddable":true,"href":"https:\/\/www.humboldtforum.org\/de\/wp-json\/wp\/v2\/targetgroup?post=77374"},{"taxonomy":"language","embeddable":true,"href":"https:\/\/www.humboldtforum.org\/de\/wp-json\/wp\/v2\/language?post=77374"},{"taxonomy":"accessability","embeddable":true,"href":"https:\/\/www.humboldtforum.org\/de\/wp-json\/wp\/v2\/accessability?post=77374"},{"taxonomy":"age","embeddable":true,"href":"https:\/\/www.humboldtforum.org\/de\/wp-json\/wp\/v2\/age?post=77374"},{"taxonomy":"school","embeddable":true,"href":"https:\/\/www.humboldtforum.org\/de\/wp-json\/wp\/v2\/school?post=77374"},{"taxonomy":"groupsize","embeddable":true,"href":"https:\/\/www.humboldtforum.org\/de\/wp-json\/wp\/v2\/groupsize?post=77374"},{"taxonomy":"place","embeddable":true,"href":"https:\/\/www.humboldtforum.org\/de\/wp-json\/wp\/v2\/place?post=77374"}],"curies":[{"name":"wp","href":"https:\/\/api.w.org\/{rel}","templated":true}]}}

Der Tod gehört zum Leben

<section class="block block-copy" >
    <div class="container-fluid">
		<div class="row ">
            <div class="col-xs-12 col-md-offset-2 col-md-8">
                <div class="box">
                    <div class="copy"><p><strong>Gelesen werden die Bilderbücher &#8222;Der Tod auf dem Apfelbaum&#8220; von Kathrin Schärer, &#8222;Das Leben und ich&#8220; von Elisabeth Helland Larsen und Marine Schneider und &#8222;Oma Erbse&#8220; von Micha Friemel und Jacky Gleich.</strong></p>
<p>Der Kreislauf des Lebens funktioniert nur mit dem Tod &#8211; das wissen sowohl der Tod als auch das Leben selbst. Nur wir verdrängen diese Tatsache gerne. In diesen Bilderbüchern lernen der Fuchs und Leonor, den Kreislauf des Lebens kennen und den Tod so zu schätzen wie das Leben.</p>
<p>&nbsp;</p>
</div>
                </div>
            </div>
		</div>
		    </div>
</section>

<section class="block block-CTA block-CTA-long leftgradient">
	<div class="container-fluid">
		<div class="row center-xs">
			<div class="col-xs-12">
				<div class="box">
					<a href="https://www.humboldtforum.org/de/programm/event-reihe/literatur/lesung/bilderbuchkino-31647/" aria-label="Bilderbuchkino" class="teaser teaser-cta-wide ">
						<div class="teaser-image">
							
	<lazy-media-inline inline-template>
		<figure itemscope itemtype="http://schema.org/ImageObject" class="lazy-media-inline " role="group" id="media_69ee2ff418156" aria-labelledby="desc_media_69ee2ff418156">
			<script type="application/json" ref="data">
				{
				"sizes" : {"medium":{"file":"SHF_eb00142924-300x75.jpg","width":300,"height":75,"mime-type":"image\/jpeg","filesize":3704},"large":{"file":"SHF_eb00142924-1024x256.jpg","width":1024,"height":256,"mime-type":"image\/jpeg","filesize":18672},"thumbnail":{"file":"SHF_eb00142924-150x150.jpg","width":150,"height":150,"mime-type":"image\/jpeg","filesize":3009},"medium_large":{"file":"SHF_eb00142924-768x192.jpg","width":768,"height":192,"mime-type":"image\/jpeg","filesize":12298},"small":{"file":"SHF_eb00142924-440x110.jpg","width":440,"height":110,"mime-type":"image\/jpeg","filesize":5816},"semi":{"file":"SHF_eb00142924-580x145.jpg","width":580,"height":145,"mime-type":"image\/jpeg","filesize":8641},"mobile":{"file":"SHF_eb00142924-720x180.jpg","width":720,"height":180,"mime-type":"image\/jpeg","filesize":11569},"original":{"file":"SHF_eb00142924.jpg","width":1200,"height":300}},
				"alt" : "Frau h\u00e4lt einen leuchtend pinken Rahmen vor sich, auf einer B\u00fchne mit dunklem Hintergrund.",
				"path" : "\/wp-content\/uploads\/2021\/09\/",
				"video" : null,
				"autoplay" : null,
				"youtube" : null,
				"youtubelabel" : "Video abspielen",
				"brightness" : "80",
				"crop" : null,
				"background" : true,
				"scale" : 1				}
			</script>

			<div class="height-container" style="padding-bottom:25%;" v-if="sizes">
								<lazy-media :inline="true" :alt="alt" :sizes="sizes" :scale="scale" :brightness="brightness" :path="path" :video="video" :autoplay="autoplay" :youtube="youtube" :crop="crop" :youtubelabel="youtubelabel" :background="background" media-id="desc_media_69ee2ff418156"></lazy-media>
							</div>

							<figcaption class="sr-only" ref="body" id="desc_media_69ee2ff418156">
																					<div class="insignificant">© Stiftung Humboldt Forum im Berliner Schloss / Andreas Dimmler</div>
									</figcaption>
					</figure>
	</lazy-media-inline>
						</div>
						<div class="teaser-content ">
							<div>
								<div class="teaser-overline subline">Samstags und sonntags um 13, 14 und 15 Uhr</div>								<div class="teaser-header"><span class="h3">Bilderbuchkino</span></div>
																<button tabindex="-1" class="border">Zur Reihe</button>
							</div>
						</div>
					</a>
				</div>
			</div>
		</div>
	</div>
</section>


<section class="block block-CTA block-CTA-long leftgradient">
	<div class="container-fluid">
		<div class="row center-xs">
			<div class="col-xs-12">
				<div class="box">
					<a href="https://www.humboldtforum.org/de/newsletter-2/" aria-label="Bleiben Sie auf dem Laufenden!" class="teaser teaser-cta-wide ">
						<div class="teaser-image">
							
	<lazy-media-inline inline-template>
		<figure itemscope itemtype="http://schema.org/ImageObject" class="lazy-media-inline " role="group" id="media_69ee2ff418e1c" aria-labelledby="desc_media_69ee2ff418e1c">
			<script type="application/json" ref="data">
				{
				"sizes" : {"medium":{"file":"HF_eb00061823-scaled-300x200.jpg","width":300,"height":200,"mime-type":"image\/jpeg","filesize":19186},"large":{"file":"HF_eb00061823-scaled-1024x683.jpg","width":1024,"height":683,"mime-type":"image\/jpeg","filesize":138597},"thumbnail":{"file":"HF_eb00061823-scaled-150x150.jpg","width":150,"height":150,"mime-type":"image\/jpeg","filesize":8513},"medium_large":{"file":"HF_eb00061823-scaled-768x512.jpg","width":768,"height":512,"mime-type":"image\/jpeg","filesize":86200},"small":{"file":"HF_eb00061823-scaled-440x293.jpg","width":440,"height":293,"mime-type":"image\/jpeg","filesize":35525},"semi":{"file":"HF_eb00061823-scaled-580x387.jpg","width":580,"height":387,"mime-type":"image\/jpeg","filesize":55724},"mobile":{"file":"HF_eb00061823-scaled-720x480.jpg","width":720,"height":480,"mime-type":"image\/jpeg","filesize":77971},"hd":{"file":"HF_eb00061823-scaled-1280x854.jpg","width":1280,"height":854,"mime-type":"image\/jpeg","filesize":202477},"full":{"file":"HF_eb00061823-scaled-1920x1280.jpg","width":1920,"height":1280,"mime-type":"image\/jpeg","filesize":386736},"1536x1536":{"file":"HF_eb00061823-scaled-1536x1024.jpg","width":1536,"height":1024,"mime-type":"image\/jpeg","filesize":266197},"2048x2048":{"file":"HF_eb00061823-scaled-2048x1366.jpg","width":2048,"height":1366,"mime-type":"image\/jpeg","filesize":430206},"original":{"file":"HF_eb00061823-scaled.jpg","width":2560,"height":1707}},
				"alt" : "Blick in das beleuchtete Foyer von der Galerie im ersten Stock mit Besuchenden, Infopoint und Medienturm",
				"path" : "\/wp-content\/uploads\/2020\/04\/",
				"video" : null,
				"autoplay" : null,
				"youtube" : null,
				"youtubelabel" : "Video abspielen",
				"brightness" : "70",
				"crop" : {"top":"90.37","left":"39.93"},
				"background" : true,
				"scale" : 2				}
			</script>

			<div class="height-container" style="padding-bottom:66.6796875%;" v-if="sizes">
								<lazy-media :inline="true" :alt="alt" :sizes="sizes" :scale="scale" :brightness="brightness" :path="path" :video="video" :autoplay="autoplay" :youtube="youtube" :crop="crop" :youtubelabel="youtubelabel" :background="background" media-id="desc_media_69ee2ff418e1c"></lazy-media>
							</div>

							<figcaption class="sr-only" ref="body" id="desc_media_69ee2ff418e1c">
											<div>Blick in das Foyer, November 2019.</div>
																					<div class="insignificant">© Stiftung Humboldt Forum im Berliner Schloss / David von Becker</div>
									</figcaption>
					</figure>
	</lazy-media-inline>
						</div>
						<div class="teaser-content ">
							<div>
																<div class="teaser-header"><span class="h3">Bleiben Sie auf dem Laufenden!</span></div>
								<div class="teaser-subline"><span class="font-decoration">Abonnieren Sie unseren Newsletter.</span></div>								<button tabindex="-1" class="border">Hier klicken</button>
							</div>
						</div>
					</a>
				</div>
			</div>
		</div>
	</div>
</section>
