{"id":170764,"date":"2026-09-02T11:18:09","date_gmt":"2026-09-02T09:18:09","guid":{"rendered":"https:\/\/www.humboldtforum.org\/?post_type=event-period&#038;p=170764"},"modified":"2026-09-03T09:29:48","modified_gmt":"2026-09-03T07:29:48","slug":"costa-rica-kulturelles-erbe-und-biologische-vielfalt","status":"publish","type":"event-period","link":"https:\/\/www.humboldtforum.org\/en\/programm\/laufzeitangebot\/exhibition\/costa-rica-kulturelles-erbe-und-biologische-vielfalt-170764\/","title":{"rendered":"Costa Rica: Kulturelles Erbe und biologische Vielfalt"},"content":{"rendered":"<section class=\"block block-copy block-no-margin\" >\n    <div class=\"container-fluid\">\n\t\t<div class=\"row \">\n            <div class=\"col-xs-12 col-md-offset-2 col-md-8\">\n                <div class=\"box\">\n                    <div class=\"copy\"><\/div>\n                <\/div>\n            <\/div>\n\t\t<\/div>\n\t\t    <\/div>\n<\/section>\n\n<section class=\"block block-copy\" >\n    <div class=\"container-fluid\">\n\t\t<div class=\"row \">\n            <div class=\"col-xs-12 col-md-offset-2 col-md-8\">\n                <div class=\"box\">\n                    <div class=\"copy\"><p><strong>\u00dcber 130 au\u00dfergew\u00f6hnliche Objekte aus Gold, Gr\u00fcnstein, Ton und Pflanzenfasern erz\u00e4hlen in der Ausstellung <em>Costa Rica: Kulturelles Erbe und biologische Vielfalt<\/em> von der engen Beziehung zwischen Mensch und Natur. Zu sehen sind pr\u00e4kolumbische und historische Zeugnisse, die das Leben Indigener Gemeinschaften Costa Ricas dokumentieren: Alltagsgegenst\u00e4nde, kunstvoll gefertigte Darstellungen von Menschen, Tieren, Pflanzen, Mischwesen und Schaman*innen. Es handelt sich um Objekte, die handwerkliche Traditionen und spirituelle Vorstellungen sichtbar machen.<\/strong><\/p>\n<p>Die Ausstellung folgt einer Perspektive, in der der Mensch nicht \u00fcber der Natur steht, sondern Teil einer lebendigen und beseelten Welt ist. Historische Objekte treten dabei in einen Dialog mit heutigen Indigenen Perspektiven, Mythen und Erz\u00e4hlungen. So wird deutlich, dass die gezeigten Objekte f\u00fcr viele Angeh\u00f6rige Indigener Gemeinschaften keine Relikte der Vergangenheit sind, sondern Ausdruck gelebter Erinnerung und kultureller Kontinuit\u00e4t.<\/p>\n<p>Am Beispiel Costa Ricas, einer der artenreichsten Regionen der Erde, l\u00e4dt die Ausstellung dazu ein, das Verh\u00e4ltnis von Mensch und Umwelt neu zu betrachten. Sie macht deutlich, dass Natur weit mehr ist als eine Ressource: Sie ist Lebensraum, kulturelles Erbe und Grundlage gesellschaftlicher Identit\u00e4t. Vor dem Hintergrund globaler Umwelt- und Klimakrisen regt die Ausstellung dazu an, die Bed\u00fcrfnisse der Natur st\u00e4rker in den Mittelpunkt zu r\u00fccken und neue Perspektiven auf ein nachhaltiges Miteinander zu entwickeln.<\/p>\n<p>Grundlage der Ausstellung ist eine der gr\u00f6\u00dften Zentralamerika-Sammlungen in Europa. Diese wurde vom Wissenschaftler Walter Lehmann zwischen 1907 und 1909 f\u00fcr das damalige Berliner V\u00f6lkerkundemuseum zusammengetragen. Neben arch\u00e4ologischen und ethnografischen Objekten des heutigen Ethnologischen Museums umfasst die Pr\u00e4sentation auch Lehmanns Sprachaufzeichnungen und weitere bedeutende Zeugnisse kulturellen Wissens, die bis heute von gro\u00dfer Relevanz sind. Viele dieser Dokumente kommen aus dem Bestand des Ibero-Amerikanischen Instituts, Stiftung Preu\u00dfischer Kulturbesitz, das ebenfalls Leihgeber der Ausstellung ist.<\/p>\n<p><em>Die Ausstellung entstand in enger Zusammenarbeit zwischen dem Ethnologischen Museum, Staatliche Museen zu Berlin der Stiftung Preu\u00dfischer Kulturbesitz, der Stiftung Humboldt Forum im Berliner Schloss sowie zwei der bedeutendsten Museen Costa Ricas, dem Museo del Oro Precolombino der Museos del Banco Central (Goldmuseum) und dem Museo del Jade (Jademuseum).<\/em><\/p>\n<\/div>\n                <\/div>\n            <\/div>\n\t\t<\/div>\n\t\t    <\/div>\n<\/section>\n\n<section class=\"block block-CTA block-CTA-long leftgradient\">\n\t<div class=\"container-fluid\">\n\t\t<div class=\"row center-xs\">\n\t\t\t<div class=\"col-xs-12\">\n\t\t\t\t<div class=\"box\">\n\t\t\t\t\t<a href=\"https:\/\/www.humboldtforum.org\/de\/?post_type=event-period&#038;p=166531\" aria-label=\"Mine. Yours. Ours!?\" class=\"teaser teaser-cta-wide \">\n\t\t\t\t\t\t<div class=\"teaser-image\">\n\t\t\t\t\t\t\t\n\t<lazy-media-inline inline-template>\n\t\t<figure itemscope itemtype=\"http:\/\/schema.org\/ImageObject\" class=\"lazy-media-inline \" role=\"group\" id=\"media_6a9927cd06ca2\" aria-labelledby=\"desc_media_6a9927cd06ca2\">\n\t\t\t<script type=\"application\/json\" ref=\"data\">\n\t\t\t\t{\n\t\t\t\t\"sizes\" : {\"medium\":{\"file\":\"SHF_eb00265714_1-300x200.jpg\",\"width\":300,\"height\":200,\"mime-type\":\"image\\\/jpeg\",\"filesize\":16735},\"large\":{\"file\":\"SHF_eb00265714_1-1024x683.jpg\",\"width\":1024,\"height\":683,\"mime-type\":\"image\\\/jpeg\",\"filesize\":167232},\"thumbnail\":{\"file\":\"SHF_eb00265714_1-150x150.jpg\",\"width\":150,\"height\":150,\"mime-type\":\"image\\\/jpeg\",\"filesize\":6806},\"medium_large\":{\"file\":\"SHF_eb00265714_1-768x512.jpg\",\"width\":768,\"height\":512,\"mime-type\":\"image\\\/jpeg\",\"filesize\":98884},\"small\":{\"file\":\"SHF_eb00265714_1-440x293.jpg\",\"width\":440,\"height\":293,\"mime-type\":\"image\\\/jpeg\",\"filesize\":33899},\"semi\":{\"file\":\"SHF_eb00265714_1-580x387.jpg\",\"width\":580,\"height\":387,\"mime-type\":\"image\\\/jpeg\",\"filesize\":58312},\"mobile\":{\"file\":\"SHF_eb00265714_1-720x480.jpg\",\"width\":720,\"height\":480,\"mime-type\":\"image\\\/jpeg\",\"filesize\":88059},\"hd\":{\"file\":\"SHF_eb00265714_1-1280x853.jpg\",\"width\":1280,\"height\":853,\"mime-type\":\"image\\\/jpeg\",\"filesize\":245757},\"1536x1536\":{\"file\":\"SHF_eb00265714_1-1536x1024.jpg\",\"width\":1536,\"height\":1024,\"mime-type\":\"image\\\/jpeg\",\"filesize\":332189},\"original\":{\"file\":\"SHF_eb00265714_1.jpg\",\"width\":1800,\"height\":1200}},\n\t\t\t\t\"alt\" : \"Serene river scene reflecting trees and sky, with gentle ripples on the water surface.\",\n\t\t\t\t\"path\" : \"\\\/wp-content\\\/uploads\\\/2026\\\/07\\\/\",\n\t\t\t\t\"video\" : null,\n\t\t\t\t\"autoplay\" : null,\n\t\t\t\t\"youtube\" : null,\n\t\t\t\t\"youtubelabel\" : \"Play video\",\n\t\t\t\t\"brightness\" : \"100\",\n\t\t\t\t\"crop\" : {\"top\":\"15.70\",\"left\":\"49.81\"},\n\t\t\t\t\"background\" : true,\n\t\t\t\t\"scale\" : 2\t\t\t\t}\n\t\t\t<\/script>\n\n\t\t\t<div class=\"height-container\" style=\"padding-bottom:66.666666666667%;\" v-if=\"sizes\">\n\t\t\t\t\t\t\t\t<lazy-media :inline=\"true\" :alt=\"alt\" :sizes=\"sizes\" :scale=\"scale\" :brightness=\"brightness\" :path=\"path\" :video=\"video\" :autoplay=\"autoplay\" :youtube=\"youtube\" :crop=\"crop\" :youtubelabel=\"youtubelabel\" :background=\"background\" media-id=\"desc_media_6a9927cd06ca2\"><\/lazy-media>\n\t\t\t\t\t\t\t<\/div>\n\n\t\t\t\t\t\t\t<figcaption class=\"sr-only\" ref=\"body\" id=\"desc_media_6a9927cd06ca2\">\n\t\t\t\t\t\t\t\t\t\t\t\t\t\t\t\t<div>Aufnahme des Flusses Fluss Valdivia in Chile, Projekt von Gabriela Urrutia <\/div>\n\t\t\t\t\t\t\t\t\t\t\t\t\t\t\t\t<div class=\"insignificant\">\u00a9 Constanza Rutherford<\/div>\n\t\t\t\t\t\t\t\t\t<\/figcaption>\n\t\t\t\t\t<\/figure>\n\t<\/lazy-media-inline>\n\t\t\t\t\t\t<\/div>\n\t\t\t\t\t\t<div class=\"teaser-content \">\n\t\t\t\t\t\t\t<div>\n\t\t\t\t\t\t\t\t<div class=\"teaser-overline subline\">belongs to<\/div>\t\t\t\t\t\t\t\t<div class=\"teaser-header\"><span class=\"h3\">Mine. Yours. Ours!?<\/span><\/div>\n\t\t\t\t\t\t\t\t\t\t\t\t\t\t\t\t<button tabindex=\"-1\" class=\"border\">Programme focus<\/button>\n\t\t\t\t\t\t\t<\/div>\n\t\t\t\t\t\t<\/div>\n\t\t\t\t\t<\/a>\n\t\t\t\t<\/div>\n\t\t\t<\/div>\n\t\t<\/div>\n\t<\/div>\n<\/section>\n","protected":false},"template":"","genre":[552],"digital":[],"topic":[],"stakeholder":[594],"editorial":[],"editorialfilter":[],"targetgroup":[],"language":[],"accessability":[],"age":[],"school":[],"groupsize":[],"place":[1748],"class_list":["post-170764","event-period","type-event-period","status-publish","hentry","genre-exhibition","stakeholder-staatliche-museen-zu-berlin-en","place-ethnologisches-museum-2-og-en"],"acf":[],"_links":{"self":[{"href":"https:\/\/www.humboldtforum.org\/en\/wp-json\/wp\/v2\/event-period\/170764","targetHints":{"allow":["GET"]}}],"collection":[{"href":"https:\/\/www.humboldtforum.org\/en\/wp-json\/wp\/v2\/event-period"}],"about":[{"href":"https:\/\/www.humboldtforum.org\/en\/wp-json\/wp\/v2\/types\/event-period"}],"version-history":[{"count":2,"href":"https:\/\/www.humboldtforum.org\/en\/wp-json\/wp\/v2\/event-period\/170764\/revisions"}],"predecessor-version":[{"id":170766,"href":"https:\/\/www.humboldtforum.org\/en\/wp-json\/wp\/v2\/event-period\/170764\/revisions\/170766"}],"wp:attachment":[{"href":"https:\/\/www.humboldtforum.org\/en\/wp-json\/wp\/v2\/media?parent=170764"}],"wp:term":[{"taxonomy":"genre","embeddable":true,"href":"https:\/\/www.humboldtforum.org\/en\/wp-json\/wp\/v2\/genre?post=170764"},{"taxonomy":"digital","embeddable":true,"href":"https:\/\/www.humboldtforum.org\/en\/wp-json\/wp\/v2\/digital?post=170764"},{"taxonomy":"topic","embeddable":true,"href":"https:\/\/www.humboldtforum.org\/en\/wp-json\/wp\/v2\/topic?post=170764"},{"taxonomy":"stakeholder","embeddable":true,"href":"https:\/\/www.humboldtforum.org\/en\/wp-json\/wp\/v2\/stakeholder?post=170764"},{"taxonomy":"editorial","embeddable":true,"href":"https:\/\/www.humboldtforum.org\/en\/wp-json\/wp\/v2\/editorial?post=170764"},{"taxonomy":"editorialfilter","embeddable":true,"href":"https:\/\/www.humboldtforum.org\/en\/wp-json\/wp\/v2\/editorialfilter?post=170764"},{"taxonomy":"targetgroup","embeddable":true,"href":"https:\/\/www.humboldtforum.org\/en\/wp-json\/wp\/v2\/targetgroup?post=170764"},{"taxonomy":"language","embeddable":true,"href":"https:\/\/www.humboldtforum.org\/en\/wp-json\/wp\/v2\/language?post=170764"},{"taxonomy":"accessability","embeddable":true,"href":"https:\/\/www.humboldtforum.org\/en\/wp-json\/wp\/v2\/accessability?post=170764"},{"taxonomy":"age","embeddable":true,"href":"https:\/\/www.humboldtforum.org\/en\/wp-json\/wp\/v2\/age?post=170764"},{"taxonomy":"school","embeddable":true,"href":"https:\/\/www.humboldtforum.org\/en\/wp-json\/wp\/v2\/school?post=170764"},{"taxonomy":"groupsize","embeddable":true,"href":"https:\/\/www.humboldtforum.org\/en\/wp-json\/wp\/v2\/groupsize?post=170764"},{"taxonomy":"place","embeddable":true,"href":"https:\/\/www.humboldtforum.org\/en\/wp-json\/wp\/v2\/place?post=170764"}],"curies":[{"name":"wp","href":"https:\/\/api.w.org\/{rel}","templated":true}]}}

<section class="block block-copy block-no-margin" >
    <div class="container-fluid">
		<div class="row ">
            <div class="col-xs-12 col-md-offset-2 col-md-8">
                <div class="box">
                    <div class="copy"></div>
                </div>
            </div>
		</div>
		    </div>
</section>

<section class="block block-copy" >
    <div class="container-fluid">
		<div class="row ">
            <div class="col-xs-12 col-md-offset-2 col-md-8">
                <div class="box">
                    <div class="copy"><p><strong>Über 130 außergewöhnliche Objekte aus Gold, Grünstein, Ton und Pflanzenfasern erzählen in der Ausstellung <em>Costa Rica: Kulturelles Erbe und biologische Vielfalt</em> von der engen Beziehung zwischen Mensch und Natur. Zu sehen sind präkolumbische und historische Zeugnisse, die das Leben Indigener Gemeinschaften Costa Ricas dokumentieren: Alltagsgegenstände, kunstvoll gefertigte Darstellungen von Menschen, Tieren, Pflanzen, Mischwesen und Schaman*innen. Es handelt sich um Objekte, die handwerkliche Traditionen und spirituelle Vorstellungen sichtbar machen.</strong></p>
<p>Die Ausstellung folgt einer Perspektive, in der der Mensch nicht über der Natur steht, sondern Teil einer lebendigen und beseelten Welt ist. Historische Objekte treten dabei in einen Dialog mit heutigen Indigenen Perspektiven, Mythen und Erzählungen. So wird deutlich, dass die gezeigten Objekte für viele Angehörige Indigener Gemeinschaften keine Relikte der Vergangenheit sind, sondern Ausdruck gelebter Erinnerung und kultureller Kontinuität.</p>
<p>Am Beispiel Costa Ricas, einer der artenreichsten Regionen der Erde, lädt die Ausstellung dazu ein, das Verhältnis von Mensch und Umwelt neu zu betrachten. Sie macht deutlich, dass Natur weit mehr ist als eine Ressource: Sie ist Lebensraum, kulturelles Erbe und Grundlage gesellschaftlicher Identität. Vor dem Hintergrund globaler Umwelt- und Klimakrisen regt die Ausstellung dazu an, die Bedürfnisse der Natur stärker in den Mittelpunkt zu rücken und neue Perspektiven auf ein nachhaltiges Miteinander zu entwickeln.</p>
<p>Grundlage der Ausstellung ist eine der größten Zentralamerika-Sammlungen in Europa. Diese wurde vom Wissenschaftler Walter Lehmann zwischen 1907 und 1909 für das damalige Berliner Völkerkundemuseum zusammengetragen. Neben archäologischen und ethnografischen Objekten des heutigen Ethnologischen Museums umfasst die Präsentation auch Lehmanns Sprachaufzeichnungen und weitere bedeutende Zeugnisse kulturellen Wissens, die bis heute von großer Relevanz sind. Viele dieser Dokumente kommen aus dem Bestand des Ibero-Amerikanischen Instituts, Stiftung Preußischer Kulturbesitz, das ebenfalls Leihgeber der Ausstellung ist.</p>
<p><em>Die Ausstellung entstand in enger Zusammenarbeit zwischen dem Ethnologischen Museum, Staatliche Museen zu Berlin der Stiftung Preußischer Kulturbesitz, der Stiftung Humboldt Forum im Berliner Schloss sowie zwei der bedeutendsten Museen Costa Ricas, dem Museo del Oro Precolombino der Museos del Banco Central (Goldmuseum) und dem Museo del Jade (Jademuseum).</em></p>
</div>
                </div>
            </div>
		</div>
		    </div>
</section>

<section class="block block-CTA block-CTA-long leftgradient">
	<div class="container-fluid">
		<div class="row center-xs">
			<div class="col-xs-12">
				<div class="box">
					<a href="https://www.humboldtforum.org/de/?post_type=event-period&#038;p=166531" aria-label="Mine. Yours. Ours!?" class="teaser teaser-cta-wide ">
						<div class="teaser-image">
							
	<lazy-media-inline inline-template>
		<figure itemscope itemtype="http://schema.org/ImageObject" class="lazy-media-inline " role="group" id="media_6a9927cd06ca2" aria-labelledby="desc_media_6a9927cd06ca2">
			<script type="application/json" ref="data">
				{
				"sizes" : {"medium":{"file":"SHF_eb00265714_1-300x200.jpg","width":300,"height":200,"mime-type":"image\/jpeg","filesize":16735},"large":{"file":"SHF_eb00265714_1-1024x683.jpg","width":1024,"height":683,"mime-type":"image\/jpeg","filesize":167232},"thumbnail":{"file":"SHF_eb00265714_1-150x150.jpg","width":150,"height":150,"mime-type":"image\/jpeg","filesize":6806},"medium_large":{"file":"SHF_eb00265714_1-768x512.jpg","width":768,"height":512,"mime-type":"image\/jpeg","filesize":98884},"small":{"file":"SHF_eb00265714_1-440x293.jpg","width":440,"height":293,"mime-type":"image\/jpeg","filesize":33899},"semi":{"file":"SHF_eb00265714_1-580x387.jpg","width":580,"height":387,"mime-type":"image\/jpeg","filesize":58312},"mobile":{"file":"SHF_eb00265714_1-720x480.jpg","width":720,"height":480,"mime-type":"image\/jpeg","filesize":88059},"hd":{"file":"SHF_eb00265714_1-1280x853.jpg","width":1280,"height":853,"mime-type":"image\/jpeg","filesize":245757},"1536x1536":{"file":"SHF_eb00265714_1-1536x1024.jpg","width":1536,"height":1024,"mime-type":"image\/jpeg","filesize":332189},"original":{"file":"SHF_eb00265714_1.jpg","width":1800,"height":1200}},
				"alt" : "Serene river scene reflecting trees and sky, with gentle ripples on the water surface.",
				"path" : "\/wp-content\/uploads\/2026\/07\/",
				"video" : null,
				"autoplay" : null,
				"youtube" : null,
				"youtubelabel" : "Play video",
				"brightness" : "100",
				"crop" : {"top":"15.70","left":"49.81"},
				"background" : true,
				"scale" : 2				}
			</script>

			<div class="height-container" style="padding-bottom:66.666666666667%;" v-if="sizes">
								<lazy-media :inline="true" :alt="alt" :sizes="sizes" :scale="scale" :brightness="brightness" :path="path" :video="video" :autoplay="autoplay" :youtube="youtube" :crop="crop" :youtubelabel="youtubelabel" :background="background" media-id="desc_media_6a9927cd06ca2"></lazy-media>
							</div>

							<figcaption class="sr-only" ref="body" id="desc_media_6a9927cd06ca2">
																<div>Aufnahme des Flusses Fluss Valdivia in Chile, Projekt von Gabriela Urrutia </div>
																<div class="insignificant">© Constanza Rutherford</div>
									</figcaption>
					</figure>
	</lazy-media-inline>
						</div>
						<div class="teaser-content ">
							<div>
								<div class="teaser-overline subline">belongs to</div>								<div class="teaser-header"><span class="h3">Mine. Yours. Ours!?</span></div>
																<button tabindex="-1" class="border">Programme focus</button>
							</div>
						</div>
					</a>
				</div>
			</div>
		</div>
	</div>
</section>
