{"id":145694,"date":"2025-04-24T11:36:33","date_gmt":"2025-04-24T09:36:33","guid":{"rendered":"https:\/\/www.humboldtforum.org\/programm\/termin\/other-en\/barock-modern-nachhaltig-145694\/"},"modified":"2025-04-30T12:15:16","modified_gmt":"2025-04-30T10:15:16","slug":"barock-modern-nachhaltig","status":"publish","type":"event","link":"https:\/\/www.humboldtforum.org\/en\/programm\/termin\/conference-symposium\/barock-modern-nachhaltig-145694\/","title":{"rendered":"Baroque. Modern. Sustainable"},"content":{"rendered":"<section class=\"block block-copy block-no-margin\" >\n    <div class=\"container-fluid\">\n\t\t<div class=\"row \">\n            <div class=\"col-xs-12 col-md-offset-2 col-md-8\">\n                <div class=\"box\">\n                    <div class=\"copy\"><p>By mid-June 2025, 19 stylistically baroque sculptures will be installed on the balustrade of the Humboldt Forum. This will mark the completion of the construction of the Humboldt Forum and the reconstruction of the historic palace fa\u00e7ade.<\/p>\n<p>To mark the occasion, the Stiftung Humboldt Forum im Berliner Schloss is organising a colloquium. Experts will take stock of the construction work and give an outlook on future challenges in conservation &#8211; including Franco Stella, architect of the Humboldt Forum, Kathrin Lange, Stiftung Preu\u00dfische Schl\u00f6sser und G\u00e4rten and Hans-Dieter Hegner, Director of the Stiftung Humboldt Forum im Berliner Schloss.<\/p>\n<p>Registration is required for the colloquium. We look forward to your participation!<\/p>\n<\/div>\n                <\/div>\n            <\/div>\n\t\t<\/div>\n\t\t    <\/div>\n<\/section>\n\n<section class=\"block block-button\">\n    <div class=\"container-fluid\">\n\t\t<div class=\"row\">\n            <div class=\"col-xs-12 col-md-offset-2 col-md-8\">\n                <div class=\"box text-align-center\">\n                 \t\t<a href=\"https:\/\/www.humboldtforum.org\/wp-content\/uploads\/2025\/04\/SHF_-Kolloquium_Juni.pdf\" class=\"button-extern\" role=\"button\" target=\"_blank\">\n\t\t<span class=\"button-label\">Programm Kolloquium am 27.6.2025 (German Version, PDF, 68 KB)<\/span>\n\t<\/a>\n                <\/div>\n            <\/div>\n        <\/div>\n    <\/div>\n<\/section>","protected":false},"template":"","genre":[844],"digital":[],"topic":[590],"stakeholder":[595],"editorial":[],"editorialfilter":[],"targetgroup":[],"language":[579],"accessability":[],"age":[],"school":[],"groupsize":[],"place":[1180],"class_list":["post-145694","event","type-event","status-publish","hentry","genre-conference-symposium","topic-history-and-architecture-of-the-site","stakeholder-stiftung-humboldt-forum-im-berliner-schloss-en","language-german","place-hall-1-ground-floor"],"acf":[],"_links":{"self":[{"href":"https:\/\/www.humboldtforum.org\/en\/wp-json\/wp\/v2\/event\/145694","targetHints":{"allow":["GET"]}}],"collection":[{"href":"https:\/\/www.humboldtforum.org\/en\/wp-json\/wp\/v2\/event"}],"about":[{"href":"https:\/\/www.humboldtforum.org\/en\/wp-json\/wp\/v2\/types\/event"}],"version-history":[{"count":5,"href":"https:\/\/www.humboldtforum.org\/en\/wp-json\/wp\/v2\/event\/145694\/revisions"}],"predecessor-version":[{"id":145720,"href":"https:\/\/www.humboldtforum.org\/en\/wp-json\/wp\/v2\/event\/145694\/revisions\/145720"}],"wp:attachment":[{"href":"https:\/\/www.humboldtforum.org\/en\/wp-json\/wp\/v2\/media?parent=145694"}],"wp:term":[{"taxonomy":"genre","embeddable":true,"href":"https:\/\/www.humboldtforum.org\/en\/wp-json\/wp\/v2\/genre?post=145694"},{"taxonomy":"digital","embeddable":true,"href":"https:\/\/www.humboldtforum.org\/en\/wp-json\/wp\/v2\/digital?post=145694"},{"taxonomy":"topic","embeddable":true,"href":"https:\/\/www.humboldtforum.org\/en\/wp-json\/wp\/v2\/topic?post=145694"},{"taxonomy":"stakeholder","embeddable":true,"href":"https:\/\/www.humboldtforum.org\/en\/wp-json\/wp\/v2\/stakeholder?post=145694"},{"taxonomy":"editorial","embeddable":true,"href":"https:\/\/www.humboldtforum.org\/en\/wp-json\/wp\/v2\/editorial?post=145694"},{"taxonomy":"editorialfilter","embeddable":true,"href":"https:\/\/www.humboldtforum.org\/en\/wp-json\/wp\/v2\/editorialfilter?post=145694"},{"taxonomy":"targetgroup","embeddable":true,"href":"https:\/\/www.humboldtforum.org\/en\/wp-json\/wp\/v2\/targetgroup?post=145694"},{"taxonomy":"language","embeddable":true,"href":"https:\/\/www.humboldtforum.org\/en\/wp-json\/wp\/v2\/language?post=145694"},{"taxonomy":"accessability","embeddable":true,"href":"https:\/\/www.humboldtforum.org\/en\/wp-json\/wp\/v2\/accessability?post=145694"},{"taxonomy":"age","embeddable":true,"href":"https:\/\/www.humboldtforum.org\/en\/wp-json\/wp\/v2\/age?post=145694"},{"taxonomy":"school","embeddable":true,"href":"https:\/\/www.humboldtforum.org\/en\/wp-json\/wp\/v2\/school?post=145694"},{"taxonomy":"groupsize","embeddable":true,"href":"https:\/\/www.humboldtforum.org\/en\/wp-json\/wp\/v2\/groupsize?post=145694"},{"taxonomy":"place","embeddable":true,"href":"https:\/\/www.humboldtforum.org\/en\/wp-json\/wp\/v2\/place?post=145694"}],"curies":[{"name":"wp","href":"https:\/\/api.w.org\/{rel}","templated":true}]}}

<section class="block block-copy block-no-margin" >
    <div class="container-fluid">
		<div class="row ">
            <div class="col-xs-12 col-md-offset-2 col-md-8">
                <div class="box">
                    <div class="copy"><p>By mid-June 2025, 19 stylistically baroque sculptures will be installed on the balustrade of the Humboldt Forum. This will mark the completion of the construction of the Humboldt Forum and the reconstruction of the historic palace façade.</p>
<p>To mark the occasion, the Stiftung Humboldt Forum im Berliner Schloss is organising a colloquium. Experts will take stock of the construction work and give an outlook on future challenges in conservation &#8211; including Franco Stella, architect of the Humboldt Forum, Kathrin Lange, Stiftung Preußische Schlösser und Gärten and Hans-Dieter Hegner, Director of the Stiftung Humboldt Forum im Berliner Schloss.</p>
<p>Registration is required for the colloquium. We look forward to your participation!</p>
</div>
                </div>
            </div>
		</div>
		    </div>
</section>

<section class="block block-button">
    <div class="container-fluid">
		<div class="row">
            <div class="col-xs-12 col-md-offset-2 col-md-8">
                <div class="box text-align-center">
                 		<a href="https://www.humboldtforum.org/wp-content/uploads/2025/04/SHF_-Kolloquium_Juni.pdf" class="button-extern" role="button" target="_blank">
		<span class="button-label">Programm Kolloquium am 27.6.2025 (German Version, PDF, 68 KB)</span>
	</a>
                </div>
            </div>
        </div>
    </div>
</section>
