{"id":56407,"date":"2022-10-07T10:42:04","date_gmt":"2022-10-07T08:42:04","guid":{"rendered":"https:\/\/www.humboldtforum.org\/?post_type=event&#038;p=56407"},"modified":"2022-10-18T14:05:37","modified_gmt":"2022-10-18T12:05:37","slug":"afrikamera-bal-poussiere","status":"publish","type":"event","link":"https:\/\/www.humboldtforum.org\/en\/programm\/termin\/festival-en\/afrikamera-bal-poussiere-56407\/","title":{"rendered":"BAL POUSSI\u00c8RE"},"content":{"rendered":"<section class=\"block block-copy\" >\n    <div class=\"container-fluid\">\n\t\t<div class=\"row \">\n            <div class=\"col-xs-12 col-md-offset-2 col-md-8\">\n                <div class=\"box\">\n                    <div class=\"copy\"><p>Henriette Duparc, film producer and president of the Fondation Henri Duparc will be present for the screening.<\/p>\n<p>Demi-dieu (demigod) is a wealthy farmer and village chief with five wives. When he decides to marry a sixth wife, young Binta, in order to have a spouse for every day of the week (except Sunday, the day of rest), his five other wives become dissatisfied. Binta, a modern, self-confident woman, does not want to submit. Soon there are conflicts with her husband and the other wives, which provide comedy.<\/p>\n<p>AFRIKAMERA presents a classic of the genre with the polygamy comedy Bal Poussi\u00e8re. With humor and slapstick, the film by Ivorian director, Henri Duparc, invites viewers to reflect on ingrained habits and social change, and to practice a reflection in self-criticism.<\/p>\n<p>&nbsp;<\/p>\n<\/div>\n                <\/div>\n            <\/div>\n\t\t<\/div>\n\t\t    <\/div>\n<\/section>\n\n<section class=\"block block-headline block-no-margin \" >\n\t<div class=\"container-fluid\">\n\t\t<div class=\"row\">\n\t\t\t\t\t\t\t<div class=\"col-xs-12 col-md-offset-2 col-md-8\">\n\t\t\t\t\t<div class=\"box\">\n\t\t\t\t\t\t<h2 class=\".h4\">Director<\/h2>\n\t\t\t\t\t<\/div>\n\t\t\t\t<\/div>\n\t\t\t\t\t<\/div>\n\t<\/div>\n<\/section>\n\n\n\n\n\n<section class=\"block block-accordion\">\n\t<div class=\"container-fluid\">\n\t\t<div class=\"row\">\n\t\t\t<div class=\"col-xs-12 col-md-offset-2 col-md-8\">\n\t\t\t\t<div class=\"box\">\n\t\t\t\t\t\t\t\t\t\t\t<block-accordion inline-template>\n\t\t\t\t\t\t\t<div class=\"accordion\">\n\t\t\t\t\t\t\t\t\t\t\t\t\t\t\t<block-accordion-item inline-template item-headline=\"HENRI DUPARC\">\n\t\t\t\t\t\t\t\t<div ref=\"item\" data-id=\"HENRIDUPARC\" class=\"block-accordion-item vue-initialize\" aria-expanded=\"false\" :aria-expanded=\"active ? 'true' : 'false'\">\n\t\t\t\t\t\t\t\t\t<button class=\"accordion-button-with-icon block-accordion-item-head\" :class=\"{'button-active': active}\" ref=\"head\" aria-controls=\"acc_69f33e07ee082\" id=\"acc_title_69f33e07ee085\" @click=\"toggle\" @keydown=\"key\">\n\t\t\t\t\t\t\t\t\t<div><span class=\"button-label\">HENRI DUPARC<\/span><\/div><span class=\"button-icon icon-plus\" aria-hidden=\"true\"><\/span>\n\t\t\t\t\t\t\t\t<\/button>\n\t\t\t\t\t\t\t\t\t<div ref=\"body\" class=\"block-accordion-item-content\" id=\"acc_69f33e07ee082\" role=\"region\">\n\t\t\t\t\t\t\t\t\t\t<div class=\"wrapper copy\">\n\t\t\t\t\t\t\t\t\t\t\t<p>HENRI DUPARC, born 1941 in Guinea, died 2006 in Paris, studied film at the &#8220;Ecole de Cin\u00e9matographie de Belgrade&#8221; and at the &#8220;Institut des Hautes Etudes Cin\u00e9matographiques (IDHEC) de Paris&#8221;. He then settled in C\u00f4te d&#8217;Ivoire and founded &#8220;Focale 13&#8221;, his film production and broadcasting company. An emblematic figure of African cinema, he devoted most of his work to comedies in which he addressed the social problems of modern Africa. His best-known films include <em>Abusuan\u00a0<\/em>(1972<em>), Une Couleur Caf\u00e9 (1997), Rue Princesse\u00a0<\/em>(1993<em>) and Caramel\u00a0<\/em>(2004).<\/p>\n\n\t\t\t\t\t\t\t\t\t\t\t\t\t\t\t\t\t\t\t\t\t\t\t\t\t\t\t\t\t\t\t\t\t\n\t\t\t\t\t\t\t\t\t\t\t<div class=\"row\">\n\t\t\t\t\t\t\t\t\t\t\t\t<div class=\"col-xs-9 col-md-9\">\n\t\t\t\t\t\t\t\t\t\t\t\t\t<div class=\"box\">\n\t\t\t\t\t\t\t\t\t\t\t\t\t\t\t\t\t\t\t\t\t\t\t\t\t\t\t<\/div>\n\t\t\t\t\t\t\t\t\t\t\t\t<\/div>\n\t\t\t\t\t\t\t\t\t\t\t<\/div>\n\n\t\t\t\t\t\t\t\t\t\t\t\t\t\t\t\t\t\t\t\t\t<\/div>\n\t\t\t\t\t\t\t\t\t<\/div>\n\t\t\t\t\t\t\t\t<\/div>\n\t\t\t\t\t\t\t\t<\/block-accordion-item>\n\t\t\t\t\t\t\t\t\t\t\t\t\t<\/div>\n\t\t\t\t\t\t<\/block-accordion>\n\t\t\t\t\t\t\t\t\t<\/div>\n\t\t\t<\/div>\n\t\t<\/div>\n\t<\/div>\n<\/section>\n\n\n<section class=\"block block-CTA block-CTA-long leftgradient\">\n\t<div class=\"container-fluid\">\n\t\t<div class=\"row center-xs\">\n\t\t\t<div class=\"col-xs-12\">\n\t\t\t\t<div class=\"box\">\n\t\t\t\t\t<a href=\"https:\/\/www.humboldtforum.org\/en\/programm\/event-reihe\/festival-en\/afrikamera-2022-55518\/\" aria-label=\"AFRIKAMERA\" class=\"teaser teaser-cta-wide \">\n\t\t\t\t\t\t<div class=\"teaser-image\">\n\t\t\t\t\t\t\t\n\t<lazy-media-inline inline-template>\n\t\t<figure itemscope itemtype=\"http:\/\/schema.org\/ImageObject\" class=\"lazy-media-inline \" role=\"group\" id=\"media_69f33e07efaa1\" aria-labelledby=\"desc_media_69f33e07efaa1\">\n\t\t\t<script type=\"application\/json\" ref=\"data\">\n\t\t\t\t{\n\t\t\t\t\"sizes\" : {\"medium\":{\"file\":\"SHF_eb00157210_Afrikamera-300x176.jpg\",\"width\":300,\"height\":176,\"mime-type\":\"image\\\/jpeg\",\"filesize\":7744},\"large\":{\"file\":\"SHF_eb00157210_Afrikamera-1024x599.jpg\",\"width\":1024,\"height\":599,\"mime-type\":\"image\\\/jpeg\",\"filesize\":48802},\"thumbnail\":{\"file\":\"SHF_eb00157210_Afrikamera-150x150.jpg\",\"width\":150,\"height\":150,\"mime-type\":\"image\\\/jpeg\",\"filesize\":5027},\"medium_large\":{\"file\":\"SHF_eb00157210_Afrikamera-768x449.jpg\",\"width\":768,\"height\":449,\"mime-type\":\"image\\\/jpeg\",\"filesize\":30808},\"small\":{\"file\":\"SHF_eb00157210_Afrikamera-440x257.jpg\",\"width\":440,\"height\":257,\"mime-type\":\"image\\\/jpeg\",\"filesize\":13420},\"semi\":{\"file\":\"SHF_eb00157210_Afrikamera-580x339.jpg\",\"width\":580,\"height\":339,\"mime-type\":\"image\\\/jpeg\",\"filesize\":20186},\"mobile\":{\"file\":\"SHF_eb00157210_Afrikamera-720x421.jpg\",\"width\":720,\"height\":421,\"mime-type\":\"image\\\/jpeg\",\"filesize\":27858},\"original\":{\"file\":\"SHF_eb00157210_Afrikamera.jpg\",\"width\":1280,\"height\":749}},\n\t\t\t\t\"alt\" : \"A red film frame overlay on a dark background, revealing a scene underneath.\",\n\t\t\t\t\"path\" : \"\\\/wp-content\\\/uploads\\\/2022\\\/10\\\/\",\n\t\t\t\t\"video\" : null,\n\t\t\t\t\"autoplay\" : null,\n\t\t\t\t\"youtube\" : null,\n\t\t\t\t\"youtubelabel\" : \"Play video\",\n\t\t\t\t\"brightness\" : \"80\",\n\t\t\t\t\"crop\" : null,\n\t\t\t\t\"background\" : true,\n\t\t\t\t\"scale\" : 1\t\t\t\t}\n\t\t\t<\/script>\n\n\t\t\t<div class=\"height-container\" style=\"padding-bottom:58.515625%;\" v-if=\"sizes\">\n\t\t\t\t\t\t\t\t<lazy-media :inline=\"true\" :alt=\"alt\" :sizes=\"sizes\" :scale=\"scale\" :brightness=\"brightness\" :path=\"path\" :video=\"video\" :autoplay=\"autoplay\" :youtube=\"youtube\" :crop=\"crop\" :youtubelabel=\"youtubelabel\" :background=\"background\" media-id=\"desc_media_69f33e07efaa1\"><\/lazy-media>\n\t\t\t\t\t\t\t<\/div>\n\n\t\t\t\t\t\t\t<figcaption class=\"sr-only\" ref=\"body\" id=\"desc_media_69f33e07efaa1\">\n\t\t\t\t\t\t\t\t\t\t\t<div>Key Visual Afrikamera \n<\/div>\n\t\t\t\t\t\t\t\t\t\t\t\t\t\t\t\t\t\t\t<\/figcaption>\n\t\t\t\t\t<\/figure>\n\t<\/lazy-media-inline>\n\t\t\t\t\t\t<\/div>\n\t\t\t\t\t\t<div class=\"teaser-content \">\n\t\t\t\t\t\t\t<div>\n\t\t\t\t\t\t\t\t\t\t\t\t\t\t\t\t<div class=\"teaser-header\"><span class=\"h3\">AFRIKAMERA<\/span><\/div>\n\t\t\t\t\t\t\t\t<div class=\"teaser-subline\"><span class=\"font-decoration\">African Cinema Film Festival<\/span><\/div>\t\t\t\t\t\t\t\t<button tabindex=\"-1\" class=\"border\">To the festival overview<\/button>\n\t\t\t\t\t\t\t<\/div>\n\t\t\t\t\t\t<\/div>\n\t\t\t\t\t<\/a>\n\t\t\t\t<\/div>\n\t\t\t<\/div>\n\t\t<\/div>\n\t<\/div>\n<\/section>\n\n\n<section class=\"block block-teaser col-lane33 \" style=\"\">\n\t\t\t\t\t\t<teaser-lane-with-buttons inline-template tracking-label=\"Practical info\">\n\t\t\t\t<div>\n\t\t\t\t\t<div class=\"container-fluid\">\n\t\t\t\t\t\t<div class=\"row middle-xs\">\n\t\t\t\t\t\t\t<div class=\"col-xs-10 col-sm-8\">\n\t\t\t\t\t\t\t\t<h3 class=\"h4 topline\">Practical info<\/h3>\t\t\t\t\t\t\t<\/div>\n\t\t\t\t\t\t\t<div class=\"col-xs-2 col-sm-4 end-xs margin-bottom-sixth\">\n\t\t\t\t\t\t\t\t<teaser-lane-buttons :visible_prev=\"visible_prev\" :visible_next=\"visible_next\" @prev=\"prev\" @next=\"next\"><\/teaser-lane-buttons>\n\t\t\t\t\t\t\t<\/div>\n\t\t\t\t\t\t<\/div>\n\t\t\t\t\t<\/div>\n\t\t\t\t\t<div class=\"teaser-lane-wrapper\">\n\t\t\t\t\t\t<ul class=\"teaser-lane\">\n\t\t\t\t\t\t\t\t\t\t\t\t<\/ul>\n\t\t\t\t\t<\/div>\n\t\t\t\t<\/div>\n\t\t\t<\/teaser-lane-with-buttons>\n\t\t\t<\/section>","protected":false},"template":"","genre":[846,803],"digital":[],"topic":[],"stakeholder":[595],"editorial":[],"editorialfilter":[],"targetgroup":[585,715],"language":[1192],"accessability":[779],"age":[],"school":[],"groupsize":[],"place":[884],"class_list":["post-56407","event","type-event","status-publish","has-post-thumbnail","hentry","genre-festival-en","genre-film-video-en","stakeholder-stiftung-humboldt-forum-im-berliner-schloss-en","targetgroup-adults","targetgroup-teenager","language-french","accessability-subtitles","place-ground-floor-hall-2"],"acf":[],"_links":{"self":[{"href":"https:\/\/www.humboldtforum.org\/en\/wp-json\/wp\/v2\/event\/56407","targetHints":{"allow":["GET"]}}],"collection":[{"href":"https:\/\/www.humboldtforum.org\/en\/wp-json\/wp\/v2\/event"}],"about":[{"href":"https:\/\/www.humboldtforum.org\/en\/wp-json\/wp\/v2\/types\/event"}],"version-history":[{"count":12,"href":"https:\/\/www.humboldtforum.org\/en\/wp-json\/wp\/v2\/event\/56407\/revisions"}],"predecessor-version":[{"id":58270,"href":"https:\/\/www.humboldtforum.org\/en\/wp-json\/wp\/v2\/event\/56407\/revisions\/58270"}],"wp:featuredmedia":[{"embeddable":true,"href":"https:\/\/www.humboldtforum.org\/en\/wp-json\/wp\/v2\/media\/56219"}],"wp:attachment":[{"href":"https:\/\/www.humboldtforum.org\/en\/wp-json\/wp\/v2\/media?parent=56407"}],"wp:term":[{"taxonomy":"genre","embeddable":true,"href":"https:\/\/www.humboldtforum.org\/en\/wp-json\/wp\/v2\/genre?post=56407"},{"taxonomy":"digital","embeddable":true,"href":"https:\/\/www.humboldtforum.org\/en\/wp-json\/wp\/v2\/digital?post=56407"},{"taxonomy":"topic","embeddable":true,"href":"https:\/\/www.humboldtforum.org\/en\/wp-json\/wp\/v2\/topic?post=56407"},{"taxonomy":"stakeholder","embeddable":true,"href":"https:\/\/www.humboldtforum.org\/en\/wp-json\/wp\/v2\/stakeholder?post=56407"},{"taxonomy":"editorial","embeddable":true,"href":"https:\/\/www.humboldtforum.org\/en\/wp-json\/wp\/v2\/editorial?post=56407"},{"taxonomy":"editorialfilter","embeddable":true,"href":"https:\/\/www.humboldtforum.org\/en\/wp-json\/wp\/v2\/editorialfilter?post=56407"},{"taxonomy":"targetgroup","embeddable":true,"href":"https:\/\/www.humboldtforum.org\/en\/wp-json\/wp\/v2\/targetgroup?post=56407"},{"taxonomy":"language","embeddable":true,"href":"https:\/\/www.humboldtforum.org\/en\/wp-json\/wp\/v2\/language?post=56407"},{"taxonomy":"accessability","embeddable":true,"href":"https:\/\/www.humboldtforum.org\/en\/wp-json\/wp\/v2\/accessability?post=56407"},{"taxonomy":"age","embeddable":true,"href":"https:\/\/www.humboldtforum.org\/en\/wp-json\/wp\/v2\/age?post=56407"},{"taxonomy":"school","embeddable":true,"href":"https:\/\/www.humboldtforum.org\/en\/wp-json\/wp\/v2\/school?post=56407"},{"taxonomy":"groupsize","embeddable":true,"href":"https:\/\/www.humboldtforum.org\/en\/wp-json\/wp\/v2\/groupsize?post=56407"},{"taxonomy":"place","embeddable":true,"href":"https:\/\/www.humboldtforum.org\/en\/wp-json\/wp\/v2\/place?post=56407"}],"curies":[{"name":"wp","href":"https:\/\/api.w.org\/{rel}","templated":true}]}}

BAL POUSSIÈRE

<section class="block block-copy" >
    <div class="container-fluid">
		<div class="row ">
            <div class="col-xs-12 col-md-offset-2 col-md-8">
                <div class="box">
                    <div class="copy"><p>Henriette Duparc, film producer and president of the Fondation Henri Duparc will be present for the screening.</p>
<p>Demi-dieu (demigod) is a wealthy farmer and village chief with five wives. When he decides to marry a sixth wife, young Binta, in order to have a spouse for every day of the week (except Sunday, the day of rest), his five other wives become dissatisfied. Binta, a modern, self-confident woman, does not want to submit. Soon there are conflicts with her husband and the other wives, which provide comedy.</p>
<p>AFRIKAMERA presents a classic of the genre with the polygamy comedy Bal Poussière. With humor and slapstick, the film by Ivorian director, Henri Duparc, invites viewers to reflect on ingrained habits and social change, and to practice a reflection in self-criticism.</p>
<p>&nbsp;</p>
</div>
                </div>
            </div>
		</div>
		    </div>
</section>

<section class="block block-headline block-no-margin " >
	<div class="container-fluid">
		<div class="row">
							<div class="col-xs-12 col-md-offset-2 col-md-8">
					<div class="box">
						<h2 class=".h4">Director</h2>
					</div>
				</div>
					</div>
	</div>
</section>





<section class="block block-accordion">
	<div class="container-fluid">
		<div class="row">
			<div class="col-xs-12 col-md-offset-2 col-md-8">
				<div class="box">
											<block-accordion inline-template>
							<div class="accordion">
															<block-accordion-item inline-template item-headline="HENRI DUPARC">
								<div ref="item" data-id="HENRIDUPARC" class="block-accordion-item vue-initialize" aria-expanded="false" :aria-expanded="active ? 'true' : 'false'">
									<button class="accordion-button-with-icon block-accordion-item-head" :class="{'button-active': active}" ref="head" aria-controls="acc_69f33e07ee082" id="acc_title_69f33e07ee085" @click="toggle" @keydown="key">
									<div><span class="button-label">HENRI DUPARC</span></div><span class="button-icon icon-plus" aria-hidden="true"></span>
								</button>
									<div ref="body" class="block-accordion-item-content" id="acc_69f33e07ee082" role="region">
										<div class="wrapper copy">
											<p>HENRI DUPARC, born 1941 in Guinea, died 2006 in Paris, studied film at the &#8220;Ecole de Cinématographie de Belgrade&#8221; and at the &#8220;Institut des Hautes Etudes Cinématographiques (IDHEC) de Paris&#8221;. He then settled in Côte d&#8217;Ivoire and founded &#8220;Focale 13&#8221;, his film production and broadcasting company. An emblematic figure of African cinema, he devoted most of his work to comedies in which he addressed the social problems of modern Africa. His best-known films include <em>Abusuan </em>(1972<em>), Une Couleur Café (1997), Rue Princesse </em>(1993<em>) and Caramel </em>(2004).</p>

																																	
											<div class="row">
												<div class="col-xs-9 col-md-9">
													<div class="box">
																											</div>
												</div>
											</div>

																					</div>
									</div>
								</div>
								</block-accordion-item>
													</div>
						</block-accordion>
									</div>
			</div>
		</div>
	</div>
</section>


<section class="block block-CTA block-CTA-long leftgradient">
	<div class="container-fluid">
		<div class="row center-xs">
			<div class="col-xs-12">
				<div class="box">
					<a href="https://www.humboldtforum.org/en/programm/event-reihe/festival-en/afrikamera-2022-55518/" aria-label="AFRIKAMERA" class="teaser teaser-cta-wide ">
						<div class="teaser-image">
							
	<lazy-media-inline inline-template>
		<figure itemscope itemtype="http://schema.org/ImageObject" class="lazy-media-inline " role="group" id="media_69f33e07efaa1" aria-labelledby="desc_media_69f33e07efaa1">
			<script type="application/json" ref="data">
				{
				"sizes" : {"medium":{"file":"SHF_eb00157210_Afrikamera-300x176.jpg","width":300,"height":176,"mime-type":"image\/jpeg","filesize":7744},"large":{"file":"SHF_eb00157210_Afrikamera-1024x599.jpg","width":1024,"height":599,"mime-type":"image\/jpeg","filesize":48802},"thumbnail":{"file":"SHF_eb00157210_Afrikamera-150x150.jpg","width":150,"height":150,"mime-type":"image\/jpeg","filesize":5027},"medium_large":{"file":"SHF_eb00157210_Afrikamera-768x449.jpg","width":768,"height":449,"mime-type":"image\/jpeg","filesize":30808},"small":{"file":"SHF_eb00157210_Afrikamera-440x257.jpg","width":440,"height":257,"mime-type":"image\/jpeg","filesize":13420},"semi":{"file":"SHF_eb00157210_Afrikamera-580x339.jpg","width":580,"height":339,"mime-type":"image\/jpeg","filesize":20186},"mobile":{"file":"SHF_eb00157210_Afrikamera-720x421.jpg","width":720,"height":421,"mime-type":"image\/jpeg","filesize":27858},"original":{"file":"SHF_eb00157210_Afrikamera.jpg","width":1280,"height":749}},
				"alt" : "A red film frame overlay on a dark background, revealing a scene underneath.",
				"path" : "\/wp-content\/uploads\/2022\/10\/",
				"video" : null,
				"autoplay" : null,
				"youtube" : null,
				"youtubelabel" : "Play video",
				"brightness" : "80",
				"crop" : null,
				"background" : true,
				"scale" : 1				}
			</script>

			<div class="height-container" style="padding-bottom:58.515625%;" v-if="sizes">
								<lazy-media :inline="true" :alt="alt" :sizes="sizes" :scale="scale" :brightness="brightness" :path="path" :video="video" :autoplay="autoplay" :youtube="youtube" :crop="crop" :youtubelabel="youtubelabel" :background="background" media-id="desc_media_69f33e07efaa1"></lazy-media>
							</div>

							<figcaption class="sr-only" ref="body" id="desc_media_69f33e07efaa1">
											<div>Key Visual Afrikamera 
</div>
																			</figcaption>
					</figure>
	</lazy-media-inline>
						</div>
						<div class="teaser-content ">
							<div>
																<div class="teaser-header"><span class="h3">AFRIKAMERA</span></div>
								<div class="teaser-subline"><span class="font-decoration">African Cinema Film Festival</span></div>								<button tabindex="-1" class="border">To the festival overview</button>
							</div>
						</div>
					</a>
				</div>
			</div>
		</div>
	</div>
</section>


<section class="block block-teaser col-lane33 " style="">
						<teaser-lane-with-buttons inline-template tracking-label="Practical info">
				<div>
					<div class="container-fluid">
						<div class="row middle-xs">
							<div class="col-xs-10 col-sm-8">
								<h3 class="h4 topline">Practical info</h3>							</div>
							<div class="col-xs-2 col-sm-4 end-xs margin-bottom-sixth">
								<teaser-lane-buttons :visible_prev="visible_prev" :visible_next="visible_next" @prev="prev" @next="next"></teaser-lane-buttons>
							</div>
						</div>
					</div>
					<div class="teaser-lane-wrapper">
						<ul class="teaser-lane">
												</ul>
					</div>
				</div>
			</teaser-lane-with-buttons>
			</section>
